-- Table structure for table `joslx_scheduler_logs`
--

CREATE TABLE `joslx_scheduler_logs` (
  `id` int(10) unsigned NOT NULL AUTO_INCREMENT,
  `taskname` varchar(255) NOT NULL DEFAULT '',
  `tasktype` varchar(128) NOT NULL COMMENT 'unique identifier for job defined by plugin',
  `duration` decimal(5,3) NOT NULL,
  `jobid` int(10) unsigned NOT NULL,
  `taskid` int(10) unsigned NOT NULL,
  `exitcode` int(11) NOT NULL,
  `lastdate` datetime DEFAULT NULL COMMENT 'Timestamp of last run',
  `nextdate` datetime DEFAULT NULL COMMENT 'Timestamp of next (planned) run, referred for execution on trigger',
  PRIMARY KEY (`id`),
  KEY `idx_taskname` (`taskname`),
  KEY `idx_tasktype` (`tasktype`),
  KEY `idx_lastdate` (`lastdate`),
  KEY `idx_nextdate` (`nextdate`)
) ENGINE=InnoDB AUTO_INCREMENT=264 DEFAULT CHARSET=utf8mb4 COLLATE=utf8mb4_unicode_ci;

--
-- Dumping data for table `joslx_scheduler_logs`
--

INSERT INTO `joslx_scheduler_logs` (`id`, `taskname`, `tasktype`, `duration`, `jobid`, `taskid`, `exitcode`, `lastdate`, `nextdate`) VALUES (1,'Session GC','Attività - Eliminazione dati sessione',0.000,2,173,0,'2025-08-25 09:48:06','2025-08-26 09:48:06'),(2,'Update Notification','Notifica di aggiornamento di Joomla!',0.417,3,170,0,'2025-08-25 22:37:50','2025-08-26 22:37:51'),(3,'Rotate Logs','Ruota log',0.002,1,8,0,'2025-08-27 03:22:24','2025-09-26 07:00:00'),(4,'Session GC','Attività - Eliminazione dati sessione',0.000,2,174,0,'2025-08-27 09:14:30','2025-08-28 09:14:30'),(5,'Update Notification','Notifica di aggiornamento di Joomla!',0.458,3,171,0,'2025-08-27 17:57:01','2025-08-28 17:57:01'),(6,'Session GC','Attività - Eliminazione dati sessione',0.000,2,175,0,'2025-08-28 22:08:55','2025-08-29 22:08:55'),(7,'Update Notification','Notifica di aggiornamento di Joomla!',0.371,3,172,0,'2025-08-28 23:47:12','2025-08-29 23:47:12'),(8,'Session GC','Attività - Eliminazione dati sessione',0.000,2,176,0,'2025-08-30 05:26:26','2025-08-31 05:26:26'),(9,'Update Notification','Notifica di aggiornamento di Joomla!',0.349,3,173,0,'2025-08-30 05:31:27','2025-08-31 05:31:27'),(10,'Session GC','Attività - Eliminazione dati sessione',0.000,2,177,0,'2025-08-31 06:18:36','2025-09-01 06:18:36'),(11,'Update Notification','Notifica di aggiornamento di Joomla!',0.373,3,174,0,'2025-08-31 19:55:06','2025-09-01 19:55:07'),(12,'Session GC','Attività - Eliminazione dati sessione',0.000,2,178,0,'2025-09-01 11:41:28','2025-09-02 11:41:28'),(13,'Update Notification','Notifica di aggiornamento di Joomla!',0.405,3,175,0,'2025-09-02 01:20:33','2025-09-03 01:20:34'),(14,'Session GC','Attività - Eliminazione dati sessione',0.000,2,179,0,'2025-09-02 21:33:31','2025-09-03 21:33:31'),(15,'Update Notification','Notifica di aggiornamento di Joomla!',0.874,3,176,0,'2025-09-04 18:16:14','2025-09-05 18:16:15'),(16,'Session GC','Attività - Eliminazione dati sessione',0.000,2,180,0,'2025-09-04 18:16:16','2025-09-05 18:16:16'),(17,'Update Notification','Notifica di aggiornamento di Joomla!',0.848,3,177,0,'2025-09-06 20:33:26','2025-09-07 20:33:27'),(18,'Session GC','Attività - Eliminazione dati sessione',0.000,2,181,0,'2025-09-07 01:48:56','2025-09-08 01:48:56'),(19,'Update Notification','Notifica di aggiornamento di Joomla!',0.446,3,178,0,'2025-09-07 22:00:46','2025-09-08 22:00:46'),(20,'Session GC','Attività - Eliminazione dati sessione',0.000,2,182,0,'2025-09-08 03:01:01','2025-09-09 03:01:02'),(21,'Update Notification','Notifica di aggiornamento di Joomla!',0.351,3,179,0,'2025-09-09 01:23:45','2025-09-10 01:23:46'),(22,'Session GC','Attività - Eliminazione dati sessione',0.000,2,183,0,'2025-09-09 04:03:09','2025-09-10 04:03:09'),(23,'Update Notification','Notifica di aggiornamento di Joomla!',0.337,3,180,0,'2025-09-10 05:28:59','2025-09-11 05:28:59'),(24,'Session GC','Attività - Eliminazione dati sessione',0.000,2,184,0,'2025-09-10 18:39:26','2025-09-11 18:39:26'),(25,'Update Notification','Notifica di aggiornamento di Joomla!',0.422,3,181,0,'2025-09-11 10:38:53','2025-09-12 10:38:53'),(26,'Session GC','Attività - Eliminazione dati sessione',0.000,2,185,0,'2025-09-11 21:55:29','2025-09-12 21:55:29'),(27,'Update Notification','Notifica di aggiornamento di Joomla!',0.333,3,182,0,'2025-09-12 18:54:38','2025-09-13 18:54:38'),(28,'Session GC','Attività - Eliminazione dati sessione',0.000,2,186,0,'2025-09-13 09:09:34','2025-09-14 09:09:34'),(29,'Update Notification','Notifica di aggiornamento di Joomla!',0.348,3,183,0,'2025-09-13 20:42:35','2025-09-14 20:42:35'),(30,'Session GC','Attività - Eliminazione dati sessione',0.000,2,187,0,'2025-09-14 10:15:56','2025-09-15 10:15:56'),(31,'Update Notification','Notifica di aggiornamento di Joomla!',0.489,3,184,0,'2025-09-15 18:05:19','2025-09-16 18:05:19'),(32,'Session GC','Attività - Eliminazione dati sessione',0.000,2,188,0,'2025-09-16 12:19:55','2025-09-17 12:19:55'),(33,'Update Notification','Notifica di aggiornamento di Joomla!',0.330,3,185,0,'2025-09-16 23:38:52','2025-09-17 23:38:52'),(34,'Session GC','Attività - Eliminazione dati sessione',0.000,2,189,0,'2025-09-17 21:31:32','2025-09-18 21:31:32'),(35,'Update Notification','Notifica di aggiornamento di Joomla!',0.446,3,186,0,'2025-09-19 13:53:10','2025-09-20 13:53:11'),(36,'Session GC','Attività - Eliminazione dati sessione',0.000,2,190,0,'2025-09-19 13:58:11','2025-09-20 13:58:11'),(37,'Update Notification','Notifica di aggiornamento di Joomla!',0.363,3,187,0,'2025-09-20 22:34:05','2025-09-21 22:34:05'),(38,'Session GC','Attività - Eliminazione dati sessione',0.000,2,191,0,'2025-09-20 22:45:58','2025-09-21 22:45:58'),(39,'Update Notification','Notifica di aggiornamento di Joomla!',0.397,3,188,0,'2025-09-22 00:03:31','2025-09-23 00:03:31'),(40,'Session GC','Attività - Eliminazione dati sessione',0.000,2,192,0,'2025-09-22 16:54:33','2025-09-23 16:54:33'),(41,'Update Notification','Notifica di aggiornamento di Joomla!',0.416,3,189,0,'2025-09-23 00:26:09','2025-09-24 00:26:09'),(42,'Session GC','Attività - Eliminazione dati sessione',0.000,2,193,0,'2025-09-24 15:50:49','2025-09-25 15:50:49'),(43,'Update Notification','Notifica di aggiornamento di Joomla!',0.369,3,190,0,'2025-09-24 18:20:54','2025-09-25 18:20:54'),(44,'Session GC','Attività - Eliminazione dati sessione',0.000,2,194,0,'2025-09-25 16:05:21','2025-09-26 16:05:21'),(45,'Update Notification','Notifica di aggiornamento di Joomla!',0.383,3,191,0,'2025-09-26 00:04:01','2025-09-27 00:04:02'),(46,'Rotate Logs','Ruota log',0.002,1,9,0,'2025-09-27 08:49:14','2025-10-27 07:00:00'),(47,'Session GC','Attività - Eliminazione dati sessione',0.000,2,195,0,'2025-09-27 08:54:15','2025-09-28 08:54:15'),(48,'Update Notification','Notifica di aggiornamento di Joomla!',0.369,3,192,0,'2025-09-27 08:59:15','2025-09-28 08:59:15'),(49,'Session GC','Attività - Eliminazione dati sessione',0.000,2,196,0,'2025-09-28 08:59:13','2025-09-29 08:59:13'),(50,'Update Notification','Notifica di aggiornamento di Joomla!',0.360,3,193,0,'2025-09-28 09:04:13','2025-09-29 09:04:13'),(51,'Session GC','Attività - Eliminazione dati sessione',0.000,2,197,0,'2025-09-29 18:02:34','2025-09-30 18:02:34'),(52,'Update Notification','Notifica di aggiornamento di Joomla!',0.404,3,194,0,'2025-09-29 18:07:35','2025-09-30 18:07:35'),(53,'Session GC','Attività - Eliminazione dati sessione',0.000,2,198,0,'2025-10-01 09:18:44','2025-10-02 09:18:44'),(54,'Update Notification','Notifica di aggiornamento di Joomla!',2.293,3,195,0,'2025-10-01 09:19:17','2025-10-02 09:19:20'),(55,'Session GC','Attività - Eliminazione dati sessione',0.000,2,199,0,'2025-10-04 16:10:48','2025-10-05 16:10:49'),(56,'Update Notification','Notifica di aggiornamento di Joomla!',1.700,3,196,0,'2025-10-04 20:51:57','2025-10-05 20:51:59'),(57,'Session GC','Attività - Eliminazione dati sessione',0.001,2,200,0,'2025-10-06 02:14:55','2025-10-07 02:14:55'),(58,'Update Notification','Notifica di aggiornamento di Joomla!',1.431,3,197,0,'2025-10-06 11:17:10','2025-10-07 11:17:11'),(59,'Session GC','Attività - Eliminazione dati sessione',0.000,2,201,0,'2025-10-07 14:48:58','2025-10-08 14:48:58'),(60,'Update Notification','Notifica di aggiornamento di Joomla!',1.586,3,198,0,'2025-10-08 03:32:09','2025-10-09 03:32:11'),(61,'Session GC','Attività - Eliminazione dati sessione',0.000,2,202,0,'2025-10-08 18:42:37','2025-10-09 18:42:38'),(62,'Update Notification','Notifica di aggiornamento di Joomla!',1.403,3,199,0,'2025-10-09 05:08:31','2025-10-10 05:08:32'),(63,'Session GC','Attività - Eliminazione dati sessione',0.000,2,203,0,'2025-10-09 18:48:13','2025-10-10 18:48:13'),(64,'Update Notification','Notifica di aggiornamento di Joomla!',2.476,3,200,0,'2025-10-10 14:22:16','2025-10-11 14:22:18'),(65,'Session GC','Attività - Eliminazione dati sessione',0.000,2,204,0,'2025-10-11 10:06:15','2025-10-12 10:06:15'),(66,'Update Notification','Notifica di aggiornamento di Joomla!',1.191,3,201,0,'2025-10-11 19:53:33','2025-10-12 19:53:35'),(67,'Session GC','Attività - Eliminazione dati sessione',0.000,2,205,0,'2025-10-14 05:54:18','2025-10-15 05:54:18'),(68,'Update Notification','Notifica di aggiornamento di Joomla!',1.364,3,202,0,'2025-10-14 10:33:37','2025-10-15 10:33:38'),(69,'Session GC','Attività - Eliminazione dati sessione',0.000,2,206,0,'2025-10-15 13:04:35','2025-10-16 13:04:35'),(70,'Update Notification','Notifica di aggiornamento di Joomla!',1.334,3,203,0,'2025-10-15 13:05:45','2025-10-16 13:05:46'),(71,'Session GC','Attività - Eliminazione dati sessione',0.000,2,207,0,'2025-10-16 15:51:29','2025-10-17 15:51:29'),(72,'Update Notification','Notifica di aggiornamento di Joomla!',1.202,3,204,0,'2025-10-16 23:25:29','2025-10-17 23:25:30'),(73,'Session GC','Attività - Eliminazione dati sessione',0.000,2,208,0,'2025-10-17 16:09:13','2025-10-18 16:09:13'),(74,'Update Notification','Notifica di aggiornamento di Joomla!',1.290,3,205,0,'2025-10-18 03:48:49','2025-10-19 03:48:51'),(75,'Session GC','Attività - Eliminazione dati sessione',0.000,2,209,0,'2025-10-19 06:31:51','2025-10-20 06:31:51'),(76,'Update Notification','Notifica di aggiornamento di Joomla!',1.202,3,206,0,'2025-10-19 08:06:56','2025-10-20 08:06:57'),(77,'Session GC','Attività - Eliminazione dati sessione',0.000,2,210,0,'2025-10-20 12:13:26','2025-10-21 12:13:26'),(78,'Update Notification','Notifica di aggiornamento di Joomla!',1.305,3,207,0,'2025-10-20 15:19:15','2025-10-21 15:19:17'),(79,'Session GC','Attività - Eliminazione dati sessione',0.000,2,211,0,'2025-10-21 13:15:28','2025-10-22 13:15:28'),(80,'Update Notification','Notifica di aggiornamento di Joomla!',1.718,3,208,0,'2025-10-22 00:57:12','2025-10-23 00:57:14'),(81,'Session GC','Attività - Eliminazione dati sessione',0.000,2,212,0,'2025-10-22 13:15:57','2025-10-23 13:15:57'),(82,'Update Notification','Notifica di aggiornamento di Joomla!',1.177,3,209,0,'2025-10-23 04:29:43','2025-10-24 04:29:44'),(83,'Session GC','Attività - Eliminazione dati sessione',0.000,2,213,0,'2025-10-23 16:51:48','2025-10-24 16:51:48'),(84,'Update Notification','Notifica di aggiornamento di Joomla!',1.295,3,210,0,'2025-10-24 17:41:17','2025-10-25 17:41:18'),(85,'Session GC','Attività - Eliminazione dati sessione',0.000,2,214,0,'2025-10-24 20:03:43','2025-10-25 20:03:43'),(86,'Update Notification','Notifica di aggiornamento di Joomla!',1.395,3,211,0,'2025-10-25 18:36:24','2025-10-26 18:36:26'),(87,'Session GC','Attività - Eliminazione dati sessione',0.000,2,215,0,'2025-10-26 03:05:45','2025-10-27 03:05:45'),(88,'Update Notification','Notifica di aggiornamento di Joomla!',3.078,3,212,0,'2025-10-27 03:05:09','2025-10-28 03:05:12'),(89,'Session GC','Attività - Eliminazione dati sessione',0.000,2,216,0,'2025-10-27 03:39:32','2025-10-28 03:39:32'),(90,'Rotate Logs','Ruota log',0.002,1,10,0,'2025-10-27 07:30:55','2025-11-26 07:00:00'),(91,'Update Notification','Notifica di aggiornamento di Joomla!',2.160,3,213,0,'2025-10-28 03:13:41','2025-10-29 03:13:43'),(92,'Session GC','Attività - Eliminazione dati sessione',0.000,2,217,0,'2025-10-28 03:51:44','2025-10-29 03:51:44'),(93,'Update Notification','Notifica di aggiornamento di Joomla!',1.304,3,214,0,'2025-10-29 05:55:12','2025-10-30 05:55:14'),(94,'Session GC','Attività - Eliminazione dati sessione',0.000,2,218,0,'2025-10-29 17:02:34','2025-10-30 17:02:34'),(95,'Update Notification','Notifica di aggiornamento di Joomla!',1.252,3,215,0,'2025-10-30 08:34:40','2025-10-31 08:34:42'),(96,'Session GC','Attività - Eliminazione dati sessione',0.000,2,219,0,'2025-10-30 17:06:02','2025-10-31 17:06:02'),(97,'Update Notification','Notifica di aggiornamento di Joomla!',1.346,3,216,0,'2025-10-31 17:24:28','2025-11-01 17:24:29'),(98,'Session GC','Attività - Eliminazione dati sessione',0.000,2,220,0,'2025-11-01 20:33:44','2025-11-02 20:33:44'),(99,'Update Notification','Notifica di aggiornamento di Joomla!',1.215,3,217,0,'2025-11-01 20:33:52','2025-11-02 20:33:53'),(100,'Session GC','Attività - Eliminazione dati sessione',0.000,2,221,0,'2025-11-02 21:04:25','2025-11-03 21:04:25'),(101,'Update Notification','Notifica di aggiornamento di Joomla!',1.746,3,218,0,'2025-11-03 03:59:05','2025-11-04 03:59:07'),(102,'Session GC','Attività - Eliminazione dati sessione',0.000,2,222,0,'2025-11-04 06:32:53','2025-11-05 06:32:53'),(103,'Update Notification','Notifica di aggiornamento di Joomla!',1.554,3,219,0,'2025-11-04 18:23:45','2025-11-05 18:23:47'),(104,'Session GC','Attività - Eliminazione dati sessione',0.000,2,223,0,'2025-11-05 10:23:35','2025-11-06 10:23:35'),(105,'Update Notification','Notifica di aggiornamento di Joomla!',1.190,3,220,0,'2025-11-05 22:18:41','2025-11-06 22:18:42'),(106,'Session GC','Attività - Eliminazione dati sessione',0.000,2,224,0,'2025-11-06 16:58:36','2025-11-07 16:58:36'),(107,'Update Notification','Notifica di aggiornamento di Joomla!',2.373,3,221,0,'2025-11-07 00:26:17','2025-11-08 00:26:19'),(108,'Session GC','Attività - Eliminazione dati sessione',0.000,2,225,0,'2025-11-07 17:39:18','2025-11-08 17:39:18'),(109,'Update Notification','Notifica di aggiornamento di Joomla!',1.363,3,222,0,'2025-11-08 11:29:10','2025-11-09 11:29:11'),(110,'Session GC','Attività - Eliminazione dati sessione',0.000,2,226,0,'2025-11-08 20:23:11','2025-11-09 20:23:11'),(111,'Update Notification','Notifica di aggiornamento di Joomla!',1.266,3,223,0,'2025-11-09 16:53:30','2025-11-10 16:53:31'),(112,'Session GC','Attività - Eliminazione dati sessione',0.000,2,227,0,'2025-11-10 17:52:31','2025-11-11 17:52:31'),(113,'Update Notification','Notifica di aggiornamento di Joomla!',2.175,3,224,0,'2025-11-11 01:08:52','2025-11-12 01:08:54'),(114,'Session GC','Attività - Eliminazione dati sessione',0.000,2,228,0,'2025-11-11 18:41:26','2025-11-12 18:41:26'),(115,'Update Notification','Notifica di aggiornamento di Joomla!',1.326,3,225,0,'2025-11-12 09:03:12','2025-11-13 09:03:13'),(116,'Session GC','Attività - Eliminazione dati sessione',0.000,2,229,0,'2025-11-13 06:26:23','2025-11-14 06:26:23'),(117,'Update Notification','Notifica di aggiornamento di Joomla!',1.257,3,226,0,'2025-11-13 14:03:42','2025-11-14 14:03:44'),(118,'Session GC','Attività - Eliminazione dati sessione',0.000,2,230,0,'2025-11-14 07:30:28','2025-11-15 07:30:28'),(119,'Update Notification','Notifica di aggiornamento di Joomla!',1.266,3,227,0,'2025-11-14 16:48:39','2025-11-15 16:48:41'),(120,'Session GC','Attività - Eliminazione dati sessione',0.000,2,231,0,'2025-11-15 17:06:02','2025-11-16 17:06:02'),(121,'Update Notification','Notifica di aggiornamento di Joomla!',1.295,3,228,0,'2025-11-15 17:24:21','2025-11-16 17:24:22'),(122,'Session GC','Attività - Eliminazione dati sessione',0.000,2,232,0,'2025-11-16 17:42:17','2025-11-17 17:42:17'),(123,'Update Notification','Notifica di aggiornamento di Joomla!',0.001,3,229,0,'2025-11-16 17:47:10','2025-11-17 17:47:10'),(124,'Session GC','Attività - Eliminazione dati sessione',0.000,2,233,0,'2025-11-17 20:35:17','2025-11-18 20:35:17'),(125,'Update Notification','Notifica di aggiornamento di Joomla!',0.000,3,230,0,'2025-11-18 08:52:33','2025-11-19 08:52:33'),(126,'Session GC','Attività - Eliminazione dati sessione',0.000,2,234,0,'2025-11-19 10:18:19','2025-11-20 10:18:19'),(127,'Update Notification','Notifica di aggiornamento di Joomla!',0.008,3,231,0,'2025-11-19 14:14:14','2025-11-20 14:14:14'),(128,'Session GC','Attività - Eliminazione dati sessione',0.000,2,235,0,'2025-11-20 18:11:01','2025-11-21 18:11:01'),(129,'Update Notification','Notifica di aggiornamento di Joomla!',0.001,3,232,0,'2025-11-20 18:18:00','2025-11-21 18:18:00'),(130,'Session GC','Attività - Eliminazione dati sessione',0.000,2,236,0,'2025-11-21 18:33:53','2025-11-22 18:33:53'),(131,'Update Notification','Notifica di aggiornamento di Joomla!',0.001,3,233,0,'2025-11-21 19:31:55','2025-11-22 19:31:55'),(132,'Session GC','Attività - Eliminazione dati sessione',0.000,2,237,0,'2025-11-22 18:58:53','2025-11-23 18:58:53'),(133,'Update Notification','Notifica di aggiornamento di Joomla!',0.001,3,234,0,'2025-11-22 20:32:37','2025-11-23 20:32:37'),(134,'Session GC','Attività - Eliminazione dati sessione',0.000,2,238,0,'2025-11-24 02:59:04','2025-11-25 02:59:04'),(135,'Update Notification','Notifica di aggiornamento di Joomla!',0.001,3,235,0,'2025-11-24 04:19:02','2025-11-25 04:19:02'),(136,'Session GC','Attività - Eliminazione dati sessione',0.000,2,239,0,'2025-11-25 16:30:29','2025-11-26 16:30:29'),(137,'Update Notification','Notifica di aggiornamento di Joomla!',0.001,3,236,0,'2025-11-25 16:35:30','2025-11-26 16:35:30'),(138,'Rotate Logs','Ruota log',0.002,1,11,0,'2025-11-26 11:08:27','2025-12-26 07:00:00'),(139,'Session GC','Attività - Eliminazione dati sessione',0.003,2,240,0,'2025-11-26 17:32:49','2025-11-27 17:32:49'),(140,'Update Notification','Notifica di aggiornamento di Joomla!',0.001,3,237,0,'2025-11-26 19:21:55','2025-11-27 19:21:55'),(141,'Session GC','Attività - Eliminazione dati sessione',0.005,2,241,0,'2025-11-27 19:25:41','2025-11-28 19:25:41'),(142,'Update Notification','Notifica di aggiornamento di Joomla!',0.000,3,238,0,'2025-11-27 19:48:29','2025-11-28 19:48:29'),(143,'Session GC','Attività - Eliminazione dati sessione',0.001,2,242,0,'2025-11-28 19:33:51','2025-11-29 19:33:51'),(144,'Update Notification','Notifica di aggiornamento di Joomla!',0.000,3,239,0,'2025-11-28 21:12:45','2025-11-29 21:12:45'),(145,'Session GC','Attività - Eliminazione dati sessione',0.002,2,243,0,'2025-11-30 00:26:49','2025-12-01 00:26:49'),(146,'Update Notification','Notifica di aggiornamento di Joomla!',0.001,3,240,0,'2025-11-30 05:03:32','2025-12-01 05:03:32'),(147,'Session GC','Attività - Eliminazione dati sessione',0.003,2,244,0,'2025-12-01 13:06:58','2025-12-02 13:06:58'),(148,'Update Notification','Notifica di aggiornamento di Joomla!',0.001,3,241,0,'2025-12-01 13:07:16','2025-12-02 13:07:16'),(149,'Session GC','Attività - Eliminazione dati sessione',0.004,2,245,0,'2025-12-02 14:22:30','2025-12-03 14:22:30'),(150,'Update Notification','Notifica di aggiornamento di Joomla!',0.001,3,242,0,'2025-12-02 18:28:21','2025-12-03 18:28:21'),(151,'Session GC','Attività - Eliminazione dati sessione',0.002,2,246,0,'2025-12-03 16:37:08','2025-12-04 16:37:08'),(152,'Update Notification','Notifica di aggiornamento di Joomla!',0.001,3,243,0,'2025-12-03 18:28:55','2025-12-04 18:28:55'),(153,'Session GC','Attività - Eliminazione dati sessione',0.002,2,247,0,'2025-12-04 17:30:35','2025-12-05 17:30:36'),(154,'Update Notification','Notifica di aggiornamento di Joomla!',0.001,3,244,0,'2025-12-04 19:03:01','2025-12-05 19:03:01'),(155,'Session GC','Attività - Eliminazione dati sessione',0.002,2,248,0,'2025-12-05 18:11:13','2025-12-06 18:11:13'),(156,'Update Notification','Notifica di aggiornamento di Joomla!',0.001,3,245,0,'2025-12-05 20:14:13','2025-12-06 20:14:13'),(157,'Session GC','Attività - Eliminazione dati sessione',0.001,2,249,0,'2025-12-06 18:42:04','2025-12-07 18:42:04'),(158,'Update Notification','Notifica di aggiornamento di Joomla!',0.000,3,246,0,'2025-12-06 20:32:12','2025-12-07 20:32:12'),(159,'Session GC','Attività - Eliminazione dati sessione',0.002,2,250,0,'2025-12-07 18:47:12','2025-12-08 18:47:12'),(160,'Update Notification','Notifica di aggiornamento di Joomla!',0.001,3,247,0,'2025-12-08 11:22:07','2025-12-09 11:22:07'),(161,'Session GC','Attività - Eliminazione dati sessione',0.001,2,251,0,'2025-12-08 20:00:58','2025-12-09 20:00:58'),(162,'Update Notification','Notifica di aggiornamento di Joomla!',0.001,3,248,0,'2025-12-09 13:02:40','2025-12-10 13:02:40'),(163,'Session GC','Attività - Eliminazione dati sessione',0.001,2,252,0,'2025-12-09 20:34:48','2025-12-10 20:34:48'),(164,'Update Notification','Notifica di aggiornamento di Joomla!',0.001,3,249,0,'2025-12-10 19:01:44','2025-12-11 19:01:44'),(165,'Session GC','Attività - Eliminazione dati sessione',0.003,2,253,0,'2025-12-10 21:02:00','2025-12-11 21:02:00'),(166,'Update Notification','Notifica di aggiornamento di Joomla!',0.001,3,250,0,'2025-12-12 17:13:34','2025-12-13 17:13:34'),(167,'Session GC','Attività - Eliminazione dati sessione',0.017,2,254,0,'2025-12-12 17:13:34','2025-12-13 17:13:34'),(168,'Session GC','Attività - Eliminazione dati sessione',0.002,2,255,0,'2025-12-13 20:23:09','2025-12-14 20:23:09'),(169,'Update Notification','Notifica di aggiornamento di Joomla!',0.001,3,251,0,'2025-12-14 10:41:58','2025-12-15 10:41:59'),(170,'Session GC','Attività - Eliminazione dati sessione',0.001,2,256,0,'2025-12-14 21:30:33','2025-12-15 21:30:33'),(171,'Update Notification','Notifica di aggiornamento di Joomla!',0.001,3,252,0,'2025-12-15 16:04:00','2025-12-16 16:04:00'),(172,'Session GC','Attività - Eliminazione dati sessione',0.005,2,257,0,'2025-12-16 07:14:50','2025-12-17 07:14:50'),(173,'Update Notification','Notifica di aggiornamento di Joomla!',0.001,3,253,0,'2025-12-17 04:45:58','2025-12-18 04:45:58'),(174,'Session GC','Attività - Eliminazione dati sessione',0.004,2,258,0,'2025-12-17 22:51:48','2025-12-18 22:51:48'),(175,'Update Notification','Notifica di aggiornamento di Joomla!',0.001,3,254,0,'2025-12-18 11:10:31','2025-12-19 11:10:31'),(176,'Session GC','Attività - Eliminazione dati sessione',0.001,2,259,0,'2025-12-18 22:56:31','2025-12-19 22:56:31'),(177,'Update Notification','Notifica di aggiornamento di Joomla!',0.001,3,255,0,'2025-12-19 11:59:45','2025-12-20 11:59:46'),(178,'Session GC','Attività - Eliminazione dati sessione',0.006,2,260,0,'2025-12-20 18:51:39','2025-12-21 18:51:40'),(179,'Update Notification','Notifica di aggiornamento di Joomla!',0.001,3,256,0,'2025-12-20 18:51:41','2025-12-21 18:51:41'),(180,'Session GC','Attività - Eliminazione dati sessione',0.003,2,261,0,'2025-12-21 19:08:47','2025-12-22 19:08:47'),(181,'Update Notification','Notifica di aggiornamento di Joomla!',0.000,3,257,0,'2025-12-21 19:08:49','2025-12-22 19:08:49'),(182,'Session GC','Attività - Eliminazione dati sessione',0.033,2,262,0,'2025-12-24 22:01:21','2025-12-25 22:01:22'),(183,'Update Notification','Notifica di aggiornamento di Joomla!',0.000,3,258,0,'2025-12-25 02:13:35','2025-12-26 02:13:35'),(184,'Session GC','Attività - Eliminazione dati sessione',0.004,2,263,0,'2025-12-26 18:27:43','2025-12-27 18:27:43'),(185,'Update Notification','Notifica di aggiornamento di Joomla!',0.001,3,259,0,'2025-12-26 18:45:16','2025-12-27 18:45:16'),(186,'Rotate Logs','Ruota log',0.002,1,12,0,'2025-12-27 00:47:10','2026-01-26 07:00:00'),(187,'Session GC','Attività - Eliminazione dati sessione',0.029,2,264,0,'2025-12-27 19:35:16','2025-12-28 19:35:16'),(188,'Update Notification','Notifica di aggiornamento di Joomla!',0.001,3,260,0,'2025-12-27 19:40:16','2025-12-28 19:40:16'),(189,'Session GC','Attività - Eliminazione dati sessione',0.003,2,265,0,'2025-12-28 20:53:24','2025-12-29 20:53:24'),(190,'Update Notification','Notifica di aggiornamento di Joomla!',0.001,3,261,0,'2025-12-28 22:07:40','2025-12-29 22:07:40'),(191,'Session GC','Attività - Eliminazione dati sessione',0.002,2,266,0,'2025-12-30 09:09:45','2025-12-31 09:09:45'),(192,'Update Notification','Notifica di aggiornamento di Joomla!',0.001,3,262,0,'2025-12-30 09:09:48','2025-12-31 09:09:48'),(193,'Session GC','Attività - Eliminazione dati sessione',0.010,2,267,0,'2025-12-31 09:23:15','2026-01-01 09:23:15'),(194,'Update Notification','Notifica di aggiornamento di Joomla!',0.002,3,263,0,'2025-12-31 09:28:16','2026-01-01 09:28:16'),(195,'Session GC','Attività - Eliminazione dati sessione',0.003,2,268,0,'2026-01-02 06:34:43','2026-01-03 06:34:43'),(196,'Update Notification','Notifica di aggiornamento di Joomla!',0.001,3,264,0,'2026-01-02 12:10:32','2026-01-03 12:10:32'),(197,'Session GC','Attività - Eliminazione dati sessione',0.002,2,269,0,'2026-01-03 08:05:27','2026-01-04 08:05:27'),(198,'Update Notification','Notifica di aggiornamento di Joomla!',0.001,3,265,0,'2026-01-03 21:07:53','2026-01-04 21:07:54'),(199,'Session GC','Attività - Eliminazione dati sessione',0.005,2,270,0,'2026-01-04 10:49:17','2026-01-05 10:49:17'),(200,'Update Notification','Notifica di aggiornamento di Joomla!',0.002,3,266,0,'2026-01-04 21:11:17','2026-01-05 21:11:17'),(201,'Session GC','Attività - Eliminazione dati sessione',0.007,2,271,0,'2026-01-05 12:04:21','2026-01-06 12:04:21'),(202,'Update Notification','Notifica di aggiornamento di Joomla!',0.001,3,267,0,'2026-01-06 01:54:34','2026-01-07 01:54:34'),(203,'Session GC','Attività - Eliminazione dati sessione',0.005,2,272,0,'2026-01-06 12:22:38','2026-01-07 12:22:38'),(204,'Update Notification','Notifica di aggiornamento di Joomla!',0.001,3,268,0,'2026-01-07 02:25:28','2026-01-08 02:25:28'),(205,'Session GC','Attività - Eliminazione dati sessione',0.018,2,273,0,'2026-01-07 16:38:36','2026-01-08 16:38:36'),(206,'Update Notification','Notifica di aggiornamento di Joomla!',0.001,3,269,0,'2026-03-31 19:27:09','2026-04-01 19:27:09'),(207,'Session GC','Attività - Eliminazione dati sessione',0.462,2,274,0,'2026-03-31 19:36:22','2026-04-01 19:36:22'),(208,'Rotate Logs','Ruota log',0.002,1,13,0,'2026-03-31 21:27:40','2026-04-30 07:00:00'),(209,'Update Notification','Notifica di aggiornamento di Joomla!',0.001,3,270,0,'2026-04-02 05:25:39','2026-04-03 05:25:39'),(210,'Session GC','Attività - Eliminazione dati sessione',0.004,2,275,0,'2026-04-02 05:25:40','2026-04-03 05:25:40'),(211,'Update Notification','Notifica di aggiornamento di Joomla!',0.001,3,271,0,'2026-04-03 08:36:39','2026-04-04 08:36:39'),(212,'Session GC','Attività - Eliminazione dati sessione',0.002,2,276,0,'2026-04-03 08:41:40','2026-04-04 08:41:40'),(213,'Update Notification','Notifica di aggiornamento di Joomla!',0.003,3,272,0,'2026-04-04 13:36:35','2026-04-05 13:36:35'),(214,'Session GC','Attività - Eliminazione dati sessione',0.004,2,277,0,'2026-04-06 12:43:16','2026-04-07 12:43:16'),(215,'Update Notification','Notifica di aggiornamento di Joomla!',0.002,3,273,0,'2026-04-06 14:54:24','2026-04-07 14:54:24'),(216,'Session GC','Attività - Eliminazione dati sessione',0.001,2,278,0,'2026-04-07 14:14:54','2026-04-08 14:14:54'),(217,'Update Notification','Notifica di aggiornamento di Joomla!',0.001,3,274,0,'2026-04-07 16:35:57','2026-04-08 16:35:57'),(218,'Session GC','Attività - Eliminazione dati sessione',0.013,2,279,0,'2026-04-08 18:19:58','2026-04-09 18:19:58'),(219,'Update Notification','Notifica di aggiornamento di Joomla!',0.001,3,275,0,'2026-04-08 18:26:00','2026-04-09 18:26:00'),(220,'Session GC','Attività - Eliminazione dati sessione',0.002,2,280,0,'2026-04-09 18:59:13','2026-04-10 18:59:13'),(221,'Update Notification','Notifica di aggiornamento di Joomla!',0.001,3,276,0,'2026-04-09 19:09:02','2026-04-10 19:09:02'),(222,'Session GC','Attività - Eliminazione dati sessione',0.003,2,281,0,'2026-04-11 04:22:41','2026-04-12 04:22:41'),(223,'Update Notification','Notifica di aggiornamento di Joomla!',0.001,3,277,0,'2026-04-11 11:11:54','2026-04-12 11:11:54'),(224,'Session GC','Attività - Eliminazione dati sessione',0.002,2,282,0,'2026-04-12 07:21:33','2026-04-13 07:21:33'),(225,'Update Notification','Notifica di aggiornamento di Joomla!',0.001,3,278,0,'2026-04-12 12:09:09','2026-04-13 12:09:09'),(226,'Session GC','Attività - Eliminazione dati sessione',0.003,2,283,0,'2026-04-13 12:52:44','2026-04-14 12:52:45'),(227,'Update Notification','Notifica di aggiornamento di Joomla!',0.001,3,279,0,'2026-04-14 01:33:44','2026-04-15 01:33:44'),(228,'Session GC','Attività - Eliminazione dati sessione',0.001,2,284,0,'2026-04-14 22:15:10','2026-04-15 22:15:10'),(229,'Update Notification','Notifica di aggiornamento di Joomla!',0.001,3,280,0,'2026-04-15 04:54:33','2026-04-16 04:54:33'),(230,'Session GC','Attività - Eliminazione dati sessione',0.005,2,285,0,'2026-04-16 17:25:35','2026-04-17 17:25:35'),(231,'Update Notification','Notifica di aggiornamento di Joomla!',0.001,3,281,0,'2026-04-16 17:25:39','2026-04-17 17:25:39'),(232,'Session GC','Attività - Eliminazione dati sessione',0.007,2,286,0,'2026-04-17 18:39:58','2026-04-18 18:39:58'),(233,'Update Notification','Notifica di aggiornamento di Joomla!',0.001,3,282,0,'2026-04-17 19:51:47','2026-04-18 19:51:47'),(234,'Session GC','Attività - Eliminazione dati sessione',0.005,2,287,0,'2026-04-18 22:43:14','2026-04-19 22:43:14'),(235,'Update Notification','Notifica di aggiornamento di Joomla!',0.002,3,283,0,'2026-04-19 03:04:12','2026-04-20 03:04:12'),(236,'Session GC','Attività - Eliminazione dati sessione',0.005,2,288,0,'2026-04-20 05:18:12','2026-04-21 05:18:12'),(237,'Update Notification','Notifica di aggiornamento di Joomla!',0.000,3,284,0,'2026-04-20 05:18:17','2026-04-21 05:18:17'),(238,'Session GC','Attività - Eliminazione dati sessione',0.003,2,289,0,'2026-04-21 14:32:37','2026-04-22 14:32:37'),(239,'Update Notification','Notifica di aggiornamento di Joomla!',0.001,3,285,0,'2026-04-22 17:01:20','2026-04-23 17:01:20'),(240,'Session GC','Attività - Eliminazione dati sessione',0.019,2,290,0,'2026-04-22 17:06:21','2026-04-23 17:06:21'),(241,'Update Notification','Notifica di aggiornamento di Joomla!',0.001,3,286,0,'2026-04-23 18:00:03','2026-04-24 18:00:03'),(242,'Session GC','Attività - Eliminazione dati sessione',0.010,2,291,0,'2026-04-23 23:48:19','2026-04-24 23:48:19'),(243,'Update Notification','Notifica di aggiornamento di Joomla!',0.001,3,287,0,'2026-04-25 00:09:39','2026-04-26 00:09:39'),(244,'Session GC','Attività - Eliminazione dati sessione',0.013,2,292,0,'2026-04-25 03:35:47','2026-04-26 03:35:47'),(245,'Update Notification','Notifica di aggiornamento di Joomla!',0.002,3,288,0,'2026-04-26 02:57:16','2026-04-27 02:57:16'),(246,'Session GC','Attività - Eliminazione dati sessione',0.005,2,293,0,'2026-04-26 14:40:12','2026-04-27 14:40:12'),(247,'Update Notification','Notifica di aggiornamento di Joomla!',0.001,3,289,0,'2026-04-28 17:44:04','2026-04-29 17:44:04'),(248,'Session GC','Attività - Eliminazione dati sessione',0.008,2,294,0,'2026-04-28 17:44:09','2026-04-29 17:44:09'),(249,'Update Notification','Notifica di aggiornamento di Joomla!',0.001,3,290,0,'2026-05-01 04:18:05','2026-05-02 04:18:05'),(250,'Session GC','Attività - Eliminazione dati sessione',0.013,2,295,0,'2026-05-02 06:03:15','2026-05-03 06:03:15'),(251,'Rotate Logs','Ruota log',0.007,1,14,0,'2026-05-02 06:39:17','2026-06-01 07:00:00'),(252,'Update Notification','Notifica di aggiornamento di Joomla!',0.001,3,291,0,'2026-05-02 16:15:06','2026-05-03 16:15:06'),(253,'Session GC','Attività - Eliminazione dati sessione',0.029,2,296,0,'2026-05-03 14:05:43','2026-05-04 14:05:43'),(254,'Update Notification','Notifica di aggiornamento di Joomla!',0.000,3,292,0,'2026-05-03 18:43:48','2026-05-04 18:43:48'),(255,'Session GC','Attività - Eliminazione dati sessione',0.007,2,297,0,'2026-05-04 19:03:41','2026-05-05 19:03:41'),(256,'Update Notification','Notifica di aggiornamento di Joomla!',0.000,3,293,0,'2026-05-04 19:08:42','2026-05-05 19:08:42'),(257,'Session GC','Attività - Eliminazione dati sessione',0.002,2,298,0,'2026-05-05 19:03:42','2026-05-06 19:03:42'),(258,'Update Notification','Notifica di aggiornamento di Joomla!',0.000,3,294,0,'2026-05-05 19:08:42','2026-05-06 19:08:42'),(259,'Session GC','Attività - Eliminazione dati sessione',0.005,2,299,0,'2026-05-07 01:06:50','2026-05-08 01:06:50'),(260,'Update Notification','Notifica di aggiornamento di Joomla!',0.002,3,295,0,'2026-05-07 03:35:42','2026-05-08 03:35:42'),(261,'Session GC','Attività - Eliminazione dati sessione',0.001,2,300,0,'2026-05-08 06:58:56','2026-05-09 06:58:56'),(262,'Update Notification','Notifica di aggiornamento di Joomla!',0.001,3,296,0,'2026-05-08 14:31:12','2026-05-09 14:31:12'),(263,'Session GC','Attività - Eliminazione dati sessione',0.001,2,301,0,'2026-05-09 07:31:39','2026-05-10 07:31:39');

--
-- Table structure for table `joslx_scheduler_tasks`
--

CREATE TABLE `joslx_scheduler_tasks` (
  `id` int(10) unsigned NOT NULL AUTO_INCREMENT,
  `asset_id` int(10) unsigned NOT NULL DEFAULT 0 COMMENT 'FK to the #__assets table.',
  `title` varchar(255) NOT NULL DEFAULT '',
  `type` varchar(128) NOT NULL COMMENT 'unique identifier for job defined by plugin',
  `execution_rules` text DEFAULT NULL COMMENT 'Execution Rules, Unprocessed',
  `cron_rules` text DEFAULT NULL COMMENT 'Processed execution rules, crontab-like JSON form',
  `state` tinyint(4) NOT NULL DEFAULT 0,
  `last_exit_code` int(11) NOT NULL DEFAULT 0 COMMENT 'Exit code when job was last run',
  `last_execution` datetime DEFAULT NULL COMMENT 'Timestamp of last run',
  `next_execution` datetime DEFAULT NULL COMMENT 'Timestamp of next (planned) run, referred for execution on trigger',
  `times_executed` int(11) DEFAULT 0 COMMENT 'Count of successful triggers',
  `times_failed` int(11) DEFAULT 0 COMMENT 'Count of failures',
  `locked` datetime DEFAULT NULL,
  `priority` smallint(6) NOT NULL DEFAULT 0,
  `ordering` int(11) NOT NULL DEFAULT 0 COMMENT 'Configurable list ordering',
  `cli_exclusive` smallint(6) NOT NULL DEFAULT 0 COMMENT 'If 1, the task is only accessible via CLI',
  `params` text NOT NULL,
  `note` text DEFAULT NULL,
  `created` datetime NOT NULL,
  `created_by` int(10) unsigned NOT NULL DEFAULT 0,
  `checked_out` int(10) unsigned DEFAULT NULL,
  `checked_out_time` datetime DEFAULT NULL,
  PRIMARY KEY (`id`),
  KEY `idx_type` (`type`),
  KEY `idx_state` (`state`),
  KEY `idx_last_exit` (`last_exit_code`),
  KEY `idx_next_exec` (`next_execution`),
  KEY `idx_locked` (`locked`),
  KEY `idx_priority` (`priority`),
  KEY `idx_cli_exclusive` (`cli_exclusive`),
  KEY `idx_checked_out` (`checked_out`)
) ENGINE=InnoDB AUTO_INCREMENT=4 DEFAULT CHARSET=utf8mb4 COLLATE=utf8mb4_unicode_ci;

--
-- Dumping data for table `joslx_scheduler_tasks`
--

INSERT INTO `joslx_scheduler_tasks` (`id`, `asset_id`, `title`, `type`, `execution_rules`, `cron_rules`, `state`, `last_exit_code`, `last_execution`, `next_execution`, `times_executed`, `times_failed`, `locked`, `priority`, `ordering`, `cli_exclusive`, `params`, `note`, `created`, `created_by`, `checked_out`, `checked_out_time`) VALUES (1,97,'Rotate Logs','rotation.logs','{\"rule-type\":\"interval-days\",\"interval-days\":\"30\",\"exec-day\":\"29\",\"exec-time\":\"07:00\"}','{\"type\":\"interval\",\"exp\":\"P30D\"}',1,0,'2026-05-02 06:39:17','2026-06-01 07:00:00',14,0,NULL,0,0,0,'{\"individual_log\":false,\"log_file\":\"\",\"notifications\":{\"success_mail\":\"0\",\"failure_mail\":\"1\",\"fatal_failure_mail\":\"1\",\"orphan_mail\":\"1\"},\"logstokeep\":1}',NULL,'2024-12-29 07:20:43',523,NULL,NULL),(2,98,'Session GC','session.gc','{\"rule-type\":\"interval-hours\",\"interval-hours\":\"24\",\"exec-day\":\"01\",\"exec-time\":\"07:00\"}','{\"type\":\"interval\",\"exp\":\"PT24H\"}',1,0,'2026-05-09 07:31:39','2026-05-10 07:31:39',301,0,NULL,0,0,0,'{\"individual_log\":false,\"log_file\":\"\",\"notifications\":{\"success_mail\":\"0\",\"failure_mail\":\"1\",\"fatal_failure_mail\":\"1\",\"orphan_mail\":\"1\"},\"enable_session_gc\":1,\"enable_session_metadata_gc\":1}',NULL,'2024-12-29 07:20:43',523,NULL,NULL),(3,99,'Update Notification','update.notification','{\"rule-type\":\"interval-hours\",\"interval-hours\":\"24\",\"exec-day\":\"01\",\"exec-time\":\"07:00\"}','{\"type\":\"interval\",\"exp\":\"PT24H\"}',1,0,'2026-05-08 14:31:12','2026-05-09 14:31:12',296,0,NULL,0,0,0,'{\"individual_log\":false,\"log_file\":\"\",\"notifications\":{\"success_mail\":\"0\",\"failure_mail\":\"1\",\"fatal_failure_mail\":\"1\",\"orphan_mail\":\"1\"},\"email\":\"\",\"language_override\":\"\"}',NULL,'2024-12-29 07:20:43',523,NULL,NULL);

--
-- Table structure for table `joslx_schemaorg`
--

CREATE TABLE `joslx_schemaorg` (
  `id` int(10) unsigned NOT NULL AUTO_INCREMENT,
  `itemId` int(10) unsigned DEFAULT NULL,
  `context` varchar(100) DEFAULT NULL,
  `schemaType` varchar(100) DEFAULT NULL,
  `schema` text DEFAULT NULL,
  PRIMARY KEY (`id`)
) ENGINE=InnoDB DEFAULT CHARSET=utf8mb4 COLLATE=utf8mb4_unicode_ci;

--
-- Dumping data for table `joslx_schemaorg`
--


--
-- Table structure for table `joslx_schemas`
--

CREATE TABLE `joslx_schemas` (
  `extension_id` int(11) NOT NULL,
  `version_id` varchar(20) NOT NULL,
  PRIMARY KEY (`extension_id`,`version_id`)
) ENGINE=InnoDB DEFAULT CHARSET=utf8mb4 COLLATE=utf8mb4_unicode_ci;

--
-- Dumping data for table `joslx_schemas`
--

INSERT INTO `joslx_schemas` (`extension_id`, `version_id`) VALUES (240,'5.4.0-2025-08-02');

--
-- Table structure for table `joslx_tags`
--

CREATE TABLE `joslx_tags` (
  `id` int(10) unsigned NOT NULL AUTO_INCREMENT,
  `parent_id` int(10) unsigned NOT NULL DEFAULT 0,
  `lft` int(11) NOT NULL DEFAULT 0,
  `rgt` int(11) NOT NULL DEFAULT 0,
  `level` int(10) unsigned NOT NULL DEFAULT 0,
  `path` varchar(400) NOT NULL DEFAULT '',
  `title` varchar(255) NOT NULL,
  `alias` varchar(400) CHARACTER SET utf8mb4 COLLATE utf8mb4_bin NOT NULL DEFAULT '',
  `note` varchar(255) NOT NULL DEFAULT '',
  `description` mediumtext NOT NULL,
  `published` tinyint(4) NOT NULL DEFAULT 0,
  `checked_out` int(10) unsigned DEFAULT NULL,
  `checked_out_time` datetime DEFAULT NULL,
  `access` int(10) unsigned NOT NULL DEFAULT 0,
  `params` text NOT NULL,
  `metadesc` varchar(1024) NOT NULL COMMENT 'The meta description for the page.',
  `metakey` varchar(1024) NOT NULL DEFAULT '' COMMENT 'The keywords for the page.',
  `metadata` varchar(2048) NOT NULL COMMENT 'JSON encoded metadata properties.',
  `created_user_id` int(10) unsigned NOT NULL DEFAULT 0,
  `created_time` datetime NOT NULL,
  `created_by_alias` varchar(255) NOT NULL DEFAULT '',
  `modified_user_id` int(10) unsigned NOT NULL DEFAULT 0,
  `modified_time` datetime NOT NULL,
  `images` text NOT NULL,
  `urls` text NOT NULL,
  `hits` int(10) unsigned NOT NULL DEFAULT 0,
  `language` char(7) NOT NULL,
  `version` int(10) unsigned NOT NULL DEFAULT 1,
  `publish_up` datetime DEFAULT NULL,
  `publish_down` datetime DEFAULT NULL,
  PRIMARY KEY (`id`),
  KEY `tag_idx` (`published`,`access`),
  KEY `idx_access` (`access`),
  KEY `idx_checkout` (`checked_out`),
  KEY `idx_path` (`path`(100)),
  KEY `idx_left_right` (`lft`,`rgt`),
  KEY `idx_alias` (`alias`(100)),
  KEY `idx_language` (`language`)
) ENGINE=InnoDB AUTO_INCREMENT=2 DEFAULT CHARSET=utf8mb4 COLLATE=utf8mb4_unicode_ci;

--
-- Dumping data for table `joslx_tags`
--

INSERT INTO `joslx_tags` (`id`, `parent_id`, `lft`, `rgt`, `level`, `path`, `title`, `alias`, `note`, `description`, `published`, `checked_out`, `checked_out_time`, `access`, `params`, `metadesc`, `metakey`, `metadata`, `created_user_id`, `created_time`, `created_by_alias`, `modified_user_id`, `modified_time`, `images`, `urls`, `hits`, `language`, `version`, `publish_up`, `publish_down`) VALUES (1,0,0,1,0,'','ROOT','root','','',1,NULL,NULL,1,'','','','',523,'2024-12-29 07:20:43','',523,'2024-12-29 07:20:43','','',0,'*',1,NULL,NULL);

--
-- Table structure for table `joslx_template_overrides`
--

CREATE TABLE `joslx_template_overrides` (
  `id` int(10) unsigned NOT NULL AUTO_INCREMENT,
  `template` varchar(50) NOT NULL DEFAULT '',
  `hash_id` varchar(255) NOT NULL DEFAULT '',
  `extension_id` int(11) DEFAULT 0,
  `state` tinyint(4) NOT NULL DEFAULT 0,
  `action` varchar(50) NOT NULL DEFAULT '',
  `client_id` tinyint(3) unsigned NOT NULL DEFAULT 0,
  `created_date` datetime NOT NULL,
  `modified_date` datetime DEFAULT NULL,
  PRIMARY KEY (`id`),
  KEY `idx_template` (`template`),
  KEY `idx_extension_id` (`extension_id`)
) ENGINE=InnoDB AUTO_INCREMENT=41 DEFAULT CHARSET=utf8mb4 COLLATE=utf8mb4_unicode_ci;

--
-- Dumping data for table `joslx_template_overrides`
--

INSERT INTO `joslx_template_overrides` (`id`, `template`, `hash_id`, `extension_id`, `state`, `action`, `client_id`, `created_date`, `modified_date`) VALUES (1,'wt_mini_free','L2h0bWwvbW9kX21lbnUvZGVmYXVsdF91cmwucGhw',257,0,'Joomla Update',0,'2025-02-25 18:40:23','2025-02-25 18:40:23'),(2,'wt_mini_free','L2h0bWwvbW9kX21lbnUvZGVmYXVsdF9jb21wb25lbnQucGhw',257,0,'Joomla Update',0,'2025-02-25 18:40:23','2025-02-25 18:40:23'),(3,'wt_mini_free','L2h0bWwvbW9kX21lbnUvZGVmYXVsdF9oZWFkaW5nLnBocA==',257,0,'Joomla Update',0,'2025-02-25 18:40:23','2025-02-25 18:40:23'),(4,'wt_mini_free','L2h0bWwvbW9kX21lbnUvZGVmYXVsdF9zZXBhcmF0b3IucGhw',257,0,'Joomla Update',0,'2025-02-25 18:40:23','2025-02-25 18:40:23'),(5,'wt_mini_free','L2h0bWwvY29tX2NvbnRhY3QvY29udGFjdC9kZWZhdWx0LnBocA==',257,0,'Joomla Update',0,'2025-08-24 05:39:02','2025-11-16 06:23:47'),(6,'wt_mini_free','L2h0bWwvY29tX2NvbnRhY3QvY29udGFjdC9kZWZhdWx0X2FkZHJlc3MucGhw',257,0,'Joomla Update',0,'2025-08-24 05:39:02','2025-08-24 05:39:02'),(7,'wt_mini_free','L2h0bWwvY29tX2NvbnRlbnQvYXJjaGl2ZS9kZWZhdWx0X2l0ZW1zLnBocA==',257,0,'Joomla Update',0,'2025-08-24 05:39:02','2025-08-24 05:39:02'),(8,'wt_mini_free','L2h0bWwvY29tX2NvbnRlbnQvZm9ybS9lZGl0LnBocA==',257,0,'Joomla Update',0,'2025-08-24 05:39:02','2025-08-24 05:39:02'),(9,'wt_mini_free','L2h0bWwvY29tX2ZpbmRlci9zZWFyY2gvZGVmYXVsdF9mb3JtLnBocA==',257,0,'Joomla Update',0,'2025-08-24 05:39:02','2025-08-24 05:39:02'),(10,'wt_mini_free','L2h0bWwvY29tX3VzZXJzL2xvZ2luL2RlZmF1bHQucGhw',257,0,'Joomla Update',0,'2025-08-24 05:39:02','2025-08-24 05:39:02'),(11,'wt_mini_free','L2h0bWwvY29tX3VzZXJzL2xvZ2luL2RlZmF1bHRfbG9naW4ucGhw',257,0,'Joomla Update',0,'2025-08-24 05:39:02','2025-11-16 06:23:47'),(12,'wt_mini_free','L2h0bWwvY29tX3VzZXJzL2xvZ2luL2RlZmF1bHRfbG9nb3V0LnBocA==',257,0,'Joomla Update',0,'2025-08-24 05:39:02','2025-08-24 05:39:02'),(13,'wt_mini_free','L2h0bWwvY29tX3VzZXJzL3Byb2ZpbGUvZWRpdC5waHA=',257,0,'Joomla Update',0,'2025-08-24 05:39:02','2025-08-24 05:39:02'),(14,'wt_mini_free','L2h0bWwvY29tX3VzZXJzL3JlZ2lzdHJhdGlvbi9kZWZhdWx0LnBocA==',257,0,'Joomla Update',0,'2025-08-24 05:39:02','2025-08-24 05:39:02'),(15,'wt_mini_free','L2h0bWwvY29tX3VzZXJzL3JlbWluZC9kZWZhdWx0LnBocA==',257,0,'Joomla Update',0,'2025-08-24 05:39:02','2025-08-24 05:39:02'),(16,'wt_mini_free','L2h0bWwvY29tX3VzZXJzL3Jlc2V0L2NvbXBsZXRlLnBocA==',257,0,'Joomla Update',0,'2025-08-24 05:39:02','2025-08-24 05:39:02'),(17,'wt_mini_free','L2h0bWwvY29tX3VzZXJzL3Jlc2V0L2NvbmZpcm0ucGhw',257,0,'Joomla Update',0,'2025-08-24 05:39:02','2025-08-24 05:39:02'),(18,'wt_mini_free','L2h0bWwvY29tX3VzZXJzL3Jlc2V0L2RlZmF1bHQucGhw',257,0,'Joomla Update',0,'2025-08-24 05:39:02','2025-08-24 05:39:02'),(19,'wt_mini_free','L2h0bWwvbGF5b3V0cy9qb29tbGEvZm9ybS9maWVsZC90ZXh0LnBocA==',257,0,'Joomla Update',0,'2025-08-24 05:39:02','2025-08-24 05:39:02'),(20,'wt_mini_free','L2h0bWwvbGF5b3V0cy9qb29tbGEvZm9ybS9maWVsZC91cmwucGhw',257,0,'Joomla Update',0,'2025-08-24 05:39:02','2025-08-24 05:39:02'),(21,'wt_mini_free','L2h0bWwvbGF5b3V0cy9qb29tbGEvZm9ybS9maWVsZC9jYWxlbmRhci5waHA=',257,0,'Joomla Update',0,'2025-08-24 05:39:02','2025-08-24 05:39:02'),(22,'wt_mini_free','L2h0bWwvbGF5b3V0cy9qb29tbGEvZm9ybS9maWVsZC9tZWRpYS5waHA=',257,0,'Joomla Update',0,'2025-08-24 05:39:02','2025-08-24 05:39:02'),(23,'wt_mini_free','L2h0bWwvbGF5b3V0cy9qb29tbGEvZm9ybS9maWVsZC9tZXRlci5waHA=',257,0,'Joomla Update',0,'2025-08-24 05:39:02','2025-08-24 05:39:02'),(24,'wt_mini_free','L2h0bWwvbW9kX2FydGljbGVzX25ld3MvX2l0ZW0ucGhw',257,0,'Joomla Update',0,'2025-08-24 05:39:02','2025-08-24 05:39:02'),(25,'shape5_vertex','L2h0bWwvbW9kX2JyZWFkY3J1bWJzL2RlZmF1bHQucGhw',258,0,'Joomla Update',0,'2025-08-24 05:39:02','2025-08-24 05:39:02'),(26,'wt_mini_free','L2h0bWwvbW9kX2JyZWFkY3J1bWJzL2RlZmF1bHQucGhw',257,0,'Joomla Update',0,'2025-08-24 05:39:02','2025-08-24 05:39:02'),(27,'wt_mini_free','L2h0bWwvbW9kX2ZpbmRlci9kZWZhdWx0LnBocA==',257,0,'Joomla Update',0,'2025-08-24 05:39:02','2025-11-16 06:23:47'),(28,'wt_mini_free','L2h0bWwvbW9kX2xvZ2luL2RlZmF1bHQucGhw',257,0,'Joomla Update',0,'2025-08-24 05:39:02','2025-08-24 05:39:02'),(29,'wt_mini_free','L2h0bWwvcGxnX2NvbnRlbnRfcGFnZW5hdmlnYXRpb24vZGVmYXVsdC5waHA=',257,0,'Joomla Update',0,'2025-08-24 05:39:02','2025-08-24 05:39:02'),(30,'wt_mini_free','L2h0bWwvcGxnX2NvbnRlbnRfcGFnZWJyZWFrL25hdmlnYXRpb24ucGhw',257,0,'Joomla Update',0,'2025-08-24 05:39:02','2025-08-24 05:39:02'),(31,'wt_mini_free','L2h0bWwvcGxnX2NvbnRlbnRfcGFnZWJyZWFrL3RvYy5waHA=',257,0,'Joomla Update',0,'2025-08-24 05:39:02','2025-08-24 05:39:02'),(32,'wt_mini_free','L2h0bWwvcGxnX2NvbnRlbnRfdm90ZS92b3RlLnBocA==',257,0,'Joomla Update',0,'2025-08-24 05:39:02','2025-08-24 05:39:02'),(33,'wt_mini_free','L2h0bWwvcGxnX2NvbnRlbnRfdm90ZS9yYXRpbmcucGhw',257,0,'Joomla Update',0,'2025-08-24 05:39:02','2025-08-24 05:39:02'),(34,'wt_mini_free','L2h0bWwvY29tX2NvbnRlbnQvY2F0ZWdvcnkvZGVmYXVsdF9hcnRpY2xlcy5waHA=',257,0,'Joomla Update',0,'2025-11-16 06:23:47','2025-11-16 06:23:47'),(35,'shape5_vertex','L2h0bWwvY29tX2NvbnRlbnQvYXJ0aWNsZS9kZWZhdWx0LnBocA==',258,0,'Joomla Update',0,'2025-11-16 06:23:47','2025-11-16 06:23:47'),(36,'wt_mini_free','L2h0bWwvY29tX2NvbnRlbnQvYXJ0aWNsZS9kZWZhdWx0LnBocA==',257,0,'Joomla Update',0,'2025-11-16 06:23:47','2025-11-16 06:23:47'),(37,'wt_mini_free','L2h0bWwvY29tX3RhZ3MvdGFncy9kZWZhdWx0X2l0ZW1zLnBocA==',257,0,'Joomla Update',0,'2025-11-16 06:23:47','2025-11-16 06:23:47'),(38,'wt_mini_free','L2h0bWwvbGF5b3V0cy9qb29tbGEvY29udGVudC9pbmZvX2Jsb2NrL2F1dGhvci5waHA=',257,0,'Joomla Update',0,'2025-11-16 06:23:47','2025-11-16 06:23:47'),(39,'wt_mini_free','L2h0bWwvbGF5b3V0cy9qb29tbGEvZWRpdC9nbG9iYWwucGhw',257,0,'Joomla Update',0,'2025-11-16 06:23:47','2025-11-16 06:23:47'),(40,'wt_mini_free','L2h0bWwvbGF5b3V0cy9qb29tbGEvZWRpdC9wYXJhbXMucGhw',257,0,'Joomla Update',0,'2025-11-16 06:23:47','2025-11-16 06:23:47');

--
-- Table structure for table `joslx_template_styles`
--

CREATE TABLE `joslx_template_styles` (
  `id` int(10) unsigned NOT NULL AUTO_INCREMENT,
  `template` varchar(50) NOT NULL DEFAULT '',
  `client_id` tinyint(3) unsigned NOT NULL DEFAULT 0,
  `home` char(7) NOT NULL DEFAULT '0',
  `title` varchar(255) NOT NULL DEFAULT '',
  `inheritable` tinyint(4) NOT NULL DEFAULT 0,
  `parent` varchar(50) DEFAULT '',
  `params` text NOT NULL,
  PRIMARY KEY (`id`),
  KEY `idx_template` (`template`),
  KEY `idx_client_id` (`client_id`),
  KEY `idx_client_id_home` (`client_id`,`home`)
) ENGINE=InnoDB AUTO_INCREMENT=14 DEFAULT CHARSET=utf8mb4 COLLATE=utf8mb4_unicode_ci;

--
-- Dumping data for table `joslx_template_styles`
--

INSERT INTO `joslx_template_styles` (`id`, `template`, `client_id`, `home`, `title`, `inheritable`, `parent`, `params`) VALUES (10,'atum',1,'1','Atum - Default',1,'','{\"hue\":\"hsl(214, 63%, 20%)\",\"bg-light\":\"#f0f4fb\",\"text-dark\":\"#495057\",\"text-light\":\"#ffffff\",\"link-color\":\"#2a69b8\",\"special-color\":\"#001b4c\",\"colorScheme\":\"os\",\"monochrome\":\"0\",\"loginLogo\":\"\",\"loginLogoAlt\":\"\",\"logoBrandLarge\":\"\",\"logoBrandLargeAlt\":\"\",\"logoBrandSmall\":\"\",\"logoBrandSmallAlt\":\"\"}'),(11,'cassiopeia',0,'0','Cassiopeia - Default',1,'','{\"brand\":\"1\",\"logoFile\":\"images\\/headers\\/logo-header.jpg#joomlaImage:\\/\\/local-images\\/headers\\/logo-header.jpg?width=798&height=127\",\"siteTitle\":\"\",\"siteDescription\":\"\",\"useFontScheme\":\"0\",\"systemFontBody\":\"\",\"systemFontHeading\":\"\",\"colorName\":\"colors_standard\",\"fluidContainer\":\"1\",\"stickyHeader\":0,\"backTop\":0}'),(12,'wt_mini_free',0,'0','wt_mini_free - Default',0,'','{\"logo_type\":\"image\",\"logo_text\":\"Mini<span class=\\\"uk-text-primary\\\">.<\\/span>\",\"logo_image\":\"images\\/headers\\/logo-header-pcd.jpg\",\"logo_alt\":\"Persona con disabilit\\u00e0\",\"mobile_logo\":\"\",\"logo_height\":\"150px\",\"logo_height_sm\":\"\",\"logo_height_xs\":\"\",\"logo_tooltip\":\"\",\"favicon\":\"\",\"toolbar_maxwidth\":\"small\",\"topbar_padding_top\":\"0px\",\"topbar_padding_bottom\":\"0px\",\"toolbar_transparent\":\"1\",\"toolbar_font_size\":\"0px\",\"toolbar_visibility\":\"inherit\",\"predefined_header\":\"1\",\"header_style\":\"style-2\",\"overlay_header\":\"\",\"header_alignment\":\"\",\"header_maxwidth\":\"default\",\"remove_logo_padding\":\"1\",\"header_height\":\"100px\",\"header_navbar\":\"0\",\"navbar_menu_style\":\"1\",\"navbar_menu\":\"mainmenu\",\"nav_style\":\"\",\"header_menu_options\":\"\",\"headerbar_top_padding\":\"20px\",\"headerbar_bottom_padding\":\"20px\",\"header_stacked_margin\":\"20px\",\"header_offcanvas_mode\":\"slide\",\"header_offcanvas_overlay\":\"enable\",\"header_toggle_text\":\"show\",\"header_offcanvas_flip\":\"1\",\"header_menu_horizontally\":\"1\",\"search_position\":\"hide\",\"search_style\":\"modal\",\"mobile_breakpoint_options\":\"m\",\"mobile_navbar_options\":\"1\",\"mobile_logo_options\":\"center\",\"mobile_toggle_options\":\"hide\",\"mobile_toggle_text\":\"1\",\"mobile_menu_options\":\"\",\"mobile_animations\":\"offcanvas\",\"mobile_drobar_layout\":\"top\",\"mobile_dropbar_animation\":\"reveal-top\",\"mobile_offcanvas_mode\":\"slide\",\"page_title_maxwidth\":\"large\",\"page_title_padding\":\"large\",\"page_title_bg_image\":\"\",\"page_title_background_size\":\"\",\"page_title_bg_position\":\"center-center\",\"page_title_bg_visibility\":\"\",\"page_title_bg_blendmode\":\"\",\"page_title_bg_color\":\"#ffffff\",\"page_title_tyle\":\"\",\"page_title_align\":\"center\",\"offcanvas_style\":\"\",\"dialog_toggle\":\"header-end\",\"dialog_navbar_menu\":\"mainmenu\",\"dialog_navbar_menu_max_level\":\"0\",\"dialog_offcanvas_mode\":\"slide\",\"dialog_dropbar_animation\":\"\",\"dialog_modal_content_width\":\"\",\"dialog_dropbar_content_width\":\"\",\"preloader\":\"1\",\"boxed_layout\":\"1\",\"boxed_center\":\"1\",\"boxed_top_margin\":\"1\",\"boxed_header_outside\":\"1\",\"transparent_header\":\"light\",\"body_bg_image\":\"images\\/white-bg.jpg\",\"body_image_size\":\"contain\",\"body_image_position\":\"center-center\",\"body_image_effect\":\"\",\"body_parallax_bgx_start\":\"\",\"body_parallax_bgx_end\":\"\",\"body_parallax_bgy_start\":\"\",\"body_parallax_bgy_end\":\"\",\"body_parallax_easing\":\"\",\"body_parallax_breakpoint\":\"\",\"body_image_visibility\":\"\",\"body_bg_color\":\"#ffffff\",\"container_max_width\":\"900\",\"enabled_copyright\":\"1\",\"copyright_position\":\"footer1\",\"copyright_load_pos\":\"default\",\"copyright\":\"\\u00a9 {year} - Designed by <a href=\\\"https:\\/\\/www.paulfreeman.it\\/\\\">Paul Freeman sDg<\\/a>\",\"goto_top\":\"1\",\"social_pos\":\"\",\"facebook\":\"https:\\/\\/www.facebook.com\\/il.cattolico\",\"twitter\":\"#\",\"tiktok\":\"\",\"twitch\":\"\",\"discord\":\"\",\"telegram\":\"\",\"linkedin\":\"\",\"dribbble\":\"#\",\"instagram\":\"\",\"behance\":\"\",\"youtube\":\"\",\"skype\":\"\",\"whatsapp\":\"\",\"vk\":\"\",\"custom\":\"fa-github #\",\"social_icons_gap\":\"small\",\"social_icons_size\":\"200px\",\"social_icons_link\":\"1\",\"contact_pos\":\"\",\"contact_location\":\"\",\"contact_email\":\"\",\"contact_phone\":\"\",\"contact_time\":\"\",\"contact_custom\":\"\",\"presets-data\":\"{\\\"preset1\\\":{\\\"label\\\":\\\"Preset 1\\\",\\\"default\\\":\\\"#fc534c\\\",\\\"description\\\":\\\"\\\",\\\"data\\\":{\\\"text_color\\\":\\\"#3f485d\\\",\\\"preset\\\":\\\"preset1\\\",\\\"bg_color\\\":\\\"#FFFFFF\\\",\\\"link_color\\\":\\\"#fc534c\\\",\\\"link_hover_color\\\":\\\"#fc534c\\\",\\\"topbar_bg_color\\\":\\\"#181a21\\\",\\\"topbar_text_color\\\":\\\"#a3a5aa\\\",\\\"topbar_link_color\\\":\\\"#a3a5aa\\\",\\\"topbar_link_hover_color\\\":\\\"#ffffff\\\",\\\"header_top_bg_color\\\":\\\"#FFFFFF\\\",\\\"header_bg_color\\\":\\\"#282828\\\",\\\"header_bottom_bg_color\\\":\\\"#FFFFFF\\\",\\\"logo_text_color\\\":\\\"#020d26\\\",\\\"header_bg_mobile_color\\\":\\\"#FFFFFF\\\",\\\"logo_text_mobile_color\\\":\\\"#181a21\\\",\\\"toggle_mobile_color\\\":\\\"#181a21\\\",\\\"toggle_mobile_hover_color\\\":\\\"#fc534c\\\",\\\"menu_text_color\\\":\\\"#ffffff\\\",\\\"menu_text_hover_color\\\":\\\"#d1d5db\\\",\\\"menu_text_active_color\\\":\\\"#d1d5db\\\",\\\"menu_dropdown_bg_color\\\":\\\"#FFFFFF\\\",\\\"menu_dropdown_text_color\\\":\\\"#3d3b3b\\\",\\\"menu_dropdown_text_hover_color\\\":\\\"#fc534c\\\",\\\"menu_dropdown_text_active_color\\\":\\\"#fc534c\\\",\\\"bottom_bg_color\\\":\\\"#181a21\\\",\\\"bottom_title_color\\\":\\\"#FFFFFF\\\",\\\"bottom_text_color\\\":\\\"#a3a5aa\\\",\\\"bottom_link_color\\\":\\\"#a3a5aa\\\",\\\"bottom_link_hover_color\\\":\\\"#FFFFFF\\\",\\\"footer_bg_color\\\":\\\"#181a21\\\",\\\"footer_text_color\\\":\\\"#a3a5aa\\\",\\\"footer_link_color\\\":\\\"#a3a5aa\\\",\\\"footer_link_hover_color\\\":\\\"#ffffff\\\"}},\\\"preset2\\\":{\\\"label\\\":\\\"Preset 2\\\",\\\"default\\\":\\\"#3f6cb2\\\",\\\"description\\\":\\\"\\\",\\\"data\\\":{\\\"text_color\\\":\\\"#3f485d\\\",\\\"preset\\\":\\\"preset2\\\",\\\"bg_color\\\":\\\"#FFFFFF\\\",\\\"link_color\\\":\\\"#3f6cb2\\\",\\\"link_hover_color\\\":\\\"#3f6cb2\\\",\\\"topbar_bg_color\\\":\\\"#181a21\\\",\\\"topbar_text_color\\\":\\\"#a3a5aa\\\",\\\"topbar_link_color\\\":\\\"#a3a5aa\\\",\\\"topbar_link_hover_color\\\":\\\"#ffffff\\\",\\\"header_top_bg_color\\\":\\\"#FFFFFF\\\",\\\"header_bg_color\\\":\\\"#282828\\\",\\\"header_bottom_bg_color\\\":\\\"#FFFFFF\\\",\\\"logo_text_color\\\":\\\"#020d26\\\",\\\"header_bg_mobile_color\\\":\\\"#FFFFFF\\\",\\\"logo_text_mobile_color\\\":\\\"#181a21\\\",\\\"toggle_mobile_color\\\":\\\"#181a21\\\",\\\"toggle_mobile_hover_color\\\":\\\"#3f6cb2\\\",\\\"menu_text_color\\\":\\\"#ffffff\\\",\\\"menu_text_hover_color\\\":\\\"#d1d5db\\\",\\\"menu_text_active_color\\\":\\\"#d1d5db\\\",\\\"menu_dropdown_bg_color\\\":\\\"#FFFFFF\\\",\\\"menu_dropdown_text_color\\\":\\\"#3d3b3b\\\",\\\"menu_dropdown_text_hover_color\\\":\\\"#3f6cb2\\\",\\\"menu_dropdown_text_active_color\\\":\\\"#3f6cb2\\\",\\\"bottom_bg_color\\\":\\\"#181a21\\\",\\\"bottom_title_color\\\":\\\"#FFFFFF\\\",\\\"bottom_text_color\\\":\\\"#a3a5aa\\\",\\\"bottom_link_color\\\":\\\"#a3a5aa\\\",\\\"bottom_link_hover_color\\\":\\\"#FFFFFF\\\",\\\"footer_bg_color\\\":\\\"#181a21\\\",\\\"footer_text_color\\\":\\\"#a3a5aa\\\",\\\"footer_link_color\\\":\\\"#a3a5aa\\\",\\\"footer_link_hover_color\\\":\\\"#ffffff\\\"}},\\\"preset3\\\":{\\\"label\\\":\\\"Preset 3\\\",\\\"default\\\":\\\"#127780\\\",\\\"description\\\":\\\"\\\",\\\"data\\\":{\\\"text_color\\\":\\\"#3f485d\\\",\\\"preset\\\":\\\"preset3\\\",\\\"bg_color\\\":\\\"#FFFFFF\\\",\\\"link_color\\\":\\\"#127780\\\",\\\"link_hover_color\\\":\\\"#127780\\\",\\\"topbar_bg_color\\\":\\\"#181a21\\\",\\\"topbar_text_color\\\":\\\"#a3a5aa\\\",\\\"topbar_link_color\\\":\\\"#a3a5aa\\\",\\\"topbar_link_hover_color\\\":\\\"#ffffff\\\",\\\"header_top_bg_color\\\":\\\"#FFFFFF\\\",\\\"header_bg_color\\\":\\\"#282828\\\",\\\"header_bottom_bg_color\\\":\\\"#FFFFFF\\\",\\\"logo_text_color\\\":\\\"#020d26\\\",\\\"header_bg_mobile_color\\\":\\\"#FFFFFF\\\",\\\"logo_text_mobile_color\\\":\\\"#181a21\\\",\\\"toggle_mobile_color\\\":\\\"#181a21\\\",\\\"toggle_mobile_hover_color\\\":\\\"#127780\\\",\\\"menu_text_color\\\":\\\"#ffffff\\\",\\\"menu_text_hover_color\\\":\\\"#d1d5db\\\",\\\"menu_text_active_color\\\":\\\"#d1d5db\\\",\\\"menu_dropdown_bg_color\\\":\\\"#FFFFFF\\\",\\\"menu_dropdown_text_color\\\":\\\"#3d3b3b\\\",\\\"menu_dropdown_text_hover_color\\\":\\\"#127780\\\",\\\"menu_dropdown_text_active_color\\\":\\\"#127780\\\",\\\"bottom_bg_color\\\":\\\"#181a21\\\",\\\"bottom_title_color\\\":\\\"#FFFFFF\\\",\\\"bottom_text_color\\\":\\\"#a3a5aa\\\",\\\"bottom_link_color\\\":\\\"#a3a5aa\\\",\\\"bottom_link_hover_color\\\":\\\"#FFFFFF\\\",\\\"footer_bg_color\\\":\\\"#181a21\\\",\\\"footer_text_color\\\":\\\"#a3a5aa\\\",\\\"footer_link_color\\\":\\\"#a3a5aa\\\",\\\"footer_link_hover_color\\\":\\\"#ffffff\\\"}},\\\"preset4\\\":{\\\"label\\\":\\\"Preset 4\\\",\\\"default\\\":\\\"#1fb57b\\\",\\\"description\\\":\\\"\\\",\\\"data\\\":{\\\"text_color\\\":\\\"#3f485d\\\",\\\"preset\\\":\\\"preset4\\\",\\\"bg_color\\\":\\\"#FFFFFF\\\",\\\"link_color\\\":\\\"#1fb57b\\\",\\\"link_hover_color\\\":\\\"#1fb57b\\\",\\\"topbar_bg_color\\\":\\\"#181a21\\\",\\\"topbar_text_color\\\":\\\"#a3a5aa\\\",\\\"topbar_link_color\\\":\\\"#a3a5aa\\\",\\\"topbar_link_hover_color\\\":\\\"#ffffff\\\",\\\"header_top_bg_color\\\":\\\"#FFFFFF\\\",\\\"header_bg_color\\\":\\\"#282828\\\",\\\"header_bottom_bg_color\\\":\\\"#FFFFFF\\\",\\\"logo_text_color\\\":\\\"#020d26\\\",\\\"header_bg_mobile_color\\\":\\\"#FFFFFF\\\",\\\"logo_text_mobile_color\\\":\\\"#181a21\\\",\\\"toggle_mobile_color\\\":\\\"#181a21\\\",\\\"toggle_mobile_hover_color\\\":\\\"#1fb57b\\\",\\\"menu_text_color\\\":\\\"#ffffff\\\",\\\"menu_text_hover_color\\\":\\\"#d1d5db\\\",\\\"menu_text_active_color\\\":\\\"#d1d5db\\\",\\\"menu_dropdown_bg_color\\\":\\\"#FFFFFF\\\",\\\"menu_dropdown_text_color\\\":\\\"#3d3b3b\\\",\\\"menu_dropdown_text_hover_color\\\":\\\"#1fb57b\\\",\\\"menu_dropdown_text_active_color\\\":\\\"#1fb57b\\\",\\\"bottom_bg_color\\\":\\\"#181a21\\\",\\\"bottom_title_color\\\":\\\"#FFFFFF\\\",\\\"bottom_text_color\\\":\\\"#a3a5aa\\\",\\\"bottom_link_color\\\":\\\"#a3a5aa\\\",\\\"bottom_link_hover_color\\\":\\\"#FFFFFF\\\",\\\"footer_bg_color\\\":\\\"#181a21\\\",\\\"footer_text_color\\\":\\\"#a3a5aa\\\",\\\"footer_link_color\\\":\\\"#a3a5aa\\\",\\\"footer_link_hover_color\\\":\\\"#ffffff\\\"}}}\",\"preset\":\"{\\\"footer_link_hover_color\\\":\\\"#ffffff\\\",\\\"footer_link_color\\\":\\\"#a3a5aa\\\",\\\"footer_text_color\\\":\\\"#a3a5aa\\\",\\\"footer_bg_color\\\":\\\"#181a21\\\",\\\"bottom_link_hover_color\\\":\\\"#FFFFFF\\\",\\\"bottom_link_color\\\":\\\"#a3a5aa\\\",\\\"bottom_text_color\\\":\\\"#a3a5aa\\\",\\\"bottom_title_color\\\":\\\"#FFFFFF\\\",\\\"bottom_bg_color\\\":\\\"#181a21\\\",\\\"menu_dropdown_text_active_color\\\":\\\"#3f6cb2\\\",\\\"menu_dropdown_text_hover_color\\\":\\\"#3f6cb2\\\",\\\"menu_dropdown_text_color\\\":\\\"#3d3b3b\\\",\\\"menu_dropdown_bg_color\\\":\\\"#FFFFFF\\\",\\\"menu_text_active_color\\\":\\\"#d1d5db\\\",\\\"menu_text_hover_color\\\":\\\"#d1d5db\\\",\\\"menu_text_color\\\":\\\"#ffffff\\\",\\\"toggle_mobile_hover_color\\\":\\\"#3f6cb2\\\",\\\"toggle_mobile_color\\\":\\\"#181a21\\\",\\\"logo_text_mobile_color\\\":\\\"#181a21\\\",\\\"header_bg_mobile_color\\\":\\\"#FFFFFF\\\",\\\"logo_text_color\\\":\\\"#020d26\\\",\\\"header_bottom_bg_color\\\":\\\"#FFFFFF\\\",\\\"header_bg_color\\\":\\\"#282828\\\",\\\"header_top_bg_color\\\":\\\"#FFFFFF\\\",\\\"topbar_link_hover_color\\\":\\\"#ffffff\\\",\\\"topbar_link_color\\\":\\\"#a3a5aa\\\",\\\"topbar_text_color\\\":\\\"#a3a5aa\\\",\\\"topbar_bg_color\\\":\\\"#181a21\\\",\\\"link_hover_color\\\":\\\"#3f6cb2\\\",\\\"link_color\\\":\\\"#3f6cb2\\\",\\\"bg_color\\\":\\\"#FFFFFF\\\",\\\"text_color\\\":\\\"#3f485d\\\",\\\"preset\\\":\\\"preset2\\\"}\",\"custom_style\":\"1\",\"text_color\":\"#181d2b\",\"bg_color\":\"#ffffff\",\"link_color\":\"#fc534c\",\"link_hover_color\":\"#fc534c\",\"topbar_bg_color\":\"#ffffff\",\"topbar_text_color\":\"#a3a5aa\",\"topbar_link_color\":\"#a3a5aa\",\"topbar_link_hover_color\":\"#ffffff\",\"header_top_bg_color\":\"#ffffff\",\"header_bg_color\":\"#ffffff\",\"header_bottom_bg_color\":\"#ffffff\",\"logo_text_color\":\"#ffffff\",\"header_bg_mobile_color\":\"#ffffff\",\"logo_text_mobile_color\":\"#ffffff\",\"toggle_mobile_color\":\"#181a21\",\"toggle_mobile_hover_color\":\"#fc534c\",\"menu_text_color\":\"#ffffff\",\"menu_text_hover_color\":\"#ffffff\",\"menu_text_active_color\":\"#ffffff\",\"menu_dropdown_bg_color\":\"#ffffff\",\"menu_dropdown_text_color\":\"#3d3b3b\",\"menu_dropdown_text_hover_color\":\"#fc534c\",\"menu_dropdown_text_active_color\":\"#fc534c\",\"bottom_bg_color\":\"#ffffff\",\"bottom_title_color\":\"#ffffff\",\"bottom_text_color\":\"#a3a5aa\",\"bottom_link_color\":\"#a3a5aa\",\"bottom_link_hover_color\":\"#ffffff\",\"footer_bg_color\":\"#ffffff\",\"footer_text_color\":\"#a3a5aa\",\"footer_link_color\":\"#a3a5aa\",\"footer_link_hover_color\":\"#ffffff\",\"name\":\"\",\"custom_class\":\"\",\"padding\":\"\",\"margin\":\"\",\"layout\":\"[{\\\"type\\\":\\\"row\\\",\\\"layout\\\":\\\"4+4+4\\\",\\\"settings\\\":{\\\"hide_on_desktop\\\":0,\\\"hide_on_small_desktop\\\":0,\\\"hide_on_tablet\\\":0,\\\"hide_on_large_phone\\\":0,\\\"hide_on_phone\\\":0,\\\"background_position\\\":\\\"\\\",\\\"background_attachment\\\":\\\"\\\",\\\"background_size\\\":\\\"\\\",\\\"background_repeat\\\":\\\"\\\",\\\"background_image\\\":\\\"\\\",\\\"background_color\\\":\\\"\\\",\\\"link_hover_color\\\":\\\"\\\",\\\"link_color\\\":\\\"\\\",\\\"color\\\":\\\"\\\",\\\"margin\\\":\\\"\\\",\\\"padding\\\":\\\"60px 0\\\",\\\"custom_class\\\":\\\"\\\",\\\"fluidrow\\\":0,\\\"name\\\":\\\"Bottom\\\",\\\"hidden_xs\\\":0,\\\"hidden_sm\\\":0,\\\"hidden_md\\\":0},\\\"attr\\\":[{\\\"type\\\":\\\"sp_col\\\",\\\"settings\\\":{\\\"sortableitem\\\":\\\"[object Object]\\\",\\\"hidden_xs\\\":0,\\\"hidden_sm\\\":0,\\\"hidden_md\\\":0,\\\"grid_size\\\":4,\\\"hide_on_desktop\\\":0,\\\"hide_on_small_desktop\\\":0,\\\"hide_on_tablet\\\":0,\\\"hide_on_large_phone\\\":0,\\\"hide_on_phone\\\":0,\\\"xs_col\\\":\\\"\\\",\\\"sm_col\\\":\\\"\\\",\\\"md_col\\\":\\\"\\\",\\\"xl_col\\\":\\\"\\\",\\\"custom_class\\\":\\\"\\\",\\\"name\\\":\\\"bottom1\\\",\\\"column_type\\\":0}},{\\\"type\\\":\\\"sp_col\\\",\\\"settings\\\":{\\\"sortableitem\\\":\\\"[object Object]\\\",\\\"hidden_md\\\":0,\\\"hidden_sm\\\":0,\\\"hidden_xs\\\":0,\\\"grid_size\\\":4,\\\"hide_on_desktop\\\":0,\\\"hide_on_small_desktop\\\":0,\\\"hide_on_tablet\\\":0,\\\"hide_on_large_phone\\\":0,\\\"hide_on_phone\\\":0,\\\"xs_col\\\":\\\"\\\",\\\"sm_col\\\":\\\"\\\",\\\"md_col\\\":\\\"\\\",\\\"xl_col\\\":\\\"\\\",\\\"custom_class\\\":\\\"\\\",\\\"name\\\":\\\"bottom2\\\",\\\"column_type\\\":0}},{\\\"type\\\":\\\"sp_col\\\",\\\"settings\\\":{\\\"sortableitem\\\":\\\"[object Object]\\\",\\\"grid_size\\\":4,\\\"hide_on_desktop\\\":0,\\\"hide_on_small_desktop\\\":0,\\\"hide_on_tablet\\\":0,\\\"hide_on_large_phone\\\":0,\\\"hide_on_phone\\\":0,\\\"xs_col\\\":\\\"\\\",\\\"sm_col\\\":\\\"\\\",\\\"md_col\\\":\\\"\\\",\\\"xl_col\\\":\\\"\\\",\\\"custom_class\\\":\\\"\\\",\\\"name\\\":\\\"bottom3\\\",\\\"column_type\\\":0}}]},{\\\"type\\\":\\\"row\\\",\\\"layout\\\":\\\"4+4+4\\\",\\\"settings\\\":{\\\"name\\\":\\\"Main Body\\\",\\\"background_color\\\":\\\"\\\",\\\"color\\\":\\\"\\\",\\\"link_color\\\":\\\"\\\",\\\"link_hover_color\\\":\\\"\\\",\\\"hidden_xs\\\":0,\\\"hidden_sm\\\":0,\\\"hidden_md\\\":0,\\\"padding\\\":\\\"\\\",\\\"margin\\\":\\\"\\\",\\\"fluidrow\\\":0,\\\"custom_class\\\":\\\"\\\"},\\\"attr\\\":[{\\\"type\\\":\\\"sp_col\\\",\\\"settings\\\":{\\\"grid_size\\\":4,\\\"name\\\":\\\"left\\\",\\\"hidden_xs\\\":0,\\\"hidden_sm\\\":0,\\\"hidden_md\\\":0,\\\"sm_col\\\":\\\"\\\",\\\"xs_col\\\":\\\"\\\",\\\"custom_class\\\":\\\"\\\",\\\"column_type\\\":0,\\\"sortableitem\\\":\\\"[object Object]\\\"}},{\\\"type\\\":\\\"sp_col\\\",\\\"settings\\\":{\\\"hidden_xs\\\":0,\\\"hidden_sm\\\":0,\\\"hidden_md\\\":0,\\\"sm_col\\\":\\\"\\\",\\\"xs_col\\\":\\\"\\\",\\\"custom_class\\\":\\\"\\\",\\\"grid_size\\\":4,\\\"column_type\\\":1,\\\"sortableitem\\\":\\\"[object Object]\\\"}},{\\\"type\\\":\\\"sp_col\\\",\\\"settings\\\":{\\\"grid_size\\\":4,\\\"column_type\\\":0,\\\"name\\\":\\\"right\\\",\\\"hidden_xs\\\":0,\\\"hidden_sm\\\":0,\\\"hidden_md\\\":0,\\\"sm_col\\\":\\\"\\\",\\\"xs_col\\\":\\\"\\\",\\\"custom_class\\\":\\\"\\\",\\\"sortableitem\\\":\\\"[object Object]\\\"}}]},{\\\"type\\\":\\\"row\\\",\\\"layout\\\":12,\\\"settings\\\":{\\\"hide_on_desktop\\\":0,\\\"hide_on_small_desktop\\\":0,\\\"hide_on_tablet\\\":0,\\\"hide_on_large_phone\\\":0,\\\"hide_on_phone\\\":0,\\\"background_position\\\":\\\"\\\",\\\"background_attachment\\\":\\\"\\\",\\\"background_size\\\":\\\"\\\",\\\"background_repeat\\\":\\\"\\\",\\\"background_image\\\":\\\"\\\",\\\"background_color\\\":\\\"\\\",\\\"link_hover_color\\\":\\\"\\\",\\\"link_color\\\":\\\"\\\",\\\"color\\\":\\\"\\\",\\\"margin\\\":\\\"\\\",\\\"padding\\\":\\\"15px 0\\\",\\\"custom_class\\\":\\\"\\\",\\\"fluidrow\\\":0,\\\"name\\\":\\\"Footer\\\",\\\"hidden_md\\\":0,\\\"hidden_sm\\\":0,\\\"hidden_xs\\\":0},\\\"attr\\\":[{\\\"type\\\":\\\"sp_col\\\",\\\"settings\\\":{\\\"hide_on_desktop\\\":0,\\\"hide_on_small_desktop\\\":0,\\\"hide_on_tablet\\\":0,\\\"hide_on_large_phone\\\":0,\\\"hide_on_phone\\\":0,\\\"xs_col\\\":\\\"\\\",\\\"sm_col\\\":\\\"\\\",\\\"md_col\\\":\\\"\\\",\\\"xl_col\\\":\\\"\\\",\\\"custom_class\\\":\\\"uk-text-center\\\",\\\"name\\\":\\\"footer1\\\",\\\"column_type\\\":0,\\\"sortableitem\\\":\\\"[object Object]\\\",\\\"grid_size\\\":12,\\\"hidden_xs\\\":0,\\\"hidden_sm\\\":0,\\\"hidden_md\\\":0}}]},{\\\"type\\\":\\\"row\\\",\\\"layout\\\":12,\\\"settings\\\":{\\\"hide_on_desktop\\\":0,\\\"hide_on_small_desktop\\\":0,\\\"hide_on_tablet\\\":0,\\\"hide_on_large_phone\\\":0,\\\"hide_on_phone\\\":0,\\\"background_position\\\":\\\"\\\",\\\"background_attachment\\\":\\\"\\\",\\\"background_size\\\":\\\"\\\",\\\"background_repeat\\\":\\\"\\\",\\\"background_image\\\":\\\"\\\",\\\"background_color\\\":\\\"\\\",\\\"link_hover_color\\\":\\\"\\\",\\\"link_color\\\":\\\"\\\",\\\"color\\\":\\\"\\\",\\\"margin\\\":\\\"\\\",\\\"padding\\\":\\\"\\\",\\\"custom_class\\\":\\\"\\\",\\\"fluidrow\\\":1,\\\"name\\\":\\\"Page title\\\",\\\"hidden_md\\\":0,\\\"hidden_sm\\\":0,\\\"hidden_xs\\\":0,\\\"hide_mobile\\\":1,\\\"hide_large_mobile\\\":1,\\\"hide_tablet\\\":0,\\\"hide_small_desktop\\\":0,\\\"hide_desktop\\\":0},\\\"attr\\\":[{\\\"type\\\":\\\"sp_col\\\",\\\"settings\\\":{\\\"column_type\\\":0,\\\"custom_class\\\":\\\"\\\",\\\"xs_col\\\":\\\"\\\",\\\"sm_col\\\":\\\"\\\",\\\"hidden_md\\\":0,\\\"hidden_sm\\\":0,\\\"hidden_xs\\\":0,\\\"name\\\":\\\"title\\\",\\\"grid_size\\\":12}}]}]\",\"menu\":\"mainmenu\",\"dropdown_width\":\"\",\"menu_animation\":\"menu-animation-none\",\"offcanvas_menu\":\"mainmenu\",\"offcanvas_max_level\":\"0\",\"header_menu\":\"mainmenu\",\"header_menu_style\":\"navbar\",\"hd_menu_max_level\":\"0\",\"toolbar_left_enable_menu\":\"1\",\"toolbar_left_menu\":\"mainmenu\",\"toolbar_right_menu\":\"mainmenu\",\"enable_body_font\":\"1\",\"hu-webfont-size-field\":\"\",\"hu-webfont-size-field-sm\":\"\",\"hu-webfont-size-field-xs\":\"\",\"hu-font-letter-spacing-input\":\"\",\"body_font\":\"{\\\"fontFamily\\\":\\\"Roboto\\\",\\\"fontSize\\\":\\\"16px\\\",\\\"fontSize_sm\\\":\\\"\\\",\\\"fontSize_xs\\\":\\\"\\\",\\\"fontWeight\\\":\\\"400\\\",\\\"fontSubset\\\":\\\"latin-ext\\\",\\\"fontColor\\\":\\\"\\\",\\\"fontLineHeight\\\":\\\"\\\",\\\"fontLetterSpacing\\\":\\\"\\\",\\\"textDecoration\\\":\\\"none\\\",\\\"textAlign\\\":\\\"\\\"}\",\"enable_h1_font\":\"1\",\"h1_font\":\"{\\\"fontFamily\\\":\\\"Roboto\\\",\\\"fontSize\\\":\\\"\\\",\\\"fontSize_sm\\\":\\\"\\\",\\\"fontSize_xs\\\":\\\"\\\",\\\"fontWeight\\\":\\\"700\\\",\\\"fontSubset\\\":\\\"latin-ext\\\",\\\"fontColor\\\":\\\"\\\",\\\"fontLineHeight\\\":\\\"\\\",\\\"fontLetterSpacing\\\":\\\"\\\",\\\"textDecoration\\\":\\\"none\\\",\\\"textAlign\\\":\\\"\\\"}\",\"enable_h2_font\":\"1\",\"h2_font\":\"{\\\"fontFamily\\\":\\\"Roboto\\\",\\\"fontSize\\\":\\\"\\\",\\\"fontSize_sm\\\":\\\"\\\",\\\"fontSize_xs\\\":\\\"\\\",\\\"fontWeight\\\":\\\"600\\\",\\\"fontSubset\\\":\\\"latin-ext\\\",\\\"fontColor\\\":\\\"\\\",\\\"fontLineHeight\\\":\\\"\\\",\\\"fontLetterSpacing\\\":\\\"\\\",\\\"textDecoration\\\":\\\"none\\\",\\\"textAlign\\\":\\\"\\\"}\",\"enable_h3_font\":\"1\",\"h3_font\":\"{\\\"fontFamily\\\":\\\"Roboto\\\",\\\"fontSize\\\":\\\"\\\",\\\"fontSize_sm\\\":\\\"\\\",\\\"fontSize_xs\\\":\\\"\\\",\\\"fontWeight\\\":\\\"500\\\",\\\"fontSubset\\\":\\\"latin-ext\\\",\\\"fontColor\\\":\\\"\\\",\\\"fontLineHeight\\\":\\\"\\\",\\\"fontLetterSpacing\\\":\\\"\\\",\\\"textDecoration\\\":\\\"none\\\",\\\"textAlign\\\":\\\"\\\"}\",\"enable_h4_font\":\"1\",\"h4_font\":\"{\\\"fontFamily\\\":\\\"Roboto\\\",\\\"fontSize\\\":\\\"\\\",\\\"fontSize_sm\\\":\\\"\\\",\\\"fontSize_xs\\\":\\\"\\\",\\\"fontWeight\\\":\\\"400\\\",\\\"fontSubset\\\":\\\"latin-ext\\\",\\\"fontColor\\\":\\\"\\\",\\\"fontLineHeight\\\":\\\"\\\",\\\"fontLetterSpacing\\\":\\\"\\\",\\\"textDecoration\\\":\\\"none\\\",\\\"textAlign\\\":\\\"\\\"}\",\"enable_h5_font\":\"1\",\"h5_font\":\"{\\\"fontFamily\\\":\\\"Roboto\\\",\\\"fontSize\\\":\\\"\\\",\\\"fontSize_sm\\\":\\\"\\\",\\\"fontSize_xs\\\":\\\"\\\",\\\"fontWeight\\\":\\\"400\\\",\\\"fontSubset\\\":\\\"latin-ext\\\",\\\"fontColor\\\":\\\"\\\",\\\"fontLineHeight\\\":\\\"\\\",\\\"fontLetterSpacing\\\":\\\"\\\",\\\"textDecoration\\\":\\\"none\\\",\\\"textAlign\\\":\\\"\\\"}\",\"enable_h6_font\":\"1\",\"h6_font\":\"{\\\"fontFamily\\\":\\\"Roboto\\\",\\\"fontSize\\\":\\\"\\\",\\\"fontSize_sm\\\":\\\"\\\",\\\"fontSize_xs\\\":\\\"\\\",\\\"fontWeight\\\":\\\"400\\\",\\\"fontSubset\\\":\\\"latin-ext\\\",\\\"fontColor\\\":\\\"\\\",\\\"fontLineHeight\\\":\\\"\\\",\\\"fontLetterSpacing\\\":\\\"\\\",\\\"textDecoration\\\":\\\"none\\\",\\\"textAlign\\\":\\\"\\\"}\",\"enable_navigation_font\":\"1\",\"navigation_font\":\"{\\\"fontFamily\\\":\\\"Rubik\\\",\\\"fontSize\\\":\\\"16px\\\",\\\"fontSize_sm\\\":\\\"\\\",\\\"fontSize_xs\\\":\\\"\\\",\\\"fontWeight\\\":\\\"400\\\",\\\"fontSubset\\\":\\\"latin-ext\\\",\\\"fontColor\\\":\\\"\\\",\\\"fontLineHeight\\\":\\\"\\\",\\\"fontLetterSpacing\\\":\\\"\\\",\\\"textDecoration\\\":\\\"none\\\",\\\"textAlign\\\":\\\"\\\"}\",\"custom_font\":\"{\\\"fontFamily\\\":\\\"Arial\\\",\\\"fontSize\\\":\\\"\\\",\\\"fontSize_sm\\\":\\\"\\\",\\\"fontSize_xs\\\":\\\"\\\",\\\"fontWeight\\\":\\\"\\\",\\\"fontSubset\\\":\\\"\\\",\\\"fontColor\\\":\\\"\\\",\\\"fontLineHeight\\\":\\\"\\\",\\\"fontLetterSpacing\\\":\\\"\\\",\\\"textDecoration\\\":\\\"none\\\",\\\"textAlign\\\":\\\"\\\"}\",\"custom_font_selectors\":\"\",\"blog_list_grid_column_gap\":\"medium\",\"blog_list_grid_row_gap\":\"medium\",\"blog_list_breakpoint\":\"m\",\"blog_parallax\":\"\",\"image_margin\":\"default\",\"image_transition\":\"\",\"leading_blog_list_title\":\"h3\",\"blog_list_title_link\":\"default\",\"leading_blog_list_title_margin\":\"default\",\"leading_blog_list_meta_margin\":\"default\",\"content_length\":\"\",\"leading_blog_list_content_margin\":\"default\",\"leading_blog_list_button\":\"primary\",\"leading_blog_list_button_margin\":\"default\",\"blog_center_content\":\"1\",\"image_thumbnail_size\":\"600X340\",\"image_small_size\":\"100X100\",\"image_medium_size\":\"300X300\",\"image_large_size\":\"600X600\",\"image_crop_quality\":\"100\",\"blog_list_image\":\"large\",\"leading_blog_list_image\":\"large\",\"show_list_tags\":\"1\",\"article_content_width\":\"\",\"article_image_margin\":\"default\",\"blog_details_image\":\"default\",\"blog_details_title_margin\":\"default\",\"blog_details_meta_margin\":\"default\",\"blog_details_meta_style\":\"sentence\",\"blog_details_content_margin\":\"default\",\"blog_details_dropcap\":\"1\",\"social_share_lists\":[\"facebook\",\"twitter\",\"linkedin\"],\"og_fb_id\":\"\",\"og_twitter_site\":\"\",\"reading_timeline_bg\":\"#ff5e14\",\"reading_timeline_height\":\"5px\",\"reading_timeline_position\":\"top\",\"related_article_title\":\"Related Articles\",\"related_article_limit\":\"3\",\"related_article_view_type\":\"list\",\"comment\":\"disabled\",\"comment_disqus_subdomain\":\"\",\"comment_disqus_devmode\":\"1\",\"comment_intensedebate_acc\":\"\",\"comment_facebook_app_id\":\"\",\"comment_facebook_width\":\"100\",\"comment_facebook_number\":\"10\",\"comments_count\":\"1\",\"before_head\":\"\",\"after_body\":\"\",\"before_body\":\"\",\"custom_css\":\"\",\"custom_js\":\"\",\"comingsoon_title\":\"Joomla Template\",\"comingsoon_content\":\"It\'s going to be amazing!\",\"comingsoon_date\":\"2021-12-04 00:00:00\",\"comingsoon_logo\":\"\",\"comingsoon_bg_image\":\"\",\"comingsoon_title_background_size\":\"cover\",\"comingsoon_title_bg_position\":\"center-center\",\"comingsoon_title_bg_blendmode\":\"\",\"comingsoon_title_bg_color\":\"#282828\",\"comingsoon_title_tyle\":\"light\",\"comingsoon_social_icons\":\"1\",\"error_logo\":\"\",\"error_bg\":\"\",\"error_title_background_size\":\"cover\",\"error_title_bg_position\":\"center-center\",\"error_title_bg_blendmode\":\"\",\"error_title_bg_color\":\"#282828\",\"error_title_tyle\":\"light\",\"enabled_cookie_banner\":\"1\",\"cookie_type\":\"notification\",\"cookie_bar_position\":\"bottom\",\"cookie_position\":\"bottom-left\",\"cookie_bar_style\":\"primary\",\"cookie_style\":\"primary\",\"cookie_content\":\"By using this website, you agree to the use of cookies as described in our Privacy Policy.\",\"cookie_button\":\"\",\"cookie_button_text\":\"I accept\",\"compress_css\":\"1\",\"compress_js\":\"1\",\"exclude_js\":\"\",\"scssoption\":\"1\",\"enable_fontawesome\":\"1\",\"gfont_api\":\"\",\"ga_code\":\"\",\"ga_tracking_method\":\"\",\"id\":\"12\",\"template\":\"wt_mini_free\",\"client_id\":\"0\",\"home\":\"1\",\"title\":\"wt_mini_free - Default\"}'),(13,'shape5_vertex',0,'1','shape5_vertex - Default',0,'','{\"settings\":\"\"}');

--
-- Table structure for table `joslx_tuf_metadata`
--

CREATE TABLE `joslx_tuf_metadata` (
  `id` int(11) NOT NULL AUTO_INCREMENT,
  `update_site_id` int(11) DEFAULT 0,
  `root` text DEFAULT NULL,
  `targets` text DEFAULT NULL,
  `snapshot` text DEFAULT NULL,
  `timestamp` text DEFAULT NULL,
  `mirrors` text DEFAULT NULL,
  PRIMARY KEY (`id`)
) ENGINE=InnoDB AUTO_INCREMENT=2 DEFAULT CHARSET=utf8mb4 COLLATE=utf8mb4_unicode_ci COMMENT='Secure TUF Updates';

--
-- Dumping data for table `joslx_tuf_metadata`
--

INSERT INTO `joslx_tuf_metadata` (`id`, `update_site_id`, `root`, `targets`, `snapshot`, `timestamp`, `mirrors`) VALUES (1,1,'{\"signed\":{\"_type\":\"root\",\"spec_version\":\"1.0\",\"version\":12,\"expires\":\"2026-12-16T13:18:16Z\",\"keys\":{\"00e432b504508246e2bd536dd6c13e55e8b3256f0be9f767fae26da6c2a28663\":{\"keytype\":\"ed25519\",\"scheme\":\"ed25519\",\"keyid_hash_algorithms\":[\"sha256\",\"sha512\"],\"keyval\":{\"public\":\"250f8d293c49817a83909dead96ad82b62f7ac16844cf589f8d2f0e0b15cab21\"}},\"07eb082f367c034a95878687f6648aa76d93652b6ee73e58817053d89af6c44f\":{\"keytype\":\"ed25519\",\"scheme\":\"ed25519\",\"keyid_hash_algorithms\":[\"sha256\",\"sha512\"],\"keyval\":{\"public\":\"9b2af2d9b9727227735253d795bd27ea8f0e294a5f3603e822dc5052b44802b9\"}},\"179d107f20a2354ac5bd9a1f32a2df1763c0059617f0c132bebeb4816a1a8637\":{\"keytype\":\"ed25519\",\"scheme\":\"ed25519\",\"keyid_hash_algorithms\":[\"sha256\",\"sha512\"],\"keyval\":{\"public\":\"159a4195cbafce2bb959f09ab2b36a2127b8967f94d389f65f1e7892fccfe8b8\"}},\"192ad7343e7d431533d9577fd957b6f924680177db4dc6c0e146dad6810a90a4\":{\"keytype\":\"ed25519\",\"scheme\":\"ed25519\",\"keyid_hash_algorithms\":[\"sha256\",\"sha512\"],\"keyval\":{\"public\":\"042b66e1431a1f5c2c15b4a16ea60f23f466851b58e9ff057dbfc2a5e0d821d1\"}},\"1b1b1dd55b2c1c7258714cf1c1ae06f23e4607b28c762d016a9d81c48ffe5669\":{\"keytype\":\"ed25519\",\"scheme\":\"ed25519\",\"keyid_hash_algorithms\":[\"sha256\",\"sha512\"],\"keyval\":{\"public\":\"a18e5ebabc19d5d5984b601a292ece61ba3662ab2d071dc520da5bd4f8948799\"}},\"273e94e5477e306ad6de75be1524860e219e265ff9a57c81ababd0691e45706c\":{\"keytype\":\"ed25519\",\"scheme\":\"ed25519\",\"keyid_hash_algorithms\":[\"sha256\",\"sha512\"],\"keyval\":{\"public\":\"1cb6702338830ef1c9e76a022fed27172d475bbaace754d8141ebc96dad8b15f\"}},\"2dcaf3d0e552f150792f7c636d45429246dcfa34ac35b46a44f5c87cd17d457e\":{\"keytype\":\"ed25519\",\"scheme\":\"ed25519\",\"keyid_hash_algorithms\":[\"sha256\",\"sha512\"],\"keyval\":{\"public\":\"cb0a7a131961a20edea051d6dc2b091fb650bd399bd8514adb67b3c60db9f8f9\"}},\"31dd7c7290d664c9b88c0dead2697175293ea7df81b7f24153a37370fd3901c3\":{\"keytype\":\"ed25519\",\"scheme\":\"ed25519\",\"keyid_hash_algorithms\":[\"sha256\",\"sha512\"],\"keyval\":{\"public\":\"589d029a68b470deff1ca16dbf3eea6b5b3fcba0ae7bb52c468abc7fb058b2a2\"}},\"9e41a9d62d94c6a1c8a304f62c5bd72d84a9f286f27e8327cedeacb09e5156cc\":{\"keytype\":\"ed25519\",\"scheme\":\"ed25519\",\"keyid_hash_algorithms\":[\"sha256\",\"sha512\"],\"keyval\":{\"public\":\"6043c8bacc76ac5c9750f45454dd865c6ca1fc57d69e14cc192cfd420f6a66a9\"}},\"9eabc37383b243cd236375c66693db385911914b52556e1ec05fc70ed45e1bfe\":{\"keytype\":\"ed25519\",\"scheme\":\"ed25519\",\"keyid_hash_algorithms\":[\"sha256\",\"sha512\"],\"keyval\":{\"public\":\"a4b8509488f1c29ab0b1f610e7452fbec78b4f33f1fba5a418d6ff087c567429\"}},\"a1a4b7fdbeedfdeff12d7776de098a2f8de8d2ab7bfe10062a281b3819b078c1\":{\"keytype\":\"ed25519\",\"scheme\":\"ed25519\",\"keyid_hash_algorithms\":[\"sha256\",\"sha512\"],\"keyval\":{\"public\":\"ea764b0b475b3c396627ac6689cbd8f54a5f93e87b6f5e3eb44a7ccafb542ff3\"}},\"a599a27a3ec4d520059c591338759dc401006b1c4cb1db85a286e667253d28b6\":{\"keytype\":\"ed25519\",\"scheme\":\"ed25519\",\"keyid_hash_algorithms\":[\"sha256\",\"sha512\"],\"keyval\":{\"public\":\"45e416d24d13a60ace5ab028827d5cfc8ba177bb9466bf2acd8efa6e3547911a\"}},\"bfee044dd4574a281c9b7c0b6829913ef292c66c0512d1091a298cfca8493da9\":{\"keytype\":\"ed25519\",\"scheme\":\"ed25519\",\"keyid_hash_algorithms\":[\"sha256\",\"sha512\"],\"keyval\":{\"public\":\"6eb44460e5914e8e0df726ddb90bd1f3771b8ce5af19b40fb01ac5a85b023a6f\"}},\"e2229942b0fc1e6d7f82adf258e5bdadac10046d1470b7ec459c9eb4e076026b\":{\"keytype\":\"ed25519\",\"scheme\":\"ed25519\",\"keyid_hash_algorithms\":[\"sha256\",\"sha512\"],\"keyval\":{\"public\":\"ad1950e117b29ebe7a38635a2e574123e07571e4f9a011783e053b5f15d2562a\"}},\"ecc851a051c8d6439331ff0a37c7727321fc39896a34f950f73638b8a7cb472e\":{\"keytype\":\"ed25519\",\"scheme\":\"ed25519\",\"keyid_hash_algorithms\":[\"sha256\",\"sha512\"],\"keyval\":{\"public\":\"5d451915bc2b93a0e4e4745bc6a8b292d58996d50e0fb66c78c7827152a65879\"}}},\"roles\":{\"root\":{\"keyids\":[\"1b1b1dd55b2c1c7258714cf1c1ae06f23e4607b28c762d016a9d81c48ffe5669\",\"2dcaf3d0e552f150792f7c636d45429246dcfa34ac35b46a44f5c87cd17d457e\",\"192ad7343e7d431533d9577fd957b6f924680177db4dc6c0e146dad6810a90a4\"],\"threshold\":1},\"snapshot\":{\"keyids\":[\"07eb082f367c034a95878687f6648aa76d93652b6ee73e58817053d89af6c44f\",\"2dcaf3d0e552f150792f7c636d45429246dcfa34ac35b46a44f5c87cd17d457e\",\"ecc851a051c8d6439331ff0a37c7727321fc39896a34f950f73638b8a7cb472e\",\"e2229942b0fc1e6d7f82adf258e5bdadac10046d1470b7ec459c9eb4e076026b\",\"bfee044dd4574a281c9b7c0b6829913ef292c66c0512d1091a298cfca8493da9\",\"9eabc37383b243cd236375c66693db385911914b52556e1ec05fc70ed45e1bfe\",\"273e94e5477e306ad6de75be1524860e219e265ff9a57c81ababd0691e45706c\",\"00e432b504508246e2bd536dd6c13e55e8b3256f0be9f767fae26da6c2a28663\",\"179d107f20a2354ac5bd9a1f32a2df1763c0059617f0c132bebeb4816a1a8637\",\"a1a4b7fdbeedfdeff12d7776de098a2f8de8d2ab7bfe10062a281b3819b078c1\",\"192ad7343e7d431533d9577fd957b6f924680177db4dc6c0e146dad6810a90a4\",\"a599a27a3ec4d520059c591338759dc401006b1c4cb1db85a286e667253d28b6\"],\"threshold\":1},\"targets\":{\"keyids\":[\"31dd7c7290d664c9b88c0dead2697175293ea7df81b7f24153a37370fd3901c3\",\"ecc851a051c8d6439331ff0a37c7727321fc39896a34f950f73638b8a7cb472e\",\"e2229942b0fc1e6d7f82adf258e5bdadac10046d1470b7ec459c9eb4e076026b\",\"bfee044dd4574a281c9b7c0b6829913ef292c66c0512d1091a298cfca8493da9\",\"9eabc37383b243cd236375c66693db385911914b52556e1ec05fc70ed45e1bfe\",\"273e94e5477e306ad6de75be1524860e219e265ff9a57c81ababd0691e45706c\",\"00e432b504508246e2bd536dd6c13e55e8b3256f0be9f767fae26da6c2a28663\",\"179d107f20a2354ac5bd9a1f32a2df1763c0059617f0c132bebeb4816a1a8637\",\"a1a4b7fdbeedfdeff12d7776de098a2f8de8d2ab7bfe10062a281b3819b078c1\"],\"threshold\":1},\"timestamp\":{\"keyids\":[\"9e41a9d62d94c6a1c8a304f62c5bd72d84a9f286f27e8327cedeacb09e5156cc\"],\"threshold\":1}},\"consistent_snapshot\":true},\"signatures\":[{\"keyid\":\"1b1b1dd55b2c1c7258714cf1c1ae06f23e4607b28c762d016a9d81c48ffe5669\",\"sig\":\"566d6aa10932b36ebda6fbb56f17a683c0044cc1e94947fa26f454319e544bf83ccaaca8197874ef51c2eb51ba252297bc1b4f8c6d8b58ed31f30d6d8e100801\"}]}','{\"signed\":{\"_type\":\"targets\",\"spec_version\":\"1.0\",\"version\":93,\"expires\":\"2026-07-14T15:39:48Z\",\"targets\":{\"Joomla_5.1.2-Stable-Upgrade_Package.zip\":{\"length\":28134889,\"hashes\":{\"sha512\":\"d6b46cdedb9b31d01a607fe4c2f3a830a3265ed6ae5c0cb7b0f836b1b016ee7c639bd8948df00baf1b61a87f2fc71368a80b39e67ef9ec2b8842ee0ab09a620f\"},\"custom\":{\"client\":\"site\",\"description\":\"Joomla! 5.1.2 Release\",\"downloads\":[{\"url\":\"https://downloads.joomla.org/cms/joomla5/5-1-2/Joomla_5.1.2-Stable-Update_Package.zip\",\"format\":\"zip\",\"type\":\"full\"},{\"url\":\"https://github.com/joomla/joomla-cms/releases/download/5.1.2/Joomla_5.1.2-Stable-Update_Package.zip\",\"format\":\"zip\",\"type\":\"full\"},{\"url\":\"https://update.joomla.org/releases/5.1.2/Joomla_5.1.2-Stable-Update_Package.zip\",\"format\":\"zip\",\"type\":\"full\"}],\"element\":\"joomla\",\"infourl\":{\"url\":\"https://www.joomla.org/announcements/release-news/5909-joomla-5-1-2-and-joomla-4-4-6-security-and-bug-fix-release.html\",\"title\":\"Joomla! 5.1.2 Release\"},\"maintainer\":\"Joomla! Production Department\",\"maintainerurl\":\"https://www.joomla.org\",\"name\":\"Joomla! 5.1.2\",\"php_minimum\":\"8.1.0\",\"channel\":\"6.x\",\"stability\":\"Stable\",\"supported_databases\":{\"mariadb\":\"10.4\",\"mysql\":\"8.0.13\",\"postgresql\":\"11.0\"},\"targetplatform\":{\"name\":\"joomla\",\"version\":\"(5\\\\.[0-4])|^(4\\\\.4)\"},\"type\":\"file\",\"version\":\"5.1.2\"}},\"Joomla_5.4.1-Stable-Update_Package.zip\":{\"length\":30009045,\"hashes\":{\"sha512\":\"aeddd1143cd574ff3f6e9bc7d7c67bf5d21dc1b404d98498a691b1fff12f5d245b48424f97155f20e2807e4ee2c1aed7313fae3ab8c0d27a08a20947c166c43e\"},\"custom\":{\"client\":\"site\",\"description\":\"Joomla! 5.4.1 Release\",\"downloads\":[{\"url\":\"https://downloads.joomla.org/cms/joomla5/5-4-1/Joomla_5.4.1-Stable-Update_Package.zip\",\"format\":\"zip\",\"type\":\"full\"},{\"url\":\"https://github.com/joomla/joomla-cms/releases/download/5.4.1/Joomla_5.4.1-Stable-Update_Package.zip\",\"format\":\"zip\",\"type\":\"full\"},{\"url\":\"https://update.joomla.org/releases/5.4.1/Joomla_5.4.1-Stable-Update_Package.zip\",\"format\":\"zip\",\"type\":\"full\"}],\"element\":\"joomla\",\"infourl\":{\"url\":\"https://www.joomla.org/announcements/release-news/5941-joomla-6-0-1-and-5-4-1-bugfix-release.html\",\"title\":\"Joomla! 5.4.1 Release\"},\"maintainer\":\"Joomla! Production Department\",\"maintainerurl\":\"https://www.joomla.org\",\"name\":\"Joomla! 5.4.1\",\"php_minimum\":\"8.1.0\",\"channel\":\"5.x\",\"stability\":\"Stable\",\"supported_databases\":{\"mariadb\":\"10.4\",\"mysql\":\"8.0.13\",\"postgresql\":\"11.0\"},\"targetplatform\":{\"name\":\"joomla\",\"version\":\"(5\\\\.[0-4])|^(4\\\\.4)\"},\"type\":\"file\",\"version\":\"5.4.1\"}},\"Joomla_5.4.2-Stable-Update_Package.zip\":{\"length\":30316442,\"hashes\":{\"sha512\":\"e83add95a43103ec2d6ccada9e33a29fa6feb2d8e27b6bd16376f4a75d9b588c029b1f24c97b0772e3a6eb0e20d2b8e0e3526cf2af242d90c280ef63abeddaa9\"},\"custom\":{\"client\":\"site\",\"description\":\"Joomla! 5.4.2 Release\",\"downloads\":[{\"url\":\"https://downloads.joomla.org/cms/joomla5/5-4-2/Joomla_5.4.2-Stable-Update_Package.zip\",\"format\":\"zip\",\"type\":\"full\"},{\"url\":\"https://github.com/joomla/joomla-cms/releases/download/5.4.2/Joomla_5.4.2-Stable-Update_Package.zip\",\"format\":\"zip\",\"type\":\"full\"},{\"url\":\"https://update.joomla.org/releases/5.4.2/Joomla_5.4.2-Stable-Update_Package.zip\",\"format\":\"zip\",\"type\":\"full\"}],\"element\":\"joomla\",\"infourl\":{\"url\":\"https://www.joomla.org/announcements/release-news/5942-joomla-6-0-2-and-5-4-2-security-bugfix-release.html\",\"title\":\"Joomla! 5.4.2 Release\"},\"maintainer\":\"Joomla! Production Department\",\"maintainerurl\":\"https://www.joomla.org\",\"name\":\"Joomla! 5.4.2\",\"php_minimum\":\"8.1.0\",\"channel\":\"5.x\",\"stability\":\"Stable\",\"supported_databases\":{\"mariadb\":\"10.4\",\"mysql\":\"8.0.13\",\"postgresql\":\"11.0\"},\"targetplatform\":{\"name\":\"joomla\",\"version\":\"(5\\\\.[0-4])|^(4\\\\.4)\"},\"type\":\"file\",\"version\":\"5.4.2\"}},\"Joomla_5.4.3-Stable-Update_Package.zip\":{\"length\":30403970,\"hashes\":{\"sha512\":\"63901b3cca37a59fe8028e0adb01eda3bb3669dc410c21b1ab7cb040997980c75d2d52b242d053800a542f4d60cf6a15e5fdabc963014c35aef80f6b8b02857f\"},\"custom\":{\"client\":\"site\",\"description\":\"Joomla! 5.4.3 Release\",\"downloads\":[{\"url\":\"https://downloads.joomla.org/cms/joomla5/5-4-3/Joomla_5.4.3-Stable-Update_Package.zip\",\"format\":\"zip\",\"type\":\"full\"},{\"url\":\"https://github.com/joomla/joomla-cms/releases/download/5.4.3/Joomla_5.4.3-Stable-Update_Package.zip\",\"format\":\"zip\",\"type\":\"full\"},{\"url\":\"https://update.joomla.org/releases/5.4.3/Joomla_5.4.3-Stable-Update_Package.zip\",\"format\":\"zip\",\"type\":\"full\"}],\"element\":\"joomla\",\"infourl\":{\"url\":\"https://www.joomla.org/announcements/release-news/5943-joomla-6-0-3-and-5-4-3-bugfix-release.html\",\"title\":\"Joomla! 5.4.3 Release\"},\"maintainer\":\"Joomla! Production Department\",\"maintainerurl\":\"https://www.joomla.org\",\"name\":\"Joomla! 5.4.3\",\"php_minimum\":\"8.1.0\",\"channel\":\"5.x\",\"stability\":\"Stable\",\"supported_databases\":{\"mariadb\":\"10.4\",\"mysql\":\"8.0.13\",\"postgresql\":\"11.0\"},\"targetplatform\":{\"name\":\"joomla\",\"version\":\"(5\\\\.[0-4])|^(4\\\\.4)\"},\"type\":\"file\",\"version\":\"5.4.3\"}},\"Joomla_5.4.4-Stable-Update_Package.zip\":{\"length\":30488702,\"hashes\":{\"sha512\":\"56497e3c1bf1b9b21e8149a15e36dd1590f6adffd13b38005af40afdf2a33761fbacc9628c5ea6b0e21eb04fb1ca20ca9bc96b2add4b626ed0b567f43994a65e\"},\"custom\":{\"client\":\"site\",\"description\":\"Joomla! 5.4.4 Release\",\"downloads\":[{\"url\":\"https://downloads.joomla.org/cms/joomla5/5-4-4/Joomla_5.4.4-Stable-Update_Package.zip\",\"format\":\"zip\",\"type\":\"full\"},{\"url\":\"https://github.com/joomla/joomla-cms/releases/download/5.4.4/Joomla_5.4.4-Stable-Update_Package.zip\",\"format\":\"zip\",\"type\":\"full\"},{\"url\":\"https://update.joomla.org/releases/5.4.4/Joomla_5.4.4-Stable-Update_Package.zip\",\"format\":\"zip\",\"type\":\"full\"}],\"element\":\"joomla\",\"infourl\":{\"url\":\"https://www.joomla.org/announcements/release-news/5944-joomla-6-0-4-5-4-4-security-bugfix-release.html\",\"title\":\"Joomla! 5.4.4 Release\"},\"maintainer\":\"Joomla! Production Department\",\"maintainerurl\":\"https://www.joomla.org\",\"name\":\"Joomla! 5.4.4\",\"php_minimum\":\"8.1.0\",\"channel\":\"5.x\",\"stability\":\"Stable\",\"supported_databases\":{\"mariadb\":\"10.4\",\"mysql\":\"8.0.13\",\"postgresql\":\"11.0\"},\"targetplatform\":{\"name\":\"joomla\",\"version\":\"(5\\\\.[0-4])|^(4\\\\.4)\"},\"type\":\"file\",\"version\":\"5.4.4\"}},\"Joomla_5.4.5-Stable-Update_Package.zip\":{\"length\":30498375,\"hashes\":{\"sha512\":\"c4ebb9a6782c6ef1a3fe58231b78dbf301e212f0f33325e2a17e8014331dab5dee99ebaf2f90eb3e795d1c24ddc55d9485dba095e3f76d0780a80d0f61204ef2\"},\"custom\":{\"client\":\"site\",\"description\":\"Joomla! 5.4.5 Release\",\"downloads\":[{\"url\":\"https://downloads.joomla.org/cms/joomla5/5-4-5/Joomla_5.4.5-Stable-Update_Package.zip\",\"format\":\"zip\",\"type\":\"full\"},{\"url\":\"https://github.com/joomla/joomla-cms/releases/download/5.4.5/Joomla_5.4.5-Stable-Update_Package.zip\",\"format\":\"zip\",\"type\":\"full\"},{\"url\":\"https://update.joomla.org/releases/5.4.5/Joomla_5.4.5-Stable-Update_Package.zip\",\"format\":\"zip\",\"type\":\"full\"}],\"element\":\"joomla\",\"infourl\":{\"url\":\"https://www.joomla.org/announcements/release-news/5951-joomla-5-4-5-bugfix-release.html\",\"title\":\"Joomla! 5.4.5 Release\"},\"maintainer\":\"Joomla! Production Department\",\"maintainerurl\":\"https://www.joomla.org\",\"name\":\"Joomla! 5.4.5\",\"php_minimum\":\"8.1.0\",\"channel\":\"5.x\",\"stability\":\"Stable\",\"supported_databases\":{\"mariadb\":\"10.4\",\"mysql\":\"8.0.13\",\"postgresql\":\"11.0\"},\"targetplatform\":{\"name\":\"joomla\",\"version\":\"(5\\\\.[0-4])|^(4\\\\.4)\"},\"type\":\"file\",\"version\":\"5.4.5\"}},\"Joomla_5.4.5-rc1-Release_Candidate-Update_Package.zip\":{\"length\":30498394,\"hashes\":{\"sha512\":\"902e15b690f8bb33de3d139bc861362bd9f073fef506ce150bdc0f29bf8bde6c10aefa0518bb4f57f39576117913cddf59a8c325c7a517c21d7b6b1aea48aee8\"},\"custom\":{\"client\":\"site\",\"description\":\"Joomla! 5.4.5-rc1 Release\",\"downloads\":[{\"url\":\"https://github.com/joomla/joomla-cms/releases/download/5.4.5-rc1/Joomla_5.4.5-rc1-Release_Candidate-Update_Package.zip\",\"format\":\"zip\",\"type\":\"full\"}],\"element\":\"joomla\",\"infourl\":{\"url\":\"https://github.com/joomla/joomla-cms/releases/tag/5.4.5-rc1\",\"title\":\"Joomla! 5.4.5-rc1 Release\"},\"maintainer\":\"Joomla! Production Department\",\"maintainerurl\":\"https://www.joomla.org\",\"name\":\"Joomla! 5.4.5-rc1\",\"php_minimum\":\"8.1.0\",\"channel\":\"5.x\",\"stability\":\"RC\",\"supported_databases\":{\"mariadb\":\"10.4\",\"mysql\":\"8.0.13\",\"postgresql\":\"11.0\"},\"targetplatform\":{\"name\":\"joomla\",\"version\":\"(5\\\\.[0-4])|^(4\\\\.4)\"},\"type\":\"file\",\"version\":\"5.4.5-rc1\"}},\"Joomla_6.0.1-Stable-Update_Package.zip\":{\"length\":30247182,\"hashes\":{\"sha512\":\"38f8dd3ff1fd48b9973193a4484591b3b9f4a7516eb7640ff1687d84c81d4dc8cd05f6f58b9f48172bae41a466442f4a5af4a23e3d63869aeb1b05f4fdd6512e\"},\"custom\":{\"client\":\"site\",\"description\":\"Joomla! 6.0.1 Release\",\"downloads\":[{\"url\":\"https://downloads.joomla.org/cms/joomla6/6-0-1/Joomla_6.0.1-Stable-Update_Package.zip\",\"format\":\"zip\",\"type\":\"full\"},{\"url\":\"https://github.com/joomla/joomla-cms/releases/download/6.0.1/Joomla_6.0.1-Stable-Update_Package.zip\",\"format\":\"zip\",\"type\":\"full\"},{\"url\":\"https://update.joomla.org/releases/6.0.1/Joomla_6.0.1-Stable-Update_Package.zip\",\"format\":\"zip\",\"type\":\"full\"}],\"element\":\"joomla\",\"infourl\":{\"url\":\"https://www.joomla.org/announcements/release-news/5941-joomla-6-0-1-and-5-4-1-bugfix-release.html\",\"title\":\"Joomla! 6.0.1 Release\"},\"maintainer\":\"Joomla! Production Department\",\"maintainerurl\":\"https://www.joomla.org\",\"name\":\"Joomla! 6.0.1\",\"php_minimum\":\"8.3.0\",\"channel\":\"6.x\",\"stability\":\"Stable\",\"supported_databases\":{\"mariadb\":\"10.4\",\"mysql\":\"8.0.13\",\"postgresql\":\"12.0\"},\"targetplatform\":{\"name\":\"joomla\",\"version\":\"(6\\\\.[0-4])|^(5\\\\.4)\"},\"type\":\"file\",\"version\":\"6.0.1\"}},\"Joomla_6.0.2-Stable-Update_Package.zip\":{\"length\":30555623,\"hashes\":{\"sha512\":\"c0cff255fcf8e0359453c18365f4906afcce115981a5114e3388da583ad192bde320c8bdd191cd8ca4e55ad5585c9c4cd098c2e1661d8a109d37b94340e4b6a6\"},\"custom\":{\"client\":\"site\",\"description\":\"Joomla! 6.0.2 Release\",\"downloads\":[{\"url\":\"https://downloads.joomla.org/cms/joomla6/6-0-2/Joomla_6.0.2-Stable-Update_Package.zip\",\"format\":\"zip\",\"type\":\"full\"},{\"url\":\"https://github.com/joomla/joomla-cms/releases/download/6.0.2/Joomla_6.0.2-Stable-Update_Package.zip\",\"format\":\"zip\",\"type\":\"full\"},{\"url\":\"https://update.joomla.org/releases/6.0.2/Joomla_6.0.2-Stable-Update_Package.zip\",\"format\":\"zip\",\"type\":\"full\"}],\"element\":\"joomla\",\"infourl\":{\"url\":\"https://www.joomla.org/announcements/release-news/5942-joomla-6-0-2-and-5-4-2-security-bugfix-release.html\",\"title\":\"Joomla! 6.0.2 Release\"},\"maintainer\":\"Joomla! Production Department\",\"maintainerurl\":\"https://www.joomla.org\",\"name\":\"Joomla! 6.0.2\",\"php_minimum\":\"8.3.0\",\"channel\":\"6.x\",\"stability\":\"Stable\",\"supported_databases\":{\"mariadb\":\"10.4\",\"mysql\":\"8.0.13\",\"postgresql\":\"12.0\"},\"targetplatform\":{\"name\":\"joomla\",\"version\":\"(6\\\\.[0-4])|^(5\\\\.4)\"},\"type\":\"file\",\"version\":\"6.0.2\"}},\"Joomla_6.0.3-Stable-Update_Package.zip\":{\"length\":30645479,\"hashes\":{\"sha512\":\"212a681935d260925cbb15e0fa4d9c9e40978aa32ab7137ff1e0775be26eaa6634317521ec8a411aed3f76990758cbe4dcec3c86186458238dc45f8a3886e5dc\"},\"custom\":{\"client\":\"site\",\"description\":\"Joomla! 6.0.3 Release\",\"downloads\":[{\"url\":\"https://downloads.joomla.org/cms/joomla6/6-0-3/Joomla_6.0.3-Stable-Update_Package.zip\",\"format\":\"zip\",\"type\":\"full\"},{\"url\":\"https://github.com/joomla/joomla-cms/releases/download/6.0.3/Joomla_6.0.3-Stable-Update_Package.zip\",\"format\":\"zip\",\"type\":\"full\"},{\"url\":\"https://update.joomla.org/releases/6.0.3/Joomla_6.0.3-Stable-Update_Package.zip\",\"format\":\"zip\",\"type\":\"full\"}],\"element\":\"joomla\",\"infourl\":{\"url\":\"https://www.joomla.org/announcements/release-news/5943-joomla-6-0-3-and-5-4-3-bugfix-release.html\",\"title\":\"Joomla! 6.0.3 Release\"},\"maintainer\":\"Joomla! Production Department\",\"maintainerurl\":\"https://www.joomla.org\",\"name\":\"Joomla! 6.0.3\",\"php_minimum\":\"8.3.0\",\"channel\":\"6.x\",\"stability\":\"Stable\",\"supported_databases\":{\"mariadb\":\"10.4\",\"mysql\":\"8.0.13\",\"postgresql\":\"12.0\"},\"targetplatform\":{\"name\":\"joomla\",\"version\":\"(6\\\\.[0-4])|^(5\\\\.4)\"},\"type\":\"file\",\"version\":\"6.0.3\"}},\"Joomla_6.0.4-Stable-Update_Package.zip\":{\"length\":30730380,\"hashes\":{\"sha512\":\"39de3d222482dc1d6ba3041c9cbfb259dbf17762d917af59906c1c5c43b5da5016d5fb54d788f8b866fb473e4b57e3f1780db74be115300c181897c75e38c2e5\"},\"custom\":{\"client\":\"site\",\"description\":\"Joomla! 6.0.4 Release\",\"downloads\":[{\"url\":\"https://downloads.joomla.org/cms/joomla6/6-0-4/Joomla_6.0.4-Stable-Update_Package.zip\",\"format\":\"zip\",\"type\":\"full\"},{\"url\":\"https://github.com/joomla/joomla-cms/releases/download/6.0.4/Joomla_6.0.4-Stable-Update_Package.zip\",\"format\":\"zip\",\"type\":\"full\"},{\"url\":\"https://update.joomla.org/releases/6.0.4/Joomla_6.0.4-Stable-Update_Package.zip\",\"format\":\"zip\",\"type\":\"full\"}],\"element\":\"joomla\",\"infourl\":{\"url\":\"https://www.joomla.org/announcements/release-news/5944-joomla-6-0-4-5-4-4-security-bugfix-release.html\",\"title\":\"Joomla! 6.0.4 Release\"},\"maintainer\":\"Joomla! Production Department\",\"maintainerurl\":\"https://www.joomla.org\",\"name\":\"Joomla! 6.0.4\",\"php_minimum\":\"8.3.0\",\"channel\":\"6.x\",\"stability\":\"Stable\",\"supported_databases\":{\"mariadb\":\"10.4\",\"mysql\":\"8.0.13\",\"postgresql\":\"12.0\"},\"targetplatform\":{\"name\":\"joomla\",\"version\":\"(6\\\\.[0-4])|^(5\\\\.4)\"},\"type\":\"file\",\"version\":\"6.0.4\"}},\"Joomla_6.1.0-Stable-Update_Package.zip\":{\"length\":31441199,\"hashes\":{\"sha512\":\"e066487307a7952450d4f37ce97a576ae185728793d081c98416db9bb2a830fa4cfea0c5f6c7828bb91523cd26d6120c0d5111fc39962fa71cd875a8983c2c1a\"},\"custom\":{\"client\":\"site\",\"description\":\"Joomla! 6.1.0 Release\",\"downloads\":[{\"url\":\"https://downloads.joomla.org/cms/joomla6/6-1-0/Joomla_6.1.0-Stable-Update_Package.zip\",\"format\":\"zip\",\"type\":\"full\"},{\"url\":\"https://github.com/joomla/joomla-cms/releases/download/6.1.0/Joomla_6.1.0-Stable-Update_Package.zip\",\"format\":\"zip\",\"type\":\"full\"},{\"url\":\"https://update.joomla.org/releases/6.1.0/Joomla_6.1.0-Stable-Update_Package.zip\",\"format\":\"zip\",\"type\":\"full\"}],\"element\":\"joomla\",\"infourl\":{\"url\":\"https://www.joomla.org/announcements/release-news/5950-joomla-6-1-is-here.html\",\"title\":\"Joomla! 6.1.0 Release\"},\"maintainer\":\"Joomla! Production Department\",\"maintainerurl\":\"https://www.joomla.org\",\"name\":\"Joomla! 6.1.0\",\"php_minimum\":\"8.3.0\",\"channel\":\"6.x\",\"stability\":\"Stable\",\"supported_databases\":{\"mariadb\":\"10.4\",\"mysql\":\"8.0.13\",\"postgresql\":\"12.0\"},\"targetplatform\":{\"name\":\"joomla\",\"version\":\"(6\\\\.[0-4])|^(5\\\\.4)\"},\"type\":\"file\",\"version\":\"6.1.0\"}},\"Joomla_6.1.0-alpha2-Alpha-Full_Package.zip\":{\"length\":33107068,\"hashes\":{\"sha512\":\"be9711e1bda18981f077369105399eff9e8ab9203cad43d2c5385689e32db7bc6e11f3b5e406194dd9c2d7f5892bb92c6702cf5436badf3d971150ffcfda0a72\"},\"custom\":{\"client\":\"site\",\"description\":\"Joomla! 6.1.0-alpha2 Release\",\"downloads\":[{\"url\":\"https://github.com/joomla/joomla-cms/releases/download/6.1.0-alpha2/Joomla_6.1.0-alpha2-Alpha-Update_Package.zip\",\"format\":\"zip\",\"type\":\"full\"}],\"element\":\"joomla\",\"infourl\":{\"url\":\"https://developer.joomla.org/news/1015-joomla-6-1-alpha2-see-how-its-coming-together.html\",\"title\":\"Joomla! 6.1.0-alpha2 Release\"},\"maintainer\":\"Joomla! Production Department\",\"maintainerurl\":\"https://www.joomla.org\",\"name\":\"Joomla! 6.1.0-alpha2\",\"php_minimum\":\"8.3.0\",\"channel\":\"6.x\",\"stability\":\"Alpha\",\"supported_databases\":{\"mariadb\":\"10.4\",\"mysql\":\"8.0.13\",\"postgresql\":\"12.0\"},\"targetplatform\":{\"name\":\"joomla\",\"version\":\"(6\\\\.[0-4])|^(5\\\\.4)\"},\"type\":\"file\",\"version\":\"6.1.0-alpha2\"}},\"Joomla_6.1.0-alpha2-Alpha-Update_Package.zip\":{\"length\":30736927,\"hashes\":{\"sha512\":\"388790c8b32f624e5b33531f4a41eefa85b5273e76e20a847b01c7eaa59367939317581e5f75ade6c024f25894740c9651ce2faaa330ac8a7fb863434c170879\"},\"custom\":{\"client\":\"site\",\"description\":\"Joomla! 6.1.0-alpha2 Release\",\"downloads\":[{\"url\":\"https://github.com/joomla/joomla-cms/releases/download/6.1.0-alpha2/Joomla_6.1.0-alpha2-Alpha-Update_Package.zip\",\"format\":\"zip\",\"type\":\"full\"}],\"element\":\"joomla\",\"infourl\":{\"url\":\"https://developer.joomla.org/news/1015-joomla-6-1-alpha2-see-how-its-coming-together.html\",\"title\":\"Joomla! 6.1.0-alpha2 Release\"},\"maintainer\":\"Joomla! Production Department\",\"maintainerurl\":\"https://www.joomla.org\",\"name\":\"Joomla! 6.1.0-alpha2\",\"php_minimum\":\"8.3.0\",\"channel\":\"6.x\",\"stability\":\"Alpha\",\"supported_databases\":{\"mariadb\":\"10.4\",\"mysql\":\"8.0.13\",\"postgresql\":\"12.0\"},\"targetplatform\":{\"name\":\"joomla\",\"version\":\"(6\\\\.[0-4])|^(5\\\\.4)\"},\"type\":\"file\",\"version\":\"6.1.0-alpha2\"}},\"Joomla_6.1.0-alpha3-Alpha-Full_Package.zip\":{\"length\":33216519,\"hashes\":{\"sha512\":\"16eb1fb81ef4b0c2f3ebca14538945d291623f544d77946e556fc2f17561bda55c256be4f56c0f5034609bbc10e7dcbf0995691b0cd613f5dc58658fe964333b\"},\"custom\":{\"client\":\"site\",\"description\":\"Joomla! 6.1.0-alpha3 Release\",\"downloads\":[{\"url\":\"https://github.com/joomla/joomla-cms/releases/download/6.1.0-alpha3/Joomla_6.1.0-alpha3-Alpha-Update_Package.zip\",\"format\":\"zip\",\"type\":\"full\"}],\"element\":\"joomla\",\"infourl\":{\"url\":\"https://developer.joomla.org/news/1018-joomla-6-1-alpha3-wrapping-up-the-alpha-phase.html\",\"title\":\"Joomla! 6.1.0-alpha3 Release\"},\"maintainer\":\"Joomla! Production Department\",\"maintainerurl\":\"https://www.joomla.org\",\"name\":\"Joomla! 6.1.0-alpha3\",\"php_minimum\":\"8.3.0\",\"channel\":\"6.x\",\"stability\":\"Alpha\",\"supported_databases\":{\"mariadb\":\"10.4\",\"mysql\":\"8.0.13\",\"postgresql\":\"12.0\"},\"targetplatform\":{\"name\":\"joomla\",\"version\":\"(6\\\\.[0-4])|^(5\\\\.4)\"},\"type\":\"file\",\"version\":\"6.1.0-alpha3\"}},\"Joomla_6.1.0-alpha3-Alpha-Update_Package.zip\":{\"length\":30842460,\"hashes\":{\"sha512\":\"9290f78cdba43c0bbb4e9b812a1e06cd548e6a4e14b51529d50d5acab3fdb4f7ab5cc6828655596159af41962b51f5a14008a26f06e3f9c5b3781f309cb52a19\"},\"custom\":{\"client\":\"site\",\"description\":\"Joomla! 6.1.0-alpha3 Release\",\"downloads\":[{\"url\":\"https://github.com/joomla/joomla-cms/releases/download/6.1.0-alpha3/Joomla_6.1.0-alpha3-Alpha-Update_Package.zip\",\"format\":\"zip\",\"type\":\"full\"}],\"element\":\"joomla\",\"infourl\":{\"url\":\"https://developer.joomla.org/news/1018-joomla-6-1-alpha3-wrapping-up-the-alpha-phase.html\",\"title\":\"Joomla! 6.1.0-alpha3 Release\"},\"maintainer\":\"Joomla! Production Department\",\"maintainerurl\":\"https://www.joomla.org\",\"name\":\"Joomla! 6.1.0-alpha3\",\"php_minimum\":\"8.3.0\",\"channel\":\"6.x\",\"stability\":\"Alpha\",\"supported_databases\":{\"mariadb\":\"10.4\",\"mysql\":\"8.0.13\",\"postgresql\":\"12.0\"},\"targetplatform\":{\"name\":\"joomla\",\"version\":\"(6\\\\.[0-4])|^(5\\\\.4)\"},\"type\":\"file\",\"version\":\"6.1.0-alpha3\"}},\"Joomla_6.1.0-beta3-Beta-Update_Package.zip\":{\"length\":31413826,\"hashes\":{\"sha512\":\"9f03df89f3112706026cd9e99f4e3e1cc46a706db8492957e093ae416aadc568b422bcebbf74d45ffc07072d011c0d64e64e9891adcc3f56326da22ccb62d449\"},\"custom\":{\"client\":\"site\",\"description\":\"Joomla! 6.1.0-beta3 Release\",\"downloads\":[{\"url\":\"https://github.com/joomla/joomla-cms/releases/download/6.1.0-beta3/Joomla_6.1.0-beta3-Beta-Update_Package.zip\",\"format\":\"zip\",\"type\":\"full\"}],\"element\":\"joomla\",\"infourl\":{\"url\":\"https://developer.joomla.org/news/1026-joomla-6-1-beta3-help-make-it-stable.html\",\"title\":\"Joomla! 6.1.0-beta3 Release\"},\"maintainer\":\"Joomla! Production Department\",\"maintainerurl\":\"https://www.joomla.org\",\"name\":\"Joomla! 6.1.0-beta3\",\"php_minimum\":\"8.3.0\",\"channel\":\"6.x\",\"stability\":\"Beta\",\"supported_databases\":{\"mariadb\":\"10.4\",\"mysql\":\"8.0.13\",\"postgresql\":\"12.0\"},\"targetplatform\":{\"name\":\"joomla\",\"version\":\"(6\\\\.[0-4])|^(5\\\\.4)\"},\"type\":\"file\",\"version\":\"6.1.0-beta3\"}},\"Joomla_6.1.0-rc1-Release_Candidate-Update_Package.zip\":{\"length\":31432633,\"hashes\":{\"sha512\":\"6b06981c9e3dc2f0345fc7ef6372d14fa4d84f5f8f424465139dd0ec9c596cf297a554a61b0bcbe02d1c4b494f5e8f1abb821f715222f1f3610045ea7c5f60cc\"},\"custom\":{\"client\":\"site\",\"description\":\"Joomla! 6.1.0-rc1 Release\",\"downloads\":[{\"url\":\"https://github.com/joomla/joomla-cms/releases/download/6.1.0-rc1/Joomla_6.1.0-rc1-Release_Candidate-Update_Package.zip\",\"format\":\"zip\",\"type\":\"full\"}],\"element\":\"joomla\",\"infourl\":{\"url\":\"https://www.joomla.org/news/5945-joomla-6-1-release-candidate-test-the-final-package.html\",\"title\":\"Joomla! 6.1.0-rc1 Release\"},\"maintainer\":\"Joomla! Production Department\",\"maintainerurl\":\"https://www.joomla.org\",\"name\":\"Joomla! 6.1.0-rc1\",\"php_minimum\":\"8.3.0\",\"channel\":\"6.x\",\"stability\":\"RC\",\"supported_databases\":{\"mariadb\":\"10.4\",\"mysql\":\"8.0.13\",\"postgresql\":\"12.0\"},\"targetplatform\":{\"name\":\"joomla\",\"version\":\"(6\\\\.[0-4])|^(5\\\\.4)\"},\"type\":\"file\",\"version\":\"6.1.0-rc1\"}},\"Joomla_6.1.0-rc2-Release_Candidate-Update_Package.zip\":{\"length\":31433359,\"hashes\":{\"sha512\":\"b9b85aa048c26face653f9fb62f4ca28c294fa2a9c643aed73b581742d07db6d9d0b3169b4f7a437d1b233fe4771e0efe6395280a22139afa0a459908ba5d9b3\"},\"custom\":{\"client\":\"site\",\"description\":\"Joomla! 6.1.0-rc2 Release\",\"downloads\":[{\"url\":\"https://github.com/joomla/joomla-cms/releases/download/6.1.0-rc2/Joomla_6.1.0-rc2-Release_Candidate-Update_Package.zip\",\"format\":\"zip\",\"type\":\"full\"}],\"element\":\"joomla\",\"infourl\":{\"url\":\"https://www.joomla.org/announcements/release-news/5949-joomla-6-1-release-candidate-2-test-the-final-package.html\",\"title\":\"Joomla! 6.1.0-rc2 Release\"},\"maintainer\":\"Joomla! Production Department\",\"maintainerurl\":\"https://www.joomla.org\",\"name\":\"Joomla! 6.1.0-rc2\",\"php_minimum\":\"8.3.0\",\"channel\":\"6.x\",\"stability\":\"RC\",\"supported_databases\":{\"mariadb\":\"10.4\",\"mysql\":\"8.0.13\",\"postgresql\":\"12.0\"},\"targetplatform\":{\"name\":\"joomla\",\"version\":\"(6\\\\.[0-4])|^(5\\\\.4)\"},\"type\":\"file\",\"version\":\"6.1.0-rc2\"}},\"Joomla_6.1.0-rc3-Release_Candidate-Update_Package.zip\":{\"length\":31441220,\"hashes\":{\"sha512\":\"5e66b9407f56f0d5d948a85743872e034a1e45b2d8b0cd876cbedb16edcfe39a32f95172677e2a12514a062aae8e1eb94ca3612ea1adb757c3911865cf2e242b\"},\"custom\":{\"client\":\"site\",\"description\":\"Joomla! 6.1.0-rc3 Release\",\"downloads\":[{\"url\":\"https://github.com/joomla/joomla-cms/releases/download/6.1.0-rc3/Joomla_6.1.0-rc3-Release_Candidate-Update_Package.zip\",\"format\":\"zip\",\"type\":\"full\"}],\"element\":\"joomla\",\"infourl\":{\"url\":\"https://www.joomla.org/announcements/release-news/5952-joomla-6-1-release-candidate-3-test-the-final-package.html\",\"title\":\"Joomla! 6.1.0-rc3 Release\"},\"maintainer\":\"Joomla! Production Department\",\"maintainerurl\":\"https://www.joomla.org\",\"name\":\"Joomla! 6.1.0-rc3\",\"php_minimum\":\"8.3.0\",\"channel\":\"6.x\",\"stability\":\"RC\",\"supported_databases\":{\"mariadb\":\"10.4\",\"mysql\":\"8.0.13\",\"postgresql\":\"12.0\"},\"targetplatform\":{\"name\":\"joomla\",\"version\":\"(6\\\\.[0-4])|^(5\\\\.4)\"},\"type\":\"file\",\"version\":\"6.1.0-rc3\"}}}},\"signatures\":[{\"keyid\":\"a1a4b7fdbeedfdeff12d7776de098a2f8de8d2ab7bfe10062a281b3819b078c1\",\"sig\":\"e8f4fd7a0c512c7b20ea5601aa7e632abd9d29facd802a07cdefa168e62a78b07ca498e49af1bd63dd5f6624e26dc147d200809e5bd7426c3a542df1f749b30a\"},{\"keyid\":\"31dd7c7290d664c9b88c0dead2697175293ea7df81b7f24153a37370fd3901c3\",\"sig\":\"6660cd30ec6534a216b676c2337a54a89d6a9f56e5ea0177ce007de105f87325a0597d479a5e4c23e0cda94fa82e1c07e12e848f4d56929ebc4edf012bc08408\"}]}','{\"signed\":{\"_type\":\"snapshot\",\"spec_version\":\"1.0\",\"version\":104,\"expires\":\"2026-11-10T15:40:40Z\",\"meta\":{\"targets.json\":{\"length\":22494,\"hashes\":{\"sha512\":\"9cb982a888ca4011b848f3c41419263e225d1836118ed577c3803f8e04569bc84c3b27297cde7badbac1af1f9c71e4b42c667358f9ddfc09eb3bea7309957e06\"},\"version\":93}}},\"signatures\":[{\"keyid\":\"07eb082f367c034a95878687f6648aa76d93652b6ee73e58817053d89af6c44f\",\"sig\":\"1649a05750356f8a1c5bf6244a5b61de4c1ecd835f022fd1819467e8f8c4a1978aba61931ac9c0244002ee30903aeff0804b8033a43fcc2969393d628a294d0c\"}]}','{\"signed\":{\"_type\":\"timestamp\",\"spec_version\":\"1.0\",\"version\":1043,\"expires\":\"2026-04-22T01:23:03Z\",\"meta\":{\"snapshot.json\":{\"length\":533,\"hashes\":{\"sha512\":\"beda8714f9e8c5cce3800d26ff2d51f526fb02e7d5923619dc345d892c8f8705eb461a6a931935e91ab84ec3187fe54101834cde49eff84d77f2811f6444069e\"},\"version\":104}}},\"signatures\":[{\"keyid\":\"9e41a9d62d94c6a1c8a304f62c5bd72d84a9f286f27e8327cedeacb09e5156cc\",\"sig\":\"d4bb974b946d439d70420c4ae4de50305b717e896a9dec7e655f1a28bd8e49f6b3c1f57758ad5c88aca0225cbd7ea9ac1b350c403eace8c2e6934d6d6d33da00\"}]}',NULL);

--
-- Table structure for table `joslx_ucm_base`
--

CREATE TABLE `joslx_ucm_base` (
  `ucm_id` int(10) unsigned NOT NULL,
  `ucm_item_id` int(11) NOT NULL,
  `ucm_type_id` int(11) NOT NULL,
  `ucm_language_id` int(11) NOT NULL,
  PRIMARY KEY (`ucm_id`),
  KEY `idx_ucm_item_id` (`ucm_item_id`),
  KEY `idx_ucm_type_id` (`ucm_type_id`),
  KEY `idx_ucm_language_id` (`ucm_language_id`)
) ENGINE=InnoDB DEFAULT CHARSET=utf8mb4 COLLATE=utf8mb4_unicode_ci;

--
-- Dumping data for table `joslx_ucm_base`
--


--
-- Table structure for table `joslx_ucm_content`
--

CREATE TABLE `joslx_ucm_content` (
  `core_content_id` int(10) unsigned NOT NULL AUTO_INCREMENT,
  `core_type_alias` varchar(400) NOT NULL DEFAULT '' COMMENT 'FK to the content types table',
  `core_title` varchar(400) NOT NULL DEFAULT '',
  `core_alias` varchar(400) CHARACTER SET utf8mb4 COLLATE utf8mb4_bin NOT NULL DEFAULT '',
  `core_body` mediumtext DEFAULT NULL,
  `core_state` tinyint(4) NOT NULL DEFAULT 0,
  `core_checked_out_time` datetime DEFAULT NULL,
  `core_checked_out_user_id` int(10) unsigned DEFAULT NULL,
  `core_access` int(10) unsigned NOT NULL DEFAULT 0,
  `core_params` text DEFAULT NULL,
  `core_featured` tinyint(3) unsigned NOT NULL DEFAULT 0,
  `core_metadata` varchar(2048) NOT NULL DEFAULT '' COMMENT 'JSON encoded metadata properties.',
  `core_created_user_id` int(10) unsigned NOT NULL DEFAULT 0,
  `core_created_by_alias` varchar(255) NOT NULL DEFAULT '',
  `core_created_time` datetime NOT NULL,
  `core_modified_user_id` int(10) unsigned NOT NULL DEFAULT 0 COMMENT 'Most recent user that modified',
  `core_modified_time` datetime NOT NULL,
  `core_language` char(7) NOT NULL DEFAULT '',
  `core_publish_up` datetime DEFAULT NULL,
  `core_publish_down` datetime DEFAULT NULL,
  `core_content_item_id` int(10) unsigned NOT NULL DEFAULT 0 COMMENT 'ID from the individual type table',
  `asset_id` int(10) unsigned NOT NULL DEFAULT 0 COMMENT 'FK to the #__assets table.',
  `core_images` text DEFAULT NULL,
  `core_urls` text DEFAULT NULL,
  `core_hits` int(10) unsigned NOT NULL DEFAULT 0,
  `core_version` int(10) unsigned NOT NULL DEFAULT 1,
  `core_ordering` int(11) NOT NULL DEFAULT 0,
  `core_metakey` text DEFAULT NULL,
  `core_metadesc` text DEFAULT NULL,
  `core_catid` int(10) unsigned NOT NULL DEFAULT 0,
  `core_type_id` int(10) unsigned NOT NULL DEFAULT 0,
  PRIMARY KEY (`core_content_id`),
  KEY `tag_idx` (`core_state`,`core_access`),
  KEY `idx_access` (`core_access`),
  KEY `idx_alias` (`core_alias`(100)),
  KEY `idx_language` (`core_language`),
  KEY `idx_title` (`core_title`(100)),
  KEY `idx_modified_time` (`core_modified_time`),
  KEY `idx_created_time` (`core_created_time`),
  KEY `idx_content_type` (`core_type_alias`(100)),
  KEY `idx_core_modified_user_id` (`core_modified_user_id`),
  KEY `idx_core_checked_out_user_id` (`core_checked_out_user_id`),
  KEY `idx_core_created_user_id` (`core_created_user_id`),
  KEY `idx_core_type_id` (`core_type_id`)
) ENGINE=InnoDB DEFAULT CHARSET=utf8mb4 COLLATE=utf8mb4_unicode_ci COMMENT='Contains core content data in name spaced fields';

--
-- Dumping data for table `joslx_ucm_content`
--


--
-- Table structure for table `joslx_update_sites`
--

CREATE TABLE `joslx_update_sites` (
  `update_site_id` int(11) NOT NULL AUTO_INCREMENT,
  `name` varchar(100) DEFAULT '',
  `type` varchar(20) DEFAULT '',
  `location` text NOT NULL,
  `enabled` int(11) DEFAULT 0,
  `last_check_timestamp` bigint(20) DEFAULT 0,
  `extra_query` varchar(1000) DEFAULT '',
  `checked_out` int(10) unsigned DEFAULT NULL,
  `checked_out_time` datetime DEFAULT NULL,
  PRIMARY KEY (`update_site_id`)
) ENGINE=InnoDB AUTO_INCREMENT=10 DEFAULT CHARSET=utf8mb4 COLLATE=utf8mb4_unicode_ci COMMENT='Update Sites';

--
-- Dumping data for table `joslx_update_sites`
--

INSERT INTO `joslx_update_sites` (`update_site_id`, `name`, `type`, `location`, `enabled`, `last_check_timestamp`, `extra_query`, `checked_out`, `checked_out_time`) VALUES (1,'Joomla! Core','tuf','https://update.joomla.org/cms/',1,1776663378,'',NULL,NULL),(2,'Accredited Joomla! Translations','collection','https://update.joomla.org/language/translationlist_5.xml',1,1776663378,'',NULL,NULL),(3,'Joomla! Update Component','extension','https://update.joomla.org/core/extensions/com_joomlaupdate.xml',1,1776663378,'',NULL,NULL),(4,'JCE Editor Package','extension','https://cdn.joomlacontenteditor.net/updates/xml/editor/pkg_jce_pro.xml',1,1776663378,'key=WFF54EA0A21B4F746B19CBD68EC50F9C8B',NULL,NULL),(5,'System - Helix Ultimate Framework','extension','https://www.joomshaper.com/updates/plg-system-helixultimate.xml',1,1776663379,'',NULL,NULL),(6,'','extension','http://update.joomlart.com/service/tracking/j31/Shape5_shape5_vertex_template.xml',1,1776663379,'',NULL,NULL),(7,'Regular Labs Library','extension','https://download.regularlabs.com/updates.xml?e=library&type=.xml',1,1776663379,'',NULL,NULL),(8,'Regular Labs - Cache Cleaner','extension','https://download.regularlabs.com/updates.xml?e=cachecleaner&type=.xml',1,1776663379,'',NULL,NULL),(9,'PLG_CONTENT_PHOCAOPENGRAPH','extension','https://raw.githubusercontent.com/PhocaCz/PhocaOpenGraphPlugin/master/manifest.xml',1,1776663379,'',NULL,NULL);

--
-- Table structure for table `joslx_update_sites_extensions`
--

CREATE TABLE `joslx_update_sites_extensions` (
  `update_site_id` int(11) NOT NULL DEFAULT 0,
  `extension_id` int(11) NOT NULL DEFAULT 0,
  PRIMARY KEY (`update_site_id`,`extension_id`)
) ENGINE=InnoDB DEFAULT CHARSET=utf8mb4 COLLATE=utf8mb4_unicode_ci COMMENT='Links extensions to update sites';

--
-- Dumping data for table `joslx_update_sites_extensions`
--

INSERT INTO `joslx_update_sites_extensions` (`update_site_id`, `extension_id`) VALUES (1,240),(2,241),(2,269),(3,24),(4,254),(5,256),(6,258),(7,261),(8,265),(9,270);

--
-- Table structure for table `joslx_updates`
--

CREATE TABLE `joslx_updates` (
  `update_id` int(11) NOT NULL AUTO_INCREMENT,
  `update_site_id` int(11) DEFAULT 0,
  `extension_id` int(11) DEFAULT 0,
  `name` varchar(100) DEFAULT '',
  `description` text NOT NULL,
  `element` varchar(100) DEFAULT '',
  `type` varchar(20) DEFAULT '',
  `folder` varchar(20) DEFAULT '',
  `client_id` tinyint(4) DEFAULT 0,
  `version` varchar(32) DEFAULT '',
  `data` text NOT NULL,
  `detailsurl` text NOT NULL,
  `infourl` text NOT NULL,
  `changelogurl` text DEFAULT NULL,
  `extra_query` varchar(1000) DEFAULT '',
  PRIMARY KEY (`update_id`)
) ENGINE=InnoDB AUTO_INCREMENT=59 DEFAULT CHARSET=utf8mb4 COLLATE=utf8mb4_unicode_ci COMMENT='Available Updates';

--
-- Dumping data for table `joslx_updates`
--

INSERT INTO `joslx_updates` (`update_id`, `update_site_id`, `extension_id`, `name`, `description`, `element`, `type`, `folder`, `client_id`, `version`, `data`, `detailsurl`, `infourl`, `changelogurl`, `extra_query`) VALUES (1,2,0,'Afrikaans','','pkg_af-ZA','package','',0,'5.4.3.1','','https://update.joomla.org/language/details5/af-ZA_details.xml','','',''),(2,2,0,'Arabic Unitag','','pkg_ar-AA','package','',0,'5.3.2.3','','https://update.joomla.org/language/details5/ar-AA_details.xml','','',''),(3,2,0,'Belarusian','','pkg_be-BY','package','',0,'5.4.0.1','','https://update.joomla.org/language/details5/be-BY_details.xml','','',''),(4,2,0,'Bulgarian','','pkg_bg-BG','package','',0,'5.3.1.4','','https://update.joomla.org/language/details5/bg-BG_details.xml','','',''),(5,2,0,'Catalan','','pkg_ca-ES','package','',0,'5.4.5.1','','https://update.joomla.org/language/details5/ca-ES_details.xml','','',''),(6,2,0,'Chinese, Simplified','','pkg_zh-CN','package','',0,'5.4.1.1','','https://update.joomla.org/language/details5/zh-CN_details.xml','','',''),(7,2,0,'Chinese, Traditional','','pkg_zh-TW','package','',0,'5.4.4.1','','https://update.joomla.org/language/details5/zh-TW_details.xml','','',''),(8,2,0,'Croatian','','pkg_hr-HR','package','',0,'5.4.3.1','','https://update.joomla.org/language/details5/hr-HR_details.xml','','',''),(9,2,0,'Czech','','pkg_cs-CZ','package','',0,'5.4.2.1','','https://update.joomla.org/language/details5/cs-CZ_details.xml','','',''),(10,2,0,'Danish','','pkg_da-DK','package','',0,'5.4.5.1','','https://update.joomla.org/language/details5/da-DK_details.xml','','',''),(11,2,0,'Dutch','','pkg_nl-NL','package','',0,'5.4.5.1','','https://update.joomla.org/language/details5/nl-NL_details.xml','','',''),(12,2,0,'English, Australia','','pkg_en-AU','package','',0,'5.3.0.1','','https://update.joomla.org/language/details5/en-AU_details.xml','','',''),(13,2,0,'English, Canada','','pkg_en-CA','package','',0,'5.4.2.1','','https://update.joomla.org/language/details5/en-CA_details.xml','','',''),(14,2,0,'English, New Zealand','','pkg_en-NZ','package','',0,'5.4.2.1','','https://update.joomla.org/language/details5/en-NZ_details.xml','','',''),(15,2,0,'English, USA','','pkg_en-US','package','',0,'5.4.2.1','','https://update.joomla.org/language/details5/en-US_details.xml','','',''),(16,2,0,'Estonian','','pkg_et-EE','package','',0,'5.4.3.1','','https://update.joomla.org/language/details5/et-EE_details.xml','','',''),(17,2,0,'Finnish','','pkg_fi-FI','package','',0,'5.4.4.1','','https://update.joomla.org/language/details5/fi-FI_details.xml','','',''),(18,2,0,'Flemish','','pkg_nl-BE','package','',0,'5.4.5.1','','https://update.joomla.org/language/details5/nl-BE_details.xml','','',''),(19,2,0,'French','','pkg_fr-FR','package','',0,'5.4.5.1','','https://update.joomla.org/language/details5/fr-FR_details.xml','','',''),(20,2,0,'French, Canada','','pkg_fr-CA','package','',0,'5.4.3.1','','https://update.joomla.org/language/details5/fr-CA_details.xml','','',''),(21,2,0,'Georgian','','pkg_ka-GE','package','',0,'5.4.5.1','','https://update.joomla.org/language/details5/ka-GE_details.xml','','',''),(22,2,0,'German','','pkg_de-DE','package','',0,'5.4.5.1','','https://update.joomla.org/language/details5/de-DE_details.xml','','',''),(23,2,0,'German, Austria','','pkg_de-AT','package','',0,'5.4.5.1','','https://update.joomla.org/language/details5/de-AT_details.xml','','',''),(24,2,0,'German, Liechtenstein','','pkg_de-LI','package','',0,'5.4.5.1','','https://update.joomla.org/language/details5/de-LI_details.xml','','',''),(25,2,0,'German, Luxembourg','','pkg_de-LU','package','',0,'5.4.5.1','','https://update.joomla.org/language/details5/de-LU_details.xml','','',''),(26,2,0,'German, Switzerland','','pkg_de-CH','package','',0,'5.4.5.1','','https://update.joomla.org/language/details5/de-CH_details.xml','','',''),(27,2,0,'Greek','','pkg_el-GR','package','',0,'5.4.4.1','','https://update.joomla.org/language/details5/el-GR_details.xml','','',''),(28,2,0,'Hungarian','','pkg_hu-HU','package','',0,'5.4.0.2','','https://update.joomla.org/language/details5/hu-HU_details.xml','','',''),(30,2,0,'Japanese','','pkg_ja-JP','package','',0,'5.4.5.1','','https://update.joomla.org/language/details5/ja-JP_details.xml','','',''),(31,2,0,'Kazakh','','pkg_kk-KZ','package','',0,'5.0.0.4','','https://update.joomla.org/language/details5/kk-KZ_details.xml','','',''),(32,2,0,'Korean','','pkg_ko-KR','package','',0,'5.0.2.1','','https://update.joomla.org/language/details5/ko-KR_details.xml','','',''),(33,2,0,'Laotian','','pkg_lo-LA','package','',0,'5.4.4.1','','https://update.joomla.org/language/details5/lo-LA_details.xml','','',''),(34,2,0,'Latvian','','pkg_lv-LV','package','',0,'5.4.3.1','','https://update.joomla.org/language/details5/lv-LV_details.xml','','',''),(35,2,0,'Lithuanian','','pkg_lt-LT','package','',0,'5.3.0.1','','https://update.joomla.org/language/details5/lt-LT_details.xml','','',''),(36,2,0,'Malay','','pkg_ms-MY','package','',0,'5.4.3.5','','https://update.joomla.org/language/details5/ms-MY_details.xml','','',''),(37,2,0,'Norwegian Bokmål','','pkg_nb-NO','package','',0,'5.4.3.1','','https://update.joomla.org/language/details5/nb-NO_details.xml','','',''),(38,2,0,'Pashto Afghanistan','','pkg_ps-AF','package','',0,'5.0.1.1','','https://update.joomla.org/language/details5/ps-AF_details.xml','','',''),(39,2,0,'Persian Farsi','','pkg_fa-IR','package','',0,'5.4.3.1','','https://update.joomla.org/language/details5/fa-IR_details.xml','','',''),(40,2,0,'Polish','','pkg_pl-PL','package','',0,'5.4.0.1','','https://update.joomla.org/language/details5/pl-PL_details.xml','','',''),(41,2,0,'Portuguese, Brazil','','pkg_pt-BR','package','',0,'5.4.4.1','','https://update.joomla.org/language/details5/pt-BR_details.xml','','',''),(42,2,0,'Portuguese, Portugal','','pkg_pt-PT','package','',0,'5.4.5.1','','https://update.joomla.org/language/details5/pt-PT_details.xml','','',''),(43,2,0,'Romanian','','pkg_ro-RO','package','',0,'5.4.0.1','','https://update.joomla.org/language/details5/ro-RO_details.xml','','',''),(44,2,0,'Russian','','pkg_ru-RU','package','',0,'5.4.1.1','','https://update.joomla.org/language/details5/ru-RU_details.xml','','',''),(45,2,0,'Serbian, Cyrillic','','pkg_sr-RS','package','',0,'5.4.5.1','','https://update.joomla.org/language/details5/sr-RS_details.xml','','',''),(46,2,0,'Serbian, Latin','','pkg_sr-YU','package','',0,'5.4.4.1','','https://update.joomla.org/language/details5/sr-YU_details.xml','','',''),(47,2,0,'Slovak','','pkg_sk-SK','package','',0,'5.4.5.1','','https://update.joomla.org/language/details5/sk-SK_details.xml','','',''),(48,2,0,'Slovenian','','pkg_sl-SI','package','',0,'5.4.5.1','','https://update.joomla.org/language/details5/sl-SI_details.xml','','',''),(49,2,0,'Spanish','','pkg_es-ES','package','',0,'5.4.5.1','','https://update.joomla.org/language/details5/es-ES_details.xml','','',''),(50,2,0,'Swedish','','pkg_sv-SE','package','',0,'5.4.4.1','','https://update.joomla.org/language/details5/sv-SE_details.xml','','',''),(51,2,0,'Tamil, India','','pkg_ta-IN','package','',0,'5.4.5.1','','https://update.joomla.org/language/details5/ta-IN_details.xml','','',''),(52,2,0,'Thai','','pkg_th-TH','package','',0,'5.4.0.1','','https://update.joomla.org/language/details5/th-TH_details.xml','','',''),(53,2,0,'Turkish','','pkg_tr-TR','package','',0,'5.4.5.1','','https://update.joomla.org/language/details5/tr-TR_details.xml','','',''),(54,2,0,'Ukrainian','','pkg_uk-UA','package','',0,'5.4.0.2','','https://update.joomla.org/language/details5/uk-UA_details.xml','','',''),(55,2,0,'Urdu, Pakistan','','pkg_ur-PK','package','',0,'5.1.2.1','','https://update.joomla.org/language/details5/ur-PK_details.xml','','',''),(56,2,0,'Welsh','','pkg_cy-GB','package','',0,'5.4.0.1','','https://update.joomla.org/language/details5/cy-GB_details.xml','','',''),(57,6,0,'S5 Vertex Template','','Shape5_shape5_vertex_template','template','',0,'3.0.8','','http://update.joomlart.com/service/tracking/j31/Shape5_shape5_vertex_template.xml','http://www.joomlart.com/update-steps',NULL,''),(58,7,0,'Regular Labs - Regular Labs Library','','pkg_library','package','',0,'21.8.0','','https://download.regularlabs.com/updates.xml?e=library&type=.xml','',NULL,'');

--
-- Table structure for table `joslx_user_mfa`
--

CREATE TABLE `joslx_user_mfa` (
  `id` int(11) NOT NULL AUTO_INCREMENT,
  `user_id` int(10) unsigned NOT NULL,
  `title` varchar(255) NOT NULL DEFAULT '',
  `method` varchar(100) NOT NULL,
  `default` tinyint(4) NOT NULL DEFAULT 0,
  `options` mediumtext NOT NULL,
  `created_on` datetime NOT NULL,
  `last_used` datetime DEFAULT NULL,
  `tries` int(11) NOT NULL DEFAULT 0,
  `last_try` datetime DEFAULT NULL,
  PRIMARY KEY (`id`),
  KEY `idx_user_id` (`user_id`)
) ENGINE=InnoDB DEFAULT CHARSET=utf8mb4 COLLATE=utf8mb4_unicode_ci COMMENT='Multi-factor Authentication settings';

--
-- Dumping data for table `joslx_user_mfa`
--


--
-- Table structure for table `joslx_user_notes`
--

CREATE TABLE `joslx_user_notes` (
  `id` int(10) unsigned NOT NULL AUTO_INCREMENT,
  `user_id` int(10) unsigned NOT NULL DEFAULT 0,
  `catid` int(10) unsigned NOT NULL DEFAULT 0,
  `subject` varchar(100) NOT NULL DEFAULT '',
  `body` text NOT NULL,
  `state` tinyint(4) NOT NULL DEFAULT 0,
  `checked_out` int(10) unsigned DEFAULT NULL,
  `checked_out_time` datetime DEFAULT NULL,
  `created_user_id` int(10) unsigned NOT NULL DEFAULT 0,
  `created_time` datetime NOT NULL,
  `modified_user_id` int(10) unsigned NOT NULL DEFAULT 0,
  `modified_time` datetime NOT NULL,
  `review_time` datetime DEFAULT NULL,
  `publish_up` datetime DEFAULT NULL,
  `publish_down` datetime DEFAULT NULL,
  PRIMARY KEY (`id`),
  KEY `idx_user_id` (`user_id`),
  KEY `idx_category_id` (`catid`)
) ENGINE=InnoDB DEFAULT CHARSET=utf8mb4 COLLATE=utf8mb4_unicode_ci;

--
-- Dumping data for table `joslx_user_notes`
--


--
-- Table structure for table `joslx_user_profiles`
--

CREATE TABLE `joslx_user_profiles` (
  `user_id` int(11) NOT NULL,
  `profile_key` varchar(100) NOT NULL,
  `profile_value` text NOT NULL,
  `ordering` int(11) NOT NULL DEFAULT 0,
  UNIQUE KEY `idx_user_id_profile_key` (`user_id`,`profile_key`)
) ENGINE=InnoDB DEFAULT CHARSET=utf8mb4 COLLATE=utf8mb4_unicode_ci COMMENT='Simple user profile storage table';

--
-- Dumping data for table `joslx_user_profiles`
--

INSERT INTO `joslx_user_profiles` (`user_id`, `profile_key`, `profile_value`, `ordering`) VALUES (523,'guidedtour.id.12','{\"state\":\"skipped\"}',0),(523,'guidedtour.id.13','{\"state\":\"completed\"}',0),(523,'guidedtour.id.14','{\"state\":\"completed\"}',0),(523,'joomlatoken.enabled','1',2),(523,'joomlatoken.token','/4pRcy1roZh3PZQdpncazYs7GaIDdJAiGkclsnqiT40=',1);

--
-- Table structure for table `joslx_user_usergroup_map`
--

CREATE TABLE `joslx_user_usergroup_map` (
  `user_id` int(10) unsigned NOT NULL DEFAULT 0 COMMENT 'Foreign Key to #__users.id',
  `group_id` int(10) unsigned NOT NULL DEFAULT 0 COMMENT 'Foreign Key to #__usergroups.id',
  PRIMARY KEY (`user_id`,`group_id`)
) ENGINE=InnoDB DEFAULT CHARSET=utf8mb4 COLLATE=utf8mb4_unicode_ci;

--
-- Dumping data for table `joslx_user_usergroup_map`
--

INSERT INTO `joslx_user_usergroup_map` (`user_id`, `group_id`) VALUES (523,8);

--
-- Table structure for table `joslx_usergroups`
--

CREATE TABLE `joslx_usergroups` (
  `id` int(10) unsigned NOT NULL AUTO_INCREMENT COMMENT 'Primary Key',
  `parent_id` int(10) unsigned NOT NULL DEFAULT 0 COMMENT 'Adjacency List Reference Id',
  `lft` int(11) NOT NULL DEFAULT 0 COMMENT 'Nested set lft.',
  `rgt` int(11) NOT NULL DEFAULT 0 COMMENT 'Nested set rgt.',
  `title` varchar(100) NOT NULL DEFAULT '',
  PRIMARY KEY (`id`),
  UNIQUE KEY `idx_usergroup_parent_title_lookup` (`parent_id`,`title`),
  KEY `idx_usergroup_title_lookup` (`title`),
  KEY `idx_usergroup_adjacency_lookup` (`parent_id`),
  KEY `idx_usergroup_nested_set_lookup` (`lft`,`rgt`) USING BTREE
) ENGINE=InnoDB AUTO_INCREMENT=10 DEFAULT CHARSET=utf8mb4 COLLATE=utf8mb4_unicode_ci;

--
-- Dumping data for table `joslx_usergroups`
--

INSERT INTO `joslx_usergroups` (`id`, `parent_id`, `lft`, `rgt`, `title`) VALUES (1,0,1,18,'Public'),(2,1,8,15,'Registered'),(3,2,9,14,'Author'),(4,3,10,13,'Editor'),(5,4,11,12,'Publisher'),(6,1,4,7,'Manager'),(7,6,5,6,'Administrator'),(8,1,16,17,'Super Users'),(9,1,2,3,'Guest');

--
-- Table structure for table `joslx_vertex_config`
--

CREATE TABLE `joslx_vertex_config` (
  `id` int(11) NOT NULL AUTO_INCREMENT,
  `config_name` varchar(250) DEFAULT NULL,
  `template` varchar(100) DEFAULT NULL,
  `publish` tinyint(3) DEFAULT 1,
  `params` longtext DEFAULT NULL,
  `version` float DEFAULT NULL,
  `updated_at` datetime DEFAULT NULL,
  `created_at` datetime NOT NULL,
  PRIMARY KEY (`id`)
) ENGINE=InnoDB AUTO_INCREMENT=2 DEFAULT CHARSET=latin1 COLLATE=latin1_swedish_ci;

--
-- Dumping data for table `joslx_vertex_config`
--

INSERT INTO `joslx_vertex_config` (`id`, `config_name`, `template`, `publish`, `params`, `version`, `updated_at`, `created_at`) VALUES (1,'Default shape5_vertex Config','shape5_vertex',1,'{\"vertexFramework\":{\"shape5_vertex - Default\":{\"s5_page_bg\":\"F0F0F0\",\"s5_shadow_color\":\"BDBDBD\",\"s5_highlight\":\"3872AD\",\"s5_fonts_highlight\":\"Oswald\",\"s5_facebook\":\"https:\\/\\/www.facebook.com\\/il.cattolico\",\"s5_twitter\":\"\",\"s5_google\":\"\",\"s5_linked_in\":\"\",\"s5_rss\":\"\",\"s5_logo_height\":\"191\",\"s5_logo_width\":\"1200\",\"s5_small_menu\":\"no\",\"s5_uppercase\":\"yes\",\"s5_font_resizer\":\"no\",\"s5_module_ft_size\":\"default\",\"s5_component_ft_size\":\"default\",\"s5_fonts\":\"Tauri\",\"s5_fstyle\":\"\",\"s5_bootstrap\":\"dark\",\"s5_fixed_fluid\":\"%\",\"s5_body_width\":\"94\",\"s5_max_body_width\":\"1300\",\"s5_columns_fixed_fluid\":\"px\",\"s5_left_width\":\"240\",\"s5_left_inset_width\":\"200\",\"s5_right_width\":\"238\",\"s5_right_inset_width\":\"220\",\"s5_responsive\":\"enabled\",\"s5_responsive_ie\":\"enabled\",\"s5_responsive_user_scalable\":\"enabled\",\"s5_responsive_mobile_hide\":\"#s5_top_row1_area1\",\"s5_responsive_center_single_column\":\"default\",\"s5_responsive_fluid_comibine_columns\":\"default\",\"s5_responsive_fluid_single_column\":\"default\",\"s5_responsive_column_increase\":\"enabled\",\"s5_responsive_columns_small_tablet\":\"default\",\"s5_responsive_row_widths_top_row_1\":\"default\",\"s5_responsive_row_widths_top_row_2\":\"default\",\"s5_responsive_row_widths_top_row_3\":\"default\",\"s5_responsive_row_widths_above_columns\":\"default\",\"s5_responsive_row_widths_middle_top\":\"default\",\"s5_responsive_row_widths_above_body\":\"default\",\"s5_responsive_row_widths_middle_bottom\":\"default\",\"s5_responsive_row_widths_below_body\":\"default\",\"s5_responsive_row_widths_below_columns\":\"default\",\"s5_responsive_row_widths_bottom_row_1\":\"default\",\"s5_responsive_row_widths_bottom_row_2\":\"default\",\"s5_responsive_row_widths_bottom_row_3\":\"default\",\"s5_responsive_mobile_layout\":\"sidebar\",\"s5_fonts_responsive_mobile_bar\":\"Oswald\",\"s5_fstyle_responsive_mobile_bar\":\"\",\"s5_responsive_mobile_bar_font_color\":\"FFFFFF\",\"s5_responsive_mobile_bar_style\":\"light\",\"s5_responsive_mobile_bar_static\":\"disabled\",\"s5_responsive_mobile_bar_start\":\"272727\",\"s5_responsive_mobile_bar_stop\":\"0B0B0B\",\"s5_responsive_mobile_bar_active_color\":\"73A0CF\",\"s5_responsive_mobile_bar_active\":\"enabled\",\"s5_responsive_mobile_bar_search\":\"disabled\",\"s5_responsive_mobile_bar_menu\":\"enabled\",\"s5_responsive_menu\":\"mainmenu\",\"s5_responsive_menu_language_switch\":\"enabled\",\"s5_responsive_menu_end_level\":\"10\",\"s5_responsive_mobile_bar_shadow_opacity\":\"0.6\",\"s5_responsive_mobile_sidebar_start\":\"414141\",\"s5_responsive_mobile_sidebar_stop\":\"414141\",\"s5_responsive_mobile_sidebar_input_bg\":\"303030\",\"s5_responsive_mobile_sidebar_menu_subs_bg\":\"2A2A2A\",\"s5_responsive_mobile_sidebar_section_border\":\"555555\",\"s5_responsive_mobile_sidebar_font_color\":\"FFFFFF\",\"s5_responsive_mobile_sidebar_inputbox_font_color\":\"666666\",\"s5_responsive_mobile_sidebar_inputbox_bg_color\":\"FFFFFF\",\"s5_responsive_mobile_sidebar_inputbox_border_color\":\"FFFFFF\",\"s5_responsive_mobile_sidebar_menu_auto_open\":\"open\",\"s5_responsive_mobile_links\":\"enabled\",\"s5_responsive_desktop_text\":\"Desktop Version\",\"s5_responsive_mobile_text\":\"Mobile Version\",\"s5_responsive_force_off_login\":\"on\",\"s5_responsive_force_off_register\":\"on\",\"s5_show_menu\":\"hide\",\"s5_menu_type\":\"mainmenu\",\"s5_menu_type_language_switch\":\"disabled\",\"s5_maxdepth\":\"10\",\"s5_duration\":\"1000\",\"s5_hide_delay\":\"500\",\"s5_opacity\":\"100\",\"s5_orientation\":\"horizontal\",\"s5_effect\":\"2\",\"s5_menu_onclick\":\"disabled\",\"s5_menudetach\":\"no\",\"s5_initialmenufloat\":\"\",\"s5_fmenufullwidth\":\"no\",\"s5_fmenufullwidthcenter\":\"no\",\"s5_menufloattop\":\"\",\"s5_fmenuslidein\":\"no\",\"s5_menumilliseconds\":\"\",\"s5_menufloat_bordersize\":\"\",\"s5_menufloat_bordercolor\":\"\",\"s5_menufloatbackstart\":\"\",\"s5_menufloatbackend\":\"\",\"s5_menuleftmargin\":\"\",\"s5_menuleftpadding\":\"\",\"s5_menurightmargin\":\"\",\"s5_menurightpadding\":\"\",\"s5_fmenuheight\":\"\",\"s5_menufloatbackgroundimage\":\"\",\"s5_menufloat_opacity\":\"\",\"s5_fmenudropshadowsize\":\"\",\"s5_fmenudropshadowopacity\":\"\",\"s5_top_row1_calculation\":\"automatic\",\"s5_top_row1_manual_widths\":\"automatic\",\"s5_top_row2_calculation\":\"automatic\",\"s5_top_row2_manual_widths\":\"automatic\",\"s5_top_row3_calculation\":\"automatic\",\"s5_top_row3_manual_widths\":\"automatic\",\"s5_above_columns_calculation\":\"automatic\",\"s5_above_columns_manual_widths\":\"automatic\",\"s5_middle_top_calculation\":\"automatic\",\"s5_middle_top_manual_widths\":\"automatic\",\"s5_above_body_calculation\":\"automatic\",\"s5_above_body_manual_widths\":\"automatic\",\"s5_middle_bottom_calculation\":\"automatic\",\"s5_middle_bottom_manual_widths\":\"automatic\",\"s5_below_body_calculation\":\"automatic\",\"s5_below_body_manual_widths\":\"automatic\",\"s5_below_columns_calculation\":\"automatic\",\"s5_below_columns_manual_widths\":\"automatic\",\"s5_bottom_row1_calculation\":\"automatic\",\"s5_bottom_row1_manual_widths\":\"automatic\",\"s5_bottom_row2_calculation\":\"automatic\",\"s5_bottom_row2_manual_widths\":\"automatic\",\"s5_bottom_row3_calculation\":\"automatic\",\"s5_bottom_row3_manual_widths\":\"automatic\",\"s5_drop_down_calculation\":\"automatic\",\"s5_drop_down_manual_widths\":\"automatic\",\"s5_compress_js\":\"no\",\"s5_compress_css\":\"no\",\"s5_compress_cache\":\"900\",\"s5_thirdparty\":\"enabled\",\"s5_font_awesome\":\"enabled\",\"s5_images_width\":\"\",\"s5_auto_height\":\"yes\",\"s5_max_width\":\"yes\",\"s5_seourl\":\"\",\"s5_additional_scripts1\":\"\",\"s5_additional_scripts2\":\"\",\"s5_ie6plugin\":\"yes\",\"s5_scrolltotop\":\"yes\",\"s5_login\":\"\",\"s5_loginout\":\"\",\"s5_register\":\"\",\"s5_login_url\":\"\",\"s5_register_url\":\"\",\"s5_multibox\":\"no\",\"s5_multioverlay\":\"no\",\"s5_multicontrols\":\"no\",\"s5_multimaxheight\":\"400\",\"s5_multimaxwidth\":\"600\",\"s5_multimovieheight\":\"300\",\"s5_multimoviewidth\":\"400\",\"s5_multitooltips\":\"true\",\"s5_multirollover\":\"true\",\"s5_info_slide\":\"yes\",\"s5_lazyload\":\"all\",\"s5_scroll_reveal\":\"no\",\"s5_tooltips\":\"no\",\"s5_resize_columns\":\"all\",\"s5_resize_columns_delay\":\"500\",\"s5_resize_columns_row_distribution\":\"yes\",\"s5_lr_tab_border\":\"838383\",\"s5_lr_tab_color\":\"777f9d\",\"s5_lr_tab_font\":\"323232\",\"s5_lr_tab1_text\":\"\",\"s5_lr_tab1_vp\":\"30\",\"s5_lr_tab1_height\":\"100\",\"s5_lr_tab1_class\":\"\",\"s5_lr_tab1_click\":\"\",\"s5_lr_tab1_left_right\":\"right\",\"s5_lr_tab2_text\":\"\",\"s5_lr_tab2_vp\":\"30\",\"s5_lr_tab2_height\":\"100\",\"s5_lr_tab2_class\":\"\",\"s5_lr_tab2_click\":\"\",\"s5_lr_tab2_left_right\":\"right\",\"s5_drop_down_overlay\":\"overlay\",\"s5_drop_down_width\":\"full\",\"s5_drop_down_button_open_text\":\"Open Panel\",\"s5_drop_down_button_close_text\":\"Close Panel\",\"s5_drop_down_button_width\":\"124\",\"s5_drop_down_button_height\":\"26\",\"s5_drop_down_button_text_color\":\"1E1E1E\",\"s5_drop_down_button_text_hover_color\":\"666666\",\"s5_drop_down_button_text_size\":\"9\",\"s5_drop_down_button_text_weight\":\"bold\",\"s5_drop_down_button_gradient_start\":\"FFFFFF\",\"s5_drop_down_button_gradient_stop\":\"E5E5E5\",\"s5_drop_down_button_border_size\":\"1\",\"s5_drop_down_button_border_color\":\"999999\",\"s5_drop_down_button_radius_size\":\"8\",\"s5_drop_down_button_shadow\":\"show\",\"s5_drop_down_button_shadow_size\":\"8\",\"s5_drop_down_button_shadow_opacity\":\"0.1\",\"s5_drop_down_button_position\":\"center\",\"s5_drop_down_background\":\"FFFFFF\",\"s5_drop_down_background_opacity\":\"1\",\"s5_drop_down_border_size\":\"2\",\"s5_drop_down_border_color\":\"999999\",\"s5_drop_down_shadow\":\"show\",\"s5_drop_down_shadow_size\":\"8\",\"s5_drop_down_shadow_opacity\":\"0.1\",\"s5_body_background\":\"no\",\"s5_body_background_color\":\"FFFFFF\",\"s5_body_background_image\":\"\",\"s5_body_background_image_repeat\":\"repeat\",\"s5_body_background_image_position\":\"top center\",\"s5_body_background_image_size\":\"none\",\"s5_body_background_image_custom\":\"\",\"s5_body_background_image_attachment\":\"scroll\",\"s5_parallax_speed\":\"8\",\"s5_top_row1_area1_background\":\"no\",\"s5_top_row1_area1_background_color\":\"FFFFFF\",\"s5_top_row1_area1_background_image\":\"\",\"s5_top_row1_area1_background_image_repeat\":\"no-repeat\",\"s5_top_row1_area1_background_image_position\":\"top center\",\"s5_top_row1_area1_background_image_size\":\"100% auto\",\"s5_top_row1_area1_background_image_size_custom\":\"\",\"s5_top_row1_area1_background_image_attachment\":\"scroll\",\"s5_top_row1_area1_background_parallax\":\"no\",\"s5_top_row1_area2_background\":\"no\",\"s5_top_row1_area2_background_color\":\"FFFFFF\",\"s5_top_row1_area2_background_image\":\"\",\"s5_top_row1_area2_background_image_repeat\":\"no-repeat\",\"s5_top_row1_area2_background_image_position\":\"top center\",\"s5_top_row1_area2_background_image_size\":\"100% auto\",\"s5_top_row1_area2_background_image_size_custom\":\"\",\"s5_top_row1_area2_background_image_attachment\":\"scroll\",\"s5_top_row1_area2_background_parallax\":\"no\",\"s5_top_row2_area1_background\":\"no\",\"s5_top_row2_area1_background_color\":\"FFFFFF\",\"s5_top_row2_area1_background_image\":\"\",\"s5_top_row2_area1_background_image_repeat\":\"no-repeat\",\"s5_top_row2_area1_background_image_position\":\"top center\",\"s5_top_row2_area1_background_image_size\":\"100% auto\",\"s5_top_row2_area1_background_image_size_custom\":\"\",\"s5_top_row2_area1_background_image_attachment\":\"scroll\",\"s5_top_row2_area1_background_parallax\":\"no\",\"s5_top_row2_area2_background\":\"no\",\"s5_top_row2_area2_background_color\":\"FFFFFF\",\"s5_top_row2_area2_background_image\":\"\",\"s5_top_row2_area2_background_image_repeat\":\"no-repeat\",\"s5_top_row2_area2_background_image_position\":\"top center\",\"s5_top_row2_area2_background_image_size\":\"100% auto\",\"s5_top_row2_area2_background_image_size_custom\":\"\",\"s5_top_row2_area2_background_image_attachment\":\"scroll\",\"s5_top_row2_area2_background_parallax\":\"no\",\"s5_top_row3_area1_background\":\"no\",\"s5_top_row3_area1_background_color\":\"FFFFFF\",\"s5_top_row3_area1_background_image\":\"\",\"s5_top_row3_area1_background_image_repeat\":\"no-repeat\",\"s5_top_row3_area1_background_image_position\":\"top center\",\"s5_top_row3_area1_background_image_size\":\"100% auto\",\"s5_top_row3_area1_background_image_size_custom\":\"\",\"s5_top_row3_area1_background_image_attachment\":\"scroll\",\"s5_top_row3_area1_background_parallax\":\"no\",\"s5_top_row3_area2_background\":\"no\",\"s5_top_row3_area2_background_color\":\"FFFFFF\",\"s5_top_row3_area2_background_image\":\"\",\"s5_top_row3_area2_background_image_repeat\":\"no-repeat\",\"s5_top_row3_area2_background_image_position\":\"top center\",\"s5_top_row3_area2_background_image_size\":\"100% auto\",\"s5_top_row3_area2_background_image_size_custom\":\"\",\"s5_top_row3_area2_background_image_attachment\":\"scroll\",\"s5_top_row3_area2_background_parallax\":\"no\",\"s5_center_area1_background\":\"no\",\"s5_center_area1_background_color\":\"FFFFFF\",\"s5_center_area1_background_image\":\"\",\"s5_center_area1_background_image_repeat\":\"no-repeat\",\"s5_center_area1_background_image_position\":\"top center\",\"s5_center_area1_background_image_size\":\"100% auto\",\"s5_center_area1_background_image_size_custom\":\"\",\"s5_center_area1_background_image_attachment\":\"scroll\",\"s5_center_area1_background_parallax\":\"no\",\"s5_center_area2_background\":\"no\",\"s5_center_area2_background_color\":\"FFFFFF\",\"s5_center_area2_background_image\":\"\",\"s5_center_area2_background_image_repeat\":\"no-repeat\",\"s5_center_area2_background_image_position\":\"top center\",\"s5_center_area2_background_image_size\":\"100% auto\",\"s5_center_area2_background_image_size_custom\":\"\",\"s5_center_area2_background_image_attachment\":\"scroll\",\"s5_center_area2_background_parallax\":\"no\",\"s5_above_columns_wrap1_background\":\"no\",\"s5_above_columns_wrap1_background_color\":\"FFFFFF\",\"s5_above_columns_wrap1_background_image\":\"\",\"s5_above_columns_wrap1_background_image_repeat\":\"no-repeat\",\"s5_above_columns_wrap1_background_image_position\":\"top center\",\"s5_above_columns_wrap1_background_image_size\":\"100% auto\",\"s5_above_columns_wrap1_background_image_size_custom\":\"\",\"s5_above_columns_wrap1_background_image_attachment\":\"scroll\",\"s5_above_columns_wrap1_background_parallax\":\"no\",\"s5_above_columns_wrap2_background\":\"no\",\"s5_above_columns_wrap2_background_color\":\"FFFFFF\",\"s5_above_columns_wrap2_background_image\":\"\",\"s5_above_columns_wrap2_background_image_repeat\":\"no-repeat\",\"s5_above_columns_wrap2_background_image_position\":\"top center\",\"s5_above_columns_wrap2_background_image_size\":\"100% auto\",\"s5_above_columns_wrap2_background_image_size_custom\":\"\",\"s5_above_columns_wrap2_background_image_attachment\":\"scroll\",\"s5_above_columns_wrap2_background_parallax\":\"no\",\"s5_columns_wrap_background\":\"no\",\"s5_columns_wrap_background_color\":\"FFFFFF\",\"s5_columns_wrap_background_image\":\"\",\"s5_columns_wrap_background_image_repeat\":\"no-repeat\",\"s5_columns_wrap_background_image_position\":\"top center\",\"s5_columns_wrap_background_image_size\":\"100% auto\",\"s5_columns_wrap_background_image_size_custom\":\"\",\"s5_columns_wrap_background_image_attachment\":\"scroll\",\"s5_columns_wrap_background_parallax\":\"no\",\"s5_columns_wrap_inner_background\":\"no\",\"s5_columns_wrap_inner_background_color\":\"FFFFFF\",\"s5_columns_wrap_inner_background_image\":\"\",\"s5_columns_wrap_inner_background_image_repeat\":\"no-repeat\",\"s5_columns_wrap_inner_background_image_position\":\"top center\",\"s5_columns_wrap_inner_background_image_size\":\"100% auto\",\"s5_columns_wrap_inner_background_image_size_custom\":\"\",\"s5_columns_wrap_inner_background_image_attachment\":\"scroll\",\"s5_columns_wrap_inner_background_parallax\":\"no\",\"s5_below_columns_wrap1_background\":\"no\",\"s5_below_columns_wrap1_background_color\":\"FFFFFF\",\"s5_below_columns_wrap1_background_image\":\"\",\"s5_below_columns_wrap1_background_image_repeat\":\"no-repeat\",\"s5_below_columns_wrap1_background_image_position\":\"top center\",\"s5_below_columns_wrap1_background_image_size\":\"100% auto\",\"s5_below_columns_wrap1_background_image_size_custom\":\"\",\"s5_below_columns_wrap1_background_image_attachment\":\"scroll\",\"s5_below_columns_wrap1_background_parallax\":\"no\",\"s5_below_columns_wrap2_background\":\"no\",\"s5_below_columns_wrap2_background_color\":\"FFFFFF\",\"s5_below_columns_wrap2_background_image\":\"\",\"s5_below_columns_wrap2_background_image_repeat\":\"no-repeat\",\"s5_below_columns_wrap2_background_image_position\":\"top center\",\"s5_below_columns_wrap2_background_image_size\":\"100% auto\",\"s5_below_columns_wrap2_background_image_size_custom\":\"\",\"s5_below_columns_wrap2_background_image_attachment\":\"scroll\",\"s5_below_columns_wrap2_background_parallax\":\"no\",\"s5_bottom_row1_area1_background\":\"no\",\"s5_bottom_row1_area1_background_color\":\"FFFFFF\",\"s5_bottom_row1_area1_background_image\":\"\",\"s5_bottom_row1_area1_background_image_repeat\":\"no-repeat\",\"s5_bottom_row1_area1_background_image_position\":\"top center\",\"s5_bottom_row1_area1_background_image_size\":\"100% auto\",\"s5_bottom_row1_area1_background_image_size_custom\":\"\",\"s5_bottom_row1_area1_background_image_attachment\":\"scroll\",\"s5_bottom_row1_area1_background_parallax\":\"no\",\"s5_bottom_row1_area2_background\":\"no\",\"s5_bottom_row1_area2_background_color\":\"FFFFFF\",\"s5_bottom_row1_area2_background_image\":\"\",\"s5_bottom_row1_area2_background_image_repeat\":\"no-repeat\",\"s5_bottom_row1_area2_background_image_position\":\"top center\",\"s5_bottom_row1_area2_background_image_size\":\"100% auto\",\"s5_bottom_row1_area2_background_image_size_custom\":\"\",\"s5_bottom_row1_area2_background_image_attachment\":\"scroll\",\"s5_bottom_row1_area2_background_parallax\":\"no\",\"s5_bottom_row2_area1_background\":\"no\",\"s5_bottom_row2_area1_background_color\":\"FFFFFF\",\"s5_bottom_row2_area1_background_image\":\"\",\"s5_bottom_row2_area1_background_image_repeat\":\"no-repeat\",\"s5_bottom_row2_area1_background_image_position\":\"top center\",\"s5_bottom_row2_area1_background_image_size\":\"100% auto\",\"s5_bottom_row2_area1_background_image_size_custom\":\"\",\"s5_bottom_row2_area1_background_image_attachment\":\"scroll\",\"s5_bottom_row2_area1_background_parallax\":\"no\",\"s5_bottom_row2_area2_background\":\"no\",\"s5_bottom_row2_area2_background_color\":\"FFFFFF\",\"s5_bottom_row2_area2_background_image\":\"\",\"s5_bottom_row2_area2_background_image_repeat\":\"no-repeat\",\"s5_bottom_row2_area2_background_image_position\":\"top center\",\"s5_bottom_row2_area2_background_image_size\":\"100% auto\",\"s5_bottom_row2_area2_background_image_size_custom\":\"\",\"s5_bottom_row2_area2_background_image_attachment\":\"scroll\",\"s5_bottom_row2_area2_background_parallax\":\"no\",\"s5_bottom_row3_area1_background\":\"no\",\"s5_bottom_row3_area1_background_color\":\"FFFFFF\",\"s5_bottom_row3_area1_background_image\":\"\",\"s5_bottom_row3_area1_background_image_repeat\":\"no-repeat\",\"s5_bottom_row3_area1_background_image_position\":\"top center\",\"s5_bottom_row3_area1_background_image_size\":\"100% auto\",\"s5_bottom_row3_area1_background_image_size_custom\":\"\",\"s5_bottom_row3_area1_background_image_attachment\":\"scroll\",\"s5_bottom_row3_area1_background_parallax\":\"no\",\"s5_bottom_row3_area2_background\":\"no\",\"s5_bottom_row3_area2_background_color\":\"FFFFFF\",\"s5_bottom_row3_area2_background_image\":\"\",\"s5_bottom_row3_area2_background_image_repeat\":\"no-repeat\",\"s5_bottom_row3_area2_background_image_position\":\"top center\",\"s5_bottom_row3_area2_background_image_size\":\"100% auto\",\"s5_bottom_row3_area2_background_image_size_custom\":\"\",\"s5_bottom_row3_area2_background_image_attachment\":\"scroll\",\"s5_bottom_row3_area2_background_parallax\":\"no\",\"s5_login_lang\":\"\",\"s5_loginout_lang\":\"\",\"s5_register_lang\":\"\",\"s5_responsive_desktop_text_lang\":\"\",\"s5_responsive_mobile_text_lang\":\"\",\"s5_drop_down_button_open_text_lang\":\"\",\"s5_drop_down_button_close_text_lang\":\"\",\"s5_lr_tab1_text_lang\":\"\",\"s5_lr_tab2_text_lang\":\"\",\"s5_parent_menu_ft_size\":\"default\",\"s5_sub_menu_ft_size\":\"default\",\"s5_responsive_mobile_bar_trigger\":\"750\",\"s5_responsive_mobile_sidebar_large_width\":\"400\",\"s5_responsive_mobile_bar_position\":\"disabled\",\"s5_ionicons\":\"disabled\",\"s5_responsive_tablet_hide\":\"\",\"s5_hide_component_items\":[\"\"],\"s5_favicon\":\"images\\/favicon.png#joomlaImage:\\/\\/local-images\\/favicon.png?width=120&height=120\",\"s5_additional_scripts3\":\"\"}}}',1,'2025-01-20 20:02:48','2025-01-20 18:02:43');

--
-- Table structure for table `joslx_viewlevels`
--

CREATE TABLE `joslx_viewlevels` (
  `id` int(10) unsigned NOT NULL AUTO_INCREMENT COMMENT 'Primary Key',
  `title` varchar(100) NOT NULL DEFAULT '',
  `ordering` int(11) NOT NULL DEFAULT 0,
  `rules` varchar(5120) NOT NULL COMMENT 'JSON encoded access control.',
  PRIMARY KEY (`id`),
  UNIQUE KEY `idx_assetgroup_title_lookup` (`title`)
) ENGINE=InnoDB AUTO_INCREMENT=7 DEFAULT CHARSET=utf8mb4 COLLATE=utf8mb4_unicode_ci;

--
-- Dumping data for table `joslx_viewlevels`
--

INSERT INTO `joslx_viewlevels` (`id`, `title`, `ordering`, `rules`) VALUES (1,'Public',0,'[1]'),(2,'Registered',2,'[6,2,8]'),(3,'Special',3,'[6,3,8]'),(5,'Guest',1,'[9]'),(6,'Super Users',4,'[8]');

--
-- Table structure for table `joslx_wf_profiles`
--

CREATE TABLE `joslx_wf_profiles` (
  `id` int(11) NOT NULL AUTO_INCREMENT,
  `name` varchar(255) NOT NULL,
  `description` text NOT NULL,
  `users` text NOT NULL,
  `types` text NOT NULL,
  `components` text NOT NULL,
  `area` tinyint(3) NOT NULL,
  `device` varchar(255) NOT NULL,
  `rows` text NOT NULL,
  `plugins` text NOT NULL,
  `published` tinyint(3) NOT NULL,
  `ordering` int(11) NOT NULL,
  `checked_out` int(10) unsigned DEFAULT NULL,
  `checked_out_time` datetime DEFAULT NULL,
  `params` text NOT NULL,
  PRIMARY KEY (`id`)
) ENGINE=InnoDB AUTO_INCREMENT=6 DEFAULT CHARSET=utf8mb3 COLLATE=utf8mb3_general_ci;

--
-- Dumping data for table `joslx_wf_profiles`
--

INSERT INTO `joslx_wf_profiles` (`id`, `name`, `description`, `users`, `types`, `components`, `area`, `device`, `rows`, `plugins`, `published`, `ordering`, `checked_out`, `checked_out_time`, `params`) VALUES (1,'Default','Default Profile for all users','0','6,7,3,4,5,8','',0,'phone,tablet,desktop','help,newdocument,undo,redo,spacer,bold,italic,underline,strikethrough,justifyfull,justifycenter,justifyleft,justifyright,spacer,blockquote,formatselect,styleselect,removeformat,cleanup;fontselect,fontsizeselect,fontcolor,spacer,clipboard,indent,outdent,lists,sub,sup,textcase,charmap,hr;directionality,fullscreen,print,searchreplace,spacer,table,style,attributes;visualaid,visualchars,visualblocks,nonbreaking,anchor,unlink,link,imgmanager_ext,mediamanager,filemanager,templatemanager,caption,microdata,textpattern,columns,spellchecker,article','formatselect,styleselect,cleanup,fontselect,fontsizeselect,fontcolor,clipboard,lists,textcase,charmap,hr,directionality,fullscreen,print,searchreplace,table,style,attributes,visualchars,visualblocks,nonbreaking,anchor,link,imgmanager_ext,mediamanager,filemanager,templatemanager,caption,microdata,textpattern,columns,spellchecker,article,spellchecker,article,browser,contextmenu,media,preview,source',1,1,NULL,NULL,'{\"editor\":{\"toolbar_theme\":\"modern\",\"max_size\":\"10000\"},\"setup\":{\"custom\":\"\"}}'),(2,'Front End','Sample Front-end Profile','','3,4,5','',1,'desktop,tablet,phone','help,newdocument,undo,redo,spacer,bold,italic,underline,strikethrough,justifyfull,justifycenter,justifyleft,justifyright,spacer,formatselect,styleselect;clipboard,searchreplace,indent,outdent,lists,cleanup,charmap,removeformat,hr,sub,sup,textcase,nonbreaking,visualchars,visualblocks;fullscreen,print,visualaid,style,attributes,anchor,unlink,link,imgmanager,spellchecker,article','charmap,contextmenu,help,clipboard,searchreplace,fullscreen,preview,print,style,textcase,nonbreaking,visualchars,visualblocks,attributes,imgmanager,anchor,link,spellchecker,article,lists,formatselect,styleselect,hr',0,2,NULL,NULL,'{\"editor\":{\"toolbar_theme\":\"modern\"}}'),(3,'Blogger','Simple Blogging Profile','','3,4,5,6,8,7','',0,'desktop,tablet,phone','bold,italic,strikethrough,lists,blockquote,spacer,justifyleft,justifycenter,justifyright,spacer,link,unlink,imgmanager,article,spellchecker,fullscreen,kitchensink;formatselect,styleselect,underline,justifyfull,clipboard,removeformat,charmap,indent,outdent,undo,redo,help','link,imgmanager,article,spellchecker,fullscreen,kitchensink,clipboard,contextmenu,lists,formatselect,styleselect,textpattern',0,3,NULL,NULL,'{\"editor\":{\"toolbar_theme\":\"modern\"}}'),(4,'Mobile','Sample Mobile Profile','','3,4,5,6,8,7','',0,'tablet,phone','undo,redo,spacer,bold,italic,underline,formatselect,spacer,justifyleft,justifycenter,justifyfull,justifyright,spacer,fullscreen,kitchensink;styleselect,lists,spellchecker,article,link,unlink','fullscreen,kitchensink,spellchecker,article,link,lists,formatselect,styleselect,textpattern',0,4,NULL,NULL,'{\"editor\":{\"toolbar_theme\":\"modern.touch\",\"resizing\":\"0\",\"resize_horizontal\":\"0\",\"resizing_use_cookie\":\"0\",\"links\":{\"popups\":{\"default\":\"\",\"jcemediabox\":{\"enable\":\"0\"},\"window\":{\"enable\":\"0\"}}}}}'),(5,'Markdown','Sample Markdown Profile','','6,7,3,4,5,8','',0,'desktop,tablet,phone','fullscreen,justifyleft,justifycenter,justifyfull,justifyright,link,unlink,imgmanager,styleselect','fullscreen,link,imgmanager,styleselect,media,textpattern',0,5,NULL,NULL,'{\"editor\":{\"toolbar_theme\":\"modern\"}}');

--
-- Table structure for table `joslx_workflow_associations`
--

CREATE TABLE `joslx_workflow_associations` (
  `item_id` int(11) NOT NULL DEFAULT 0 COMMENT 'Extension table id value',
  `stage_id` int(11) NOT NULL COMMENT 'Foreign Key to #__workflow_stages.id',
  `extension` varchar(50) NOT NULL,
  PRIMARY KEY (`item_id`,`extension`),
  KEY `idx_item_stage_extension` (`item_id`,`stage_id`,`extension`),
  KEY `idx_item_id` (`item_id`),
  KEY `idx_stage_id` (`stage_id`),
  KEY `idx_extension` (`extension`)
) ENGINE=InnoDB DEFAULT CHARSET=utf8mb4 COLLATE=utf8mb4_unicode_ci;

--
-- Dumping data for table `joslx_workflow_associations`
--

INSERT INTO `joslx_workflow_associations` (`item_id`, `stage_id`, `extension`) VALUES (1,1,'com_content.article'),(2,1,'com_content.article'),(3,1,'com_content.article'),(4,1,'com_content.article'),(5,1,'com_content.article'),(6,1,'com_content.article'),(7,1,'com_content.article'),(8,1,'com_content.article'),(9,1,'com_content.article'),(10,1,'com_content.article'),(11,1,'com_content.article'),(12,1,'com_content.article'),(13,1,'com_content.article'),(14,1,'com_content.article'),(15,1,'com_content.article'),(16,1,'com_content.article'),(17,1,'com_content.article'),(18,1,'com_content.article'),(19,1,'com_content.article'),(20,1,'com_content.article'),(21,1,'com_content.article'),(22,1,'com_content.article'),(23,1,'com_content.article'),(24,1,'com_content.article'),(25,1,'com_content.article'),(26,1,'com_content.article'),(27,1,'com_content.article'),(28,1,'com_content.article'),(29,1,'com_content.article'),(30,1,'com_content.article'),(31,1,'com_content.article'),(32,1,'com_content.article'),(33,1,'com_content.article'),(34,1,'com_content.article'),(35,1,'com_content.article'),(36,1,'com_content.article'),(37,1,'com_content.article'),(38,1,'com_content.article'),(39,1,'com_content.article'),(40,1,'com_content.article'),(41,1,'com_content.article'),(42,1,'com_content.article'),(43,1,'com_content.article'),(44,1,'com_content.article'),(45,1,'com_content.article'),(46,1,'com_content.article'),(47,1,'com_content.article'),(48,1,'com_content.article'),(49,1,'com_content.article'),(50,1,'com_content.article'),(51,1,'com_content.article'),(52,1,'com_content.article'),(53,1,'com_content.article'),(54,1,'com_content.article'),(55,1,'com_content.article'),(56,1,'com_content.article'),(57,1,'com_content.article'),(58,1,'com_content.article'),(59,1,'com_content.article'),(60,1,'com_content.article'),(61,1,'com_content.article');

--
-- Table structure for table `joslx_workflow_stages`
--

CREATE TABLE `joslx_workflow_stages` (
  `id` int(11) NOT NULL AUTO_INCREMENT,
  `asset_id` int(11) DEFAULT 0,
  `ordering` int(11) NOT NULL DEFAULT 0,
  `workflow_id` int(11) NOT NULL,
  `published` tinyint(4) NOT NULL DEFAULT 0,
  `title` varchar(255) NOT NULL,
  `description` text NOT NULL,
  `default` tinyint(4) NOT NULL DEFAULT 0,
  `checked_out_time` datetime DEFAULT NULL,
  `checked_out` int(10) unsigned DEFAULT NULL,
  PRIMARY KEY (`id`),
  KEY `idx_workflow_id` (`workflow_id`),
  KEY `idx_checked_out` (`checked_out`),
  KEY `idx_title` (`title`(191)),
  KEY `idx_asset_id` (`asset_id`),
  KEY `idx_default` (`default`)
) ENGINE=InnoDB AUTO_INCREMENT=2 DEFAULT CHARSET=utf8mb4 COLLATE=utf8mb4_unicode_ci;

--
-- Dumping data for table `joslx_workflow_stages`
--

INSERT INTO `joslx_workflow_stages` (`id`, `asset_id`, `ordering`, `workflow_id`, `published`, `title`, `description`, `default`, `checked_out_time`, `checked_out`) VALUES (1,57,1,1,1,'COM_WORKFLOW_BASIC_STAGE','',1,NULL,NULL);

--
-- Table structure for table `joslx_workflow_transitions`
--

CREATE TABLE `joslx_workflow_transitions` (
  `id` int(11) NOT NULL AUTO_INCREMENT,
  `asset_id` int(11) DEFAULT 0,
  `ordering` int(11) NOT NULL DEFAULT 0,
  `workflow_id` int(11) NOT NULL,
  `published` tinyint(4) NOT NULL DEFAULT 0,
  `title` varchar(255) NOT NULL,
  `description` text NOT NULL,
  `from_stage_id` int(11) NOT NULL,
  `to_stage_id` int(11) NOT NULL,
  `options` text NOT NULL,
  `checked_out_time` datetime DEFAULT NULL,
  `checked_out` int(10) unsigned DEFAULT NULL,
  PRIMARY KEY (`id`),
  KEY `idx_title` (`title`(191)),
  KEY `idx_asset_id` (`asset_id`),
  KEY `idx_checked_out` (`checked_out`),
  KEY `idx_from_stage_id` (`from_stage_id`),
  KEY `idx_to_stage_id` (`to_stage_id`),
  KEY `idx_workflow_id` (`workflow_id`)
) ENGINE=InnoDB AUTO_INCREMENT=8 DEFAULT CHARSET=utf8mb4 COLLATE=utf8mb4_unicode_ci;

--
-- Dumping data for table `joslx_workflow_transitions`
--

INSERT INTO `joslx_workflow_transitions` (`id`, `asset_id`, `ordering`, `workflow_id`, `published`, `title`, `description`, `from_stage_id`, `to_stage_id`, `options`, `checked_out_time`, `checked_out`) VALUES (1,58,1,1,1,'UNPUBLISH','',-1,1,'{\"publishing\":\"0\"}',NULL,NULL),(2,59,2,1,1,'PUBLISH','',-1,1,'{\"publishing\":\"1\"}',NULL,NULL),(3,60,3,1,1,'TRASH','',-1,1,'{\"publishing\":\"-2\"}',NULL,NULL),(4,61,4,1,1,'ARCHIVE','',-1,1,'{\"publishing\":\"2\"}',NULL,NULL),(5,62,5,1,1,'FEATURE','',-1,1,'{\"featuring\":\"1\"}',NULL,NULL),(6,63,6,1,1,'UNFEATURE','',-1,1,'{\"featuring\":\"0\"}',NULL,NULL),(7,64,7,1,1,'PUBLISH_AND_FEATURE','',-1,1,'{\"publishing\":\"1\",\"featuring\":\"1\"}',NULL,NULL);

--
-- Table structure for table `joslx_workflows`
--

CREATE TABLE `joslx_workflows` (
  `id` int(11) NOT NULL AUTO_INCREMENT,
  `asset_id` int(11) DEFAULT 0,
  `published` tinyint(4) NOT NULL DEFAULT 0,
  `title` varchar(255) NOT NULL,
  `description` text NOT NULL,
  `extension` varchar(50) NOT NULL,
  `default` tinyint(4) NOT NULL DEFAULT 0,
  `ordering` int(11) NOT NULL DEFAULT 0,
  `created` datetime NOT NULL,
  `created_by` int(11) NOT NULL DEFAULT 0,
  `modified` datetime NOT NULL,
  `modified_by` int(11) NOT NULL DEFAULT 0,
  `checked_out_time` datetime DEFAULT NULL,
  `checked_out` int(10) unsigned DEFAULT NULL,
  PRIMARY KEY (`id`),
  KEY `idx_asset_id` (`asset_id`),
  KEY `idx_title` (`title`(191)),
  KEY `idx_extension` (`extension`),
  KEY `idx_default` (`default`),
  KEY `idx_created` (`created`),
  KEY `idx_created_by` (`created_by`),
  KEY `idx_modified` (`modified`),
  KEY `idx_modified_by` (`modified_by`),
  KEY `idx_checked_out` (`checked_out`)
) ENGINE=InnoDB AUTO_INCREMENT=2 DEFAULT CHARSET=utf8mb4 COLLATE=utf8mb4_unicode_ci;

--
-- Dumping data for table `joslx_workflows`
--

INSERT INTO `joslx_workflows` (`id`, `asset_id`, `published`, `title`, `description`, `extension`, `default`, `ordering`, `created`, `created_by`, `modified`, `modified_by`, `checked_out_time`, `checked_out`) VALUES (1,56,1,'COM_WORKFLOW_BASIC_WORKFLOW','','com_content.article',1,1,'2024-12-29 07:20:43',523,'2024-12-29 07:20:43',523,NULL,NULL);

--
-- Dumping events for database 'personaboezio_joom951'
--

--
-- Dumping routines for database 'personaboezio_joom951'
--


